{"id":8179,"date":"2024-05-19T22:29:27","date_gmt":"2024-05-19T22:29:27","guid":{"rendered":"https:\/\/hubertpietka.bialystok.pl\/?page_id=8179"},"modified":"2024-05-19T22:53:18","modified_gmt":"2024-05-19T22:53:18","slug":"ohyda-to-co-oni-czynia","status":"publish","type":"page","link":"https:\/\/hubertpietka.bialystok.pl\/?page_id=8179","title":{"rendered":"Ohyda \/ to co oni czyni\u0105"},"content":{"rendered":"\n<p>1.<br>S\u0105 tacy<br>Kt\u00f3rych istot\u0105 chyba istnienia<br>Jest z\u0142a innym czynienie<\/p>\n\n\n\n<p>I zawsze znajd\u0105 usprawiedliwienie sobie<br>Oni przecie\u017c jako w\u0142adza<br>Wszystko i mog\u0105<br>Zw\u0142aszcza wobec tych kt\u00f3rzy jako\u015b<br>Nie pasuj\u0105 im za bardzo<\/p>\n\n\n\n<p>Oni do tego maj\u0105 prawo<br>A spr\u00f3buj ty przeciwnie<br>Tak samo wobec nich<br>Nawet broni\u0105c si\u0119 tylko<br>Jaka afera wtedy<br>Im wszystko wolno<br>A tobie prawie nic<\/p>\n\n\n\n<p>2.<br>Zawsze dylemat podstawowy i wsz\u0119dzie<br>Czy w domu i czy w drodze<br>I gdziekolwiek wreszcie<br>Pi\u0119kna elita ma odpowiednio<br>Przywita\u0107 zawita\u0107 napa\u015b\u0107 zatrzyma\u0107<br>Im wolno wszystko przecie\u017c<br>I tym kt\u00f3rzy wed\u0142ug nich<br>I to wsz\u0119dzie i zawsze<\/p>\n\n\n\n<p>Podobnie dylemat niegasn\u0105cy<br>Komu i jak zechc\u0105 akurat<br>Z\u0142o jakie\u015b uczyni\u0107<br>\u0141\u0105cznie ze \u015bmierci\u0105 zniszczeniem<br>Jak tym razem uderz\u0105<br>I w kogo co nasze<\/p>\n\n\n\n<p>3.<br>Istot\u0105 istnienie ich chyba<br>Z\u0142o kt\u00f3re chc\u0105<br>Nam naszemu i naszym czyni\u0107<\/p>\n\n\n\n<p>Ju\u017c nie czy ale jak<br>Zabi\u0107 zechc\u0105 \u017con\u0119 zwierz\u0119ta bliskich<br>I mnie te\u017c cho\u0107 udaj\u0105 \u017ce nie<br>Jaki wypadek przypadkowy niby<br>Ma si\u0119 im przys\u0142u\u017cy\u0107<br>W tym czy tamtym<\/p>\n\n\n\n<p>Ju\u017c nie czy przyjd\u0105 zatrzymaj\u0105 czy napadn\u0105<br>Tylko kiedy i jacy<\/p>\n\n\n\n<p>Tak to si\u0119 spe\u0142niaj\u0105 oni<br>I im podobni<br>Wed\u0142ug tyrani w\u0142adzy w z\u0142u<br>Dla nas naszego i naszych<\/p>\n\n\n\n<p>4.<br>Przyzna\u0107 te\u017c trzeba<br>\u017be to jest perspektywa<br>Zapewne bardzo zach\u0119caj\u0105ca<br>Raczej dla nich a nie dla nas<br>A ty powiniene\u015b przecie\u017c<br>Tryska\u0107 wobec tego optymizmem i niegasn\u0105c\u0105 energi\u0105<br>Pomijaj\u0105c nawet nas podtruwanie<br>I inne tam zreszt\u0105 takie<br>Drobiazgi mniejsze czy wi\u0119ksze<br>Kt\u00f3re maj\u0105 nam szkodzi\u0107 tak\u017ce<br>Ewentualnie nas zochydza\u0107 kompromitowa\u0107<br>To te\u017c lubi\u0105<\/p>\n\n\n\n<p>I tak na ka\u017cdym kroku<br>Ci <strong>pieprzeni pieprzem<\/strong><br>Robi\u0105 wszystko by nas<br>Nasze i naszych zniszczy\u0107 wyko\u0144czy\u0107<br>Ale poza tym<br>Ma by\u0107 przecie\u017c fajnie<\/p>\n\n\n\n<p>Ech z nimi<br>I im podobnymi ohydnie post\u0119puj\u0105cymi<\/p>\n\n\n\n<p>A i ale<br>Przecie\u017c ich trzeba tylko chwali\u0107<br>I im kadzi\u0107<br>I bro\u0144 Bo\u017ce si\u0119 sprzeciwia\u0107<br>Oni przecie\u017c mog\u0105 czyni\u0107 z\u0142o<br>Jakie zreszt\u0105 tylko chc\u0105<\/p>\n\n\n\n<figure class=\"wp-block-image size-large\"><a href=\"https:\/\/hubertpietka.bialystok.pl\/wp-content\/uploads\/2024\/05\/IMG-20240519-WA0002.jpg\"><img loading=\"lazy\" decoding=\"async\" width=\"768\" height=\"1024\" src=\"https:\/\/hubertpietka.bialystok.pl\/wp-content\/uploads\/2024\/05\/IMG-20240519-WA0002-768x1024.jpg\" alt=\"\" class=\"wp-image-8180\" srcset=\"https:\/\/hubertpietka.bialystok.pl\/wp-content\/uploads\/2024\/05\/IMG-20240519-WA0002-768x1024.jpg 768w, https:\/\/hubertpietka.bialystok.pl\/wp-content\/uploads\/2024\/05\/IMG-20240519-WA0002-225x300.jpg 225w, https:\/\/hubertpietka.bialystok.pl\/wp-content\/uploads\/2024\/05\/IMG-20240519-WA0002-1152x1536.jpg 1152w, https:\/\/hubertpietka.bialystok.pl\/wp-content\/uploads\/2024\/05\/IMG-20240519-WA0002.jpg 1200w\" sizes=\"auto, (max-width: 768px) 100vw, 768px\" \/><\/a><\/figure>\n\n\n\n<p><em>Na zdj. Modlitwa<br>Czasem tylko to jeszcze<br>Przy si\u0142ach trzyma<br>Wobec takiej nier\u00f3wnej hegemoni<br>Z\u0142a kt\u00f3re ma nam przypa\u015b\u0107<br>I spa\u015b\u0107 na nas<br>Wed\u0142ug jedynie s\u0142usznej ideologii<br>Niszczenia wszelkiego dobra<br>Kt\u00f3re nie s\u0142u\u017cy im<\/em><\/p>\n\n\n\n<p><strong><em><a href=\"https:\/\/youtu.be\/OmG0jOJQZfQ?si=0zl_EGLN_5C9WLe_\">Lady Pank &#8211; A to ohyda<\/a><\/em><\/strong><\/p>\n\n\n\n<p><strong><em><a href=\"https:\/\/youtu.be\/Xsl8RgDpQzU?si=F02d84KgAniDsNLJ\">Lady Pank &#8211; Zabij to<\/a><\/em><\/strong><\/p>\n","protected":false},"excerpt":{"rendered":"<p>1.S\u0105 tacyKt\u00f3rych istot\u0105 chyba istnieniaJest z\u0142a innym czynienie I zawsze znajd\u0105 usprawiedliwienie sobieOni przecie\u017c jako w\u0142adzaWszystko i mog\u0105Zw\u0142aszcza wobec tych kt\u00f3rzy jako\u015bNie pasuj\u0105 im za&hellip; <\/p>\n","protected":false},"author":1,"featured_media":0,"parent":0,"menu_order":0,"comment_status":"closed","ping_status":"closed","template":"","meta":{"footnotes":""},"class_list":["post-8179","page","type-page","status-publish","hentry"],"_links":{"self":[{"href":"https:\/\/hubertpietka.bialystok.pl\/index.php?rest_route=\/wp\/v2\/pages\/8179","targetHints":{"allow":["GET"]}}],"collection":[{"href":"https:\/\/hubertpietka.bialystok.pl\/index.php?rest_route=\/wp\/v2\/pages"}],"about":[{"href":"https:\/\/hubertpietka.bialystok.pl\/index.php?rest_route=\/wp\/v2\/types\/page"}],"author":[{"embeddable":true,"href":"https:\/\/hubertpietka.bialystok.pl\/index.php?rest_route=\/wp\/v2\/users\/1"}],"replies":[{"embeddable":true,"href":"https:\/\/hubertpietka.bialystok.pl\/index.php?rest_route=%2Fwp%2Fv2%2Fcomments&post=8179"}],"version-history":[{"count":2,"href":"https:\/\/hubertpietka.bialystok.pl\/index.php?rest_route=\/wp\/v2\/pages\/8179\/revisions"}],"predecessor-version":[{"id":8183,"href":"https:\/\/hubertpietka.bialystok.pl\/index.php?rest_route=\/wp\/v2\/pages\/8179\/revisions\/8183"}],"wp:attachment":[{"href":"https:\/\/hubertpietka.bialystok.pl\/index.php?rest_route=%2Fwp%2Fv2%2Fmedia&parent=8179"}],"curies":[{"name":"wp","href":"https:\/\/api.w.org\/{rel}","templated":true}]}}