{"id":818,"date":"2017-10-24T21:17:12","date_gmt":"2017-10-24T21:17:12","guid":{"rendered":"http:\/\/hubertpietka.bialystok.pl\/?page_id=818"},"modified":"2017-10-24T21:27:44","modified_gmt":"2017-10-24T21:27:44","slug":"list-do-brata","status":"publish","type":"page","link":"https:\/\/hubertpietka.bialystok.pl\/?page_id=818","title":{"rendered":"List do brata"},"content":{"rendered":"<p><strong>List do brata<\/strong><\/p>\n<p><em>\u015ani\u0142em\u2026 Co? Nic\u2026<\/em><\/p>\n<p>&nbsp;<\/p>\n<p><strong>Prolog<\/strong><\/p>\n<p>bracie pisz\u0119 do Ciebie wiersz<\/p>\n<p>chyba pierwszy<\/p>\n<p>nie wiem czy ostatni<\/p>\n<p>&nbsp;<\/p>\n<p>wiesz bracie<\/p>\n<p>wyobrazi\u0142em sobie \u017ce<\/p>\n<p>ale to nie mo\u017cliwe<\/p>\n<p>wyobrazi\u0142em sobie \u017ce<\/p>\n<p>kto\u015b czyta w moich my\u015blach<\/p>\n<p>o nie<\/p>\n<p>&nbsp;<\/p>\n<p>wiesz bracie<\/p>\n<p>my\u015bla\u0142em<\/p>\n<p>e sobie my\u015bl\u0119<\/p>\n<p>\u017ce mo\u017ce krzywdz\u0119 ci\u0119<\/p>\n<p>albo \u017ce kto\u015b skrzywdzi\u0142 mnie<\/p>\n<p>czy ja skrzywdzi\u0142em ci\u0119<\/p>\n<p>si\u0119<\/p>\n<p>&nbsp;<\/p>\n<p>ci\u0105gle my\u015bl\u0119<\/p>\n<p>i nie wiem<\/p>\n<p>czy z tym poradz\u0119 sobie<\/p>\n<p>ale dzi\u0119kuj\u0119<\/p>\n<p>\u017ce jeste\u015b<\/p>\n<p>&nbsp;<\/p>\n<p><strong>I<\/strong><\/p>\n<p><strong>Zniewolone my\u015bli<\/strong><\/p>\n<p>&nbsp;<\/p>\n<p>wiesz bracie<\/p>\n<p>ci\u0105gle bij\u0119 si\u0119<\/p>\n<p>z my\u015blami<\/p>\n<p>walka to<\/p>\n<p>na \u015bmier\u0107 i \u017cycie<\/p>\n<p>&nbsp;<\/p>\n<p>wiesz<\/p>\n<p>czuj\u0119 si\u0119 dziwnie<\/p>\n<p>jakbym pisa\u0142 taki ma\u0142y<\/p>\n<p>raport<\/p>\n<p>z obl\u0119\u017conego ja<\/p>\n<p>ale przecie\u017c<\/p>\n<p>to nie jest mo\u017cliwe<\/p>\n<p>bo to<\/p>\n<p>nie mo\u017ce by\u0107 tak<\/p>\n<p>&nbsp;<\/p>\n<p>wydawa\u0142o mi si\u0119<\/p>\n<p>jeszcze w moim \u015bnie<\/p>\n<p>\u017ce pozbawiono mnie<\/p>\n<p>obrony<\/p>\n<p>&nbsp;<\/p>\n<p>i tylko bierny op\u00f3r<\/p>\n<p>mog\u0119 \u015bwiadczy\u0107<\/p>\n<p>bierny<\/p>\n<p>op\u00f3r<\/p>\n<p>stupor stuk k\u00f3\u0142<\/p>\n<p>negatywizm bierny<\/p>\n<p>&nbsp;<\/p>\n<p>ale przecie\u017c<\/p>\n<p>jest te\u017c<\/p>\n<p>pozytywizm czynny<\/p>\n<p>bij\u0119 si\u0119<\/p>\n<p>bracie<\/p>\n<p>z my\u015blami<\/p>\n<p>&nbsp;<\/p>\n<p>wiesz jeszcze<\/p>\n<p>poczu\u0142em z drugiej strony<\/p>\n<p>serca dna<\/p>\n<p>\u017ce ok\u0142amuj\u0105 mnie<\/p>\n<p>i \u017ce przek\u0142amuj\u0105 mnie<\/p>\n<p>steki k\u0142amstw<\/p>\n<p>i setki p\u00f3\u0142prawd<\/p>\n<p>bracie<\/p>\n<p>ale to tylko<\/p>\n<p>sen<\/p>\n<p>&nbsp;<\/p>\n<p>potem by\u0142 horror<\/p>\n<p>gdzie\u015b po drugiej<\/p>\n<p>stronie snu<\/p>\n<p>\u017ce czyhaj\u0105<\/p>\n<p>na b\u0142\u0105d<\/p>\n<p>\u017ce<\/p>\n<p>na po\u015blizg jaki\u015b<\/p>\n<p>bacz\u0105<\/p>\n<p>czu\u0142em sw\u0105d<\/p>\n<p>pal\u0105cego si\u0119 cia\u0142a<\/p>\n<p>papierosa<\/p>\n<p>&nbsp;<\/p>\n<p>i jeszcze<\/p>\n<p>m\u00f3j kochany bracie<\/p>\n<p>o nie<\/p>\n<p>wydawa\u0142o mi si\u0119<\/p>\n<p>o nie<\/p>\n<p>to niemo\u017cliwe<\/p>\n<p>\u017ce wa\u017c\u0105<\/p>\n<p>mierz\u0105<\/p>\n<p>sprawdzaj\u0105<\/p>\n<p>litery w moich<\/p>\n<p>s\u0142owach<\/p>\n<p>czy jaka\u015b nie jest<\/p>\n<p>postawiona odwrotnie<\/p>\n<p>czy jakiej\u015b<\/p>\n<p>nie pomin\u0105\u0142em<\/p>\n<p>&nbsp;<\/p>\n<p>wiatr za\u015b wietrzy\u0142<\/p>\n<p>we \u015bnie o nie<\/p>\n<p>we mnie podst\u0119p<\/p>\n<p>w ka\u017cdym moim kroku<\/p>\n<p>&nbsp;<\/p>\n<p>bracie o nie<\/p>\n<p>przecie\u017c ja tylko trzcina<\/p>\n<p>nad\u0142amana jestem<\/p>\n<p>we \u015bnie<\/p>\n<p>nie z\u0142ami\u0105 mnie<\/p>\n<p>&nbsp;<\/p>\n<p>i ta trzcina senna<\/p>\n<p>mia\u0142a by\u0107 zdeptana<\/p>\n<p>odrzucona<\/p>\n<p>wszystkiego pozbawiona<\/p>\n<p>zgn\u0119biona<\/p>\n<p>samotno\u015bci\u0105<\/p>\n<p>i brakiem<\/p>\n<p>mi\u0142o\u015bci<\/p>\n<p>&nbsp;<\/p>\n<p>o nie<\/p>\n<p>&nbsp;<\/p>\n<p><strong>II<\/strong><\/p>\n<p><strong>Wiara i wola dobra<\/strong><\/p>\n<p>&nbsp;<\/p>\n<p>dalej bracie<\/p>\n<p>\u015bni\u0142em na jawie<\/p>\n<p>czy we \u015bnie<\/p>\n<p>sam ju\u017c nie wiem<\/p>\n<p>\u017ce pozbawiono mnie<\/p>\n<p>jakiejkolwiek<\/p>\n<p>obrony<\/p>\n<p>o nie<\/p>\n<p>&nbsp;<\/p>\n<p>ale ja<\/p>\n<p>nie podda\u0142em si\u0119<\/p>\n<p>my\u015bla\u0142em<\/p>\n<p>nie z\u0142ami\u0105 trzciny<\/p>\n<p>nad\u0142amanej<\/p>\n<p>nie zgasz\u0105 tlej\u0105cego si\u0119<\/p>\n<p>ledwie p\u0142omyka<\/p>\n<p>oni nie<\/p>\n<p>B\u00f3g je\u015bli jest<\/p>\n<p>te\u017c nie<\/p>\n<p>nie wiem ju\u017c<\/p>\n<p>jak by\u0142o w moim \u015bnie<\/p>\n<p>&nbsp;<\/p>\n<p>my\u015bla\u0142em<\/p>\n<p>i ba\u0142em si\u0119<\/p>\n<p>ale przecie\u017c wiara<\/p>\n<p>ja przecie\u017c wierz\u0119<\/p>\n<p>uspokoi\u0142em si\u0119<\/p>\n<p>\u017ce B\u00f3g<\/p>\n<p>kocha mnie<\/p>\n<p>i \u017ce ufam Mu<\/p>\n<p>\u017ce przecie\u017c<\/p>\n<p>za \u017cycia<\/p>\n<p>nie str\u0105ci do piek\u0142a<\/p>\n<p>mnie<\/p>\n<p>cho\u0107 ma tak\u0105<\/p>\n<p>w\u0142adz\u0119<\/p>\n<p>&nbsp;<\/p>\n<p>ba\u0142em si\u0119<\/p>\n<p>w tym \u015bnie<\/p>\n<p>\u017ce mnie zniszcz\u0105<\/p>\n<p>zabij\u0105<\/p>\n<p>wszystko zabior\u0105<\/p>\n<p>wtedy B\u00f3g przypomnia\u0142 mi si\u0119<\/p>\n<p>\u017ce nawet je\u015bli<\/p>\n<p>o nie<\/p>\n<p>to duszy mi zabra\u0107<\/p>\n<p>nie mog\u0105<\/p>\n<p>o nie<\/p>\n<p>nawet we \u015bnie<\/p>\n<p>&nbsp;<\/p>\n<p>wola i wiara<\/p>\n<p>dwie do pary<\/p>\n<p>w tym \u015bnie<\/p>\n<p>mnie prowadzi\u0142y<\/p>\n<p>&nbsp;<\/p>\n<p><strong>III<\/strong><\/p>\n<p><strong>Uczucia i rozum<\/strong><\/p>\n<p>&nbsp;<\/p>\n<p>bracie my\u015bla\u0142em sobie<\/p>\n<p>\u017ce przecie\u017c<\/p>\n<p>z\u0142o dobrem zwyci\u0119\u017cysz<\/p>\n<p>w tym \u015bnie<\/p>\n<p>jaka by\u0142a<\/p>\n<p>rzeczywisto\u015b\u0107<\/p>\n<p>ka\u017cdy wie<\/p>\n<p>ale ja nie wiem nie<\/p>\n<p>wiem tylko<\/p>\n<p>co by\u0142o we \u015bnie<\/p>\n<p>&nbsp;<\/p>\n<p>my\u015bla\u0142em<\/p>\n<p>bezmiar z\u0142a<\/p>\n<p>manipulacje<\/p>\n<p>prowokacje<\/p>\n<p>nie zwyci\u0119\u017c\u0105<\/p>\n<p>prawdy<\/p>\n<p>&nbsp;<\/p>\n<p>chyba naiwny bracie<\/p>\n<p>by\u0142em w mym \u015bnie<\/p>\n<p>sam ocenisz<\/p>\n<p>to lepiej<\/p>\n<p>&nbsp;<\/p>\n<p>we \u015bnie potem<\/p>\n<p>napotka\u0142em d\u00f3\u0142<\/p>\n<p>g\u0142\u0119boki<\/p>\n<p>i kto\u015b w nim by\u0142<\/p>\n<p>kto\u015b do niego wpad\u0142<\/p>\n<p>okaza\u0142o si\u0119 potem<\/p>\n<p>\u017ce to ten<\/p>\n<p>kt\u00f3ry ten d\u00f3\u0142 wykopa\u0142<\/p>\n<p>sam si\u0119 w b\u0142ocie<\/p>\n<p>sk\u0105pa\u0142<\/p>\n<p>&nbsp;<\/p>\n<p>ale to tylko sen<\/p>\n<p>nie realne \u017cycie<\/p>\n<p>\u017cycie jak wiadomo<\/p>\n<p>jest bardziej<\/p>\n<p>prostolinijne<\/p>\n<p>&nbsp;<\/p>\n<p>i mniej uczu\u0107 ma<\/p>\n<p>ni\u017c senna mara<\/p>\n<p>&nbsp;<\/p>\n<p>m\u00f3j koszmar<\/p>\n<p>senny jednak si\u0119<\/p>\n<p>nie ko\u0144czy\u0142<\/p>\n<p>dop\u00f3ki<\/p>\n<p>nie odczyta\u0142em<\/p>\n<p>\u015bwiadectwa swego<\/p>\n<p>wtedy zasn\u0105\u0142em<\/p>\n<p>ju\u017c spokojny<\/p>\n<p>&nbsp;<\/p>\n<p><strong>IV<\/strong><\/p>\n<p><strong>Wsp\u00f3lnota<\/strong><\/p>\n<p>&nbsp;<\/p>\n<p>p\u00f3\u017aniej bracie<\/p>\n<p>przebudzenie<\/p>\n<p>i refleksja<\/p>\n<p>jak ol\u015bnienie<\/p>\n<p>\u017ce nawet je\u015bli<\/p>\n<p>w tym \u015bnie<\/p>\n<p>zabraliby mnie<\/p>\n<p>to duszy<\/p>\n<p>chyba nie<\/p>\n<p>chocia\u017c nie wiadomo<\/p>\n<p>r\u00f3\u017cnie bywa<\/p>\n<p>we \u015bnie<\/p>\n<p>&nbsp;<\/p>\n<p>i nast\u0105pi\u0142 \u015bwit<\/p>\n<p>jasny<\/p>\n<p>obudzi\u0142em si\u0119<\/p>\n<p>sk\u0105pany w pocie<\/p>\n<p>ale szcz\u0119\u015bliwy<\/p>\n<p>\u017ce z\u0142y sen si\u0119 sko\u0144czy\u0142<\/p>\n<p>&nbsp;<\/p>\n<p>i przypomnia\u0142em<\/p>\n<p>\u017ce przecie\u017c<\/p>\n<p>ty jeste\u015b bracie<\/p>\n<p>i mog\u0119 napisa\u0107 do ciebie<\/p>\n<p>niczym taka jaka\u015b terapia<\/p>\n<p>&nbsp;<\/p>\n<p>dobrze \u017ce<\/p>\n<p>jeste\u015b<\/p>\n<p>gdzie\u017cbym poszed\u0142<\/p>\n<p>po takim \u015bnie<\/p>\n<p>szuka\u0107 pocieszenia<\/p>\n<p>tylko u cz\u0142owieka<\/p>\n<p>bliskiego<\/p>\n<p>u brata<\/p>\n<p>u rodziny<\/p>\n<p>ludzkiej<\/p>\n<p>ostoi<\/p>\n<p>biednej<\/p>\n<p>ch\u0142opczyny<\/p>\n<p>&nbsp;<\/p>\n<p><strong>V<\/strong><\/p>\n<p><strong>Ideowo\u015b\u0107 walki o wolno\u015b\u0107<\/strong><\/p>\n<p>&nbsp;<\/p>\n<p>sen si\u0119 zako\u0144czy\u0142<\/p>\n<p>lecz o dziwo<\/p>\n<p>mia\u0142em wra\u017cenie<\/p>\n<p>\u017ce mordercza<\/p>\n<p>walka<\/p>\n<p>dalej trwa<\/p>\n<p>takie z\u0142udzenie<\/p>\n<p>zm\u0119czonego snem<\/p>\n<p>cz\u0142owieka<\/p>\n<p>&nbsp;<\/p>\n<p>my\u015bla\u0142em<\/p>\n<p>chodzi o jedno<\/p>\n<p>o jedno chodzi<\/p>\n<p>ale o co<\/p>\n<p>mo\u017ce kto\u015b pomo\u017ce<\/p>\n<p>odpowiedzie\u0107<\/p>\n<p>o co chodzi<\/p>\n<p>mojemu snowi<\/p>\n<p>&nbsp;<\/p>\n<p>jednak<\/p>\n<p>o jedno<\/p>\n<p>czy sen si\u0119<\/p>\n<p>przemieni<\/p>\n<p>w now\u0105 wiktori\u0119<\/p>\n<p>dobrych<\/p>\n<p>wspomnie\u0144<\/p>\n<p>&nbsp;<\/p>\n<p>o jedno<\/p>\n<p>by ju\u017c nie by\u0142o<\/p>\n<p>sn\u00f3w takich<\/p>\n<p>wybacz bracie<\/p>\n<p>refleksje te<\/p>\n<p>nad snu wymiarem<\/p>\n<p>&nbsp;<\/p>\n<p>czy sen<\/p>\n<p>mo\u017ce si\u0119<\/p>\n<p>przemieni\u0107<\/p>\n<p>jak nie \u015bni\u0107<\/p>\n<p>z\u0142ych sn\u00f3w<\/p>\n<p>jak si\u0119<\/p>\n<p>odci\u0105\u0107 od nich<\/p>\n<p>&nbsp;<\/p>\n<p>jak zrobi\u0107<\/p>\n<p>by ju\u017c si\u0119<\/p>\n<p>z\u0142y sen nie \u015bni\u0142<\/p>\n<p>jak odci\u0105\u0107 si\u0119<\/p>\n<p>od swoich sn\u00f3w<\/p>\n<p>czy kto\u015b kiedy\u015b<\/p>\n<p>to sprawi\u0142<\/p>\n<p>&nbsp;<\/p>\n<p>&nbsp;<\/p>\n<p><strong>VI<\/strong><\/p>\n<p><strong>\u015awiata celowo\u015b\u0107 <\/strong><\/p>\n<p>&nbsp;<\/p>\n<p>potem pomy\u015bla\u0142em sobie bracie<\/p>\n<p>to znaczy tak mi si\u0119 tylko wyda\u0142o<\/p>\n<p>\u017ce sen m\u00f3j uratuje muzyka<\/p>\n<p>kt\u00f3rej b\u0119d\u0119 s\u0142ucha\u0142 noc ca\u0142\u0105<\/p>\n<p>a potem<\/p>\n<p>o nie<\/p>\n<p>znowu zasn\u0119<\/p>\n<p>lecz p\u00f3ki co<\/p>\n<p>warto pos\u0142ucha\u0107<\/p>\n<p>melodii do ucha<\/p>\n<p>&nbsp;<\/p>\n<p>pomy\u015bla\u0142em potem<\/p>\n<p>nie po\u0142o\u017c\u0119 si\u0119<\/p>\n<p>wstan\u0119<\/p>\n<p>zaczn\u0119 biega\u0107 czy co\u015b<\/p>\n<p>mo\u017ce z kolegami<\/p>\n<p>lub z tob\u0105<\/p>\n<p>w pi\u0142k\u0119 zagram<\/p>\n<p>&nbsp;<\/p>\n<p>wiesz bracie<\/p>\n<p>chcia\u0142bym jak kiedy\u015b<\/p>\n<p>tylko w pi\u0142k\u0119<\/p>\n<p>ca\u0142y dzie\u0144 gra\u0107<\/p>\n<p>i z tob\u0105<\/p>\n<p>moj\u0105 muzyk\u0105<\/p>\n<p>si\u0119 obdarowywa\u0107<\/p>\n<p>&nbsp;<\/p>\n<p><strong>VII Dobra si\u0142a<\/strong><\/p>\n<p>&nbsp;<\/p>\n<p>i co ja mam robi\u0107<\/p>\n<p>bracie m\u00f3j mi\u0142y<\/p>\n<p>kiedy na sen<\/p>\n<p>ja ju\u017c nie mam si\u0142y<\/p>\n<p>&nbsp;<\/p>\n<p>nie uciekn\u0119 bo dok\u0105d<\/p>\n<p>\u015bwiat dalej b\u0119dzie si\u0119 toczy\u0142<\/p>\n<p>&nbsp;<\/p>\n<p>ma sw\u0105 praprzyczyn\u0119 sen<\/p>\n<p>ma i zako\u0144czenie<\/p>\n<p>lecz kto odgadnie jakie<\/p>\n<p>kiedy \u015bwit bieleje<\/p>\n<p>a on o tym nie wie<\/p>\n<p>&nbsp;<\/p>\n<p>bracie<\/p>\n<p>jak my\u015blisz<\/p>\n<p>czy we \u015bnie moim<\/p>\n<p>by\u0142 B\u00f3g<\/p>\n<p>czy On ko\u0142o mnie stoi<\/p>\n<p>ja jestem pewien<\/p>\n<p>cho\u0107 to tylko sen<\/p>\n<p>\u017ce On nigdy nie opuszcza mnie<\/p>\n<p>&nbsp;<\/p>\n<p>wi\u0119cej ci powiem bracie<\/p>\n<p>ja wiem ze On<\/p>\n<p>dopuszcza takie sny<\/p>\n<p>po to bym m\u00f3g\u0142 ci<\/p>\n<p>opowiedzie\u0107 o nim bracie<\/p>\n<p>&nbsp;<\/p>\n<p>wybacz<\/p>\n<p>troch\u0119 si\u0119 rozgada\u0142em<\/p>\n<p>c\u00f3\u017c ju\u017c czas<\/p>\n<p>ko\u0144czy\u0107 m\u00f3j list<\/p>\n<p>i<\/p>\n<p>i\u015b\u0107<\/p>\n<p>spa\u0107<\/p>\n<p>&nbsp;<\/p>\n<p>&nbsp;<\/p>\n<p><strong>Epilog<\/strong><\/p>\n<p>&nbsp;<\/p>\n<p>wszystko musi si\u0119 dope\u0142ni\u0107<\/p>\n<p>ka\u017cdy sen si\u0119 musi wy\u015bni\u0107<\/p>\n<p>ka\u017cdy akord ma miejsce w \u015bwiecie<\/p>\n<p>ka\u017cda aktywno\u015b\u0107 przecina si\u0119 z inn\u0105 drog\u0105<\/p>\n<p>&nbsp;<\/p>\n<p>w \u015bnie nie wiadomo<\/p>\n<p>co si\u0119 robi\u0107 ma<\/p>\n<p>jest si\u0119 tylko marionetk\u0105<\/p>\n<p>poruszan\u0105 przez wiatr<\/p>\n<p>&nbsp;<\/p>\n<p>jednak w \u017cyciu<\/p>\n<p>m\u00f3j bracie<\/p>\n<p>ka\u017cdy wie co ma robi\u0107<\/p>\n<p>trzeba pozostawi\u0107 innym<\/p>\n<p>ich \u015bnienie<\/p>\n<p>i zajmowa\u0107 si\u0119 \u017cyciem<\/p>\n<p>dla dobra wsp\u00f3lnego<\/p>\n<p>&nbsp;<\/p>\n<p>ju\u017c widz\u0119<\/p>\n<p>bracie<\/p>\n<p>z ciemno\u015bci<\/p>\n<p>przedziera si\u0119<\/p>\n<p>nadchodzi<\/p>\n<p>p\u0142omie\u0144 \u015bwiat\u0142a<\/p>\n<p>on ka\u017cdy sen<\/p>\n<p>rozpogodzi<\/p>\n<p>rozja\u015bnia<\/p>\n<p>&nbsp;<\/p>\n<p>wy\u015bni\u0107 si\u0119<\/p>\n<p>musi<\/p>\n<p>to co ma<\/p>\n<p>nadej\u015b\u0107<\/p>\n<p>&nbsp;<\/p>\n<p>bracie<\/p>\n<p>to nie utopia<\/p>\n<p>to tylko sen<\/p>\n<p>rzeczywisto\u015b\u0107<\/p>\n<p>wa\u017cniejsza<\/p>\n<p>ta kt\u00f3r\u0105<\/p>\n<p>wsp\u00f3lnie<\/p>\n<p>piszemy<\/p>\n<p>budujemy<\/p>\n<p>ta kt\u00f3r\u0105<\/p>\n<p>wybierzesz<\/p>\n<p>ta za kt\u00f3r\u0105<\/p>\n<p>opowiesz si\u0119<\/p>\n<p>&nbsp;<\/p>\n<p style=\"text-align: center;\"><strong>END<\/strong><\/p>\n<p><a href=\"https:\/\/www.youtube.com\/watch?v=xtSswXLa-TQ\">List do M &#8211; D\u017cem<\/a><\/p>\n<p><a href=\"https:\/\/www.youtube.com\/watch?v=d-1wCekvq1E\">Sen o Viktorii &#8211; D\u017cem<\/a><\/p>\n<p><a href=\"https:\/\/www.youtube.com\/watch?v=XjXwl15T4A4\">Wehiku\u0142 czasu &#8211; D\u017cem<\/a><\/p>\n<p><a href=\"https:\/\/www.youtube.com\/watch?v=icYCtUmWcdc\">Naiwne pytania &#8211; D\u017cem<\/a><\/p>\n<p><a href=\"https:\/\/www.youtube.com\/watch?v=TIuLL8reID0\">Do ko\u0142yski &#8211; D\u017cem<\/a><\/p>\n<p style=\"text-align: right;\">Bia\u0142ystok, sen przed snem &#8211; 24.10.2017 r.<\/p>\n<p style=\"text-align: right;\">Dobranoc!<\/p>\n<p style=\"text-align: right;\">Spokojnych sn\u00f3w!<\/p>\n<p style=\"text-align: right;\">\ud83d\ude42<\/p>\n","protected":false},"excerpt":{"rendered":"<p>List do brata \u015ani\u0142em\u2026 Co? Nic\u2026 &nbsp; Prolog bracie pisz\u0119 do Ciebie wiersz chyba pierwszy nie wiem czy ostatni &nbsp; wiesz bracie wyobrazi\u0142em sobie \u017ce&hellip; <\/p>\n","protected":false},"author":1,"featured_media":0,"parent":0,"menu_order":0,"comment_status":"closed","ping_status":"closed","template":"","meta":{"footnotes":""},"class_list":["post-818","page","type-page","status-publish","hentry"],"_links":{"self":[{"href":"https:\/\/hubertpietka.bialystok.pl\/index.php?rest_route=\/wp\/v2\/pages\/818","targetHints":{"allow":["GET"]}}],"collection":[{"href":"https:\/\/hubertpietka.bialystok.pl\/index.php?rest_route=\/wp\/v2\/pages"}],"about":[{"href":"https:\/\/hubertpietka.bialystok.pl\/index.php?rest_route=\/wp\/v2\/types\/page"}],"author":[{"embeddable":true,"href":"https:\/\/hubertpietka.bialystok.pl\/index.php?rest_route=\/wp\/v2\/users\/1"}],"replies":[{"embeddable":true,"href":"https:\/\/hubertpietka.bialystok.pl\/index.php?rest_route=%2Fwp%2Fv2%2Fcomments&post=818"}],"version-history":[{"count":3,"href":"https:\/\/hubertpietka.bialystok.pl\/index.php?rest_route=\/wp\/v2\/pages\/818\/revisions"}],"predecessor-version":[{"id":821,"href":"https:\/\/hubertpietka.bialystok.pl\/index.php?rest_route=\/wp\/v2\/pages\/818\/revisions\/821"}],"wp:attachment":[{"href":"https:\/\/hubertpietka.bialystok.pl\/index.php?rest_route=%2Fwp%2Fv2%2Fmedia&parent=818"}],"curies":[{"name":"wp","href":"https:\/\/api.w.org\/{rel}","templated":true}]}}