{"id":8216,"date":"2024-05-27T07:09:03","date_gmt":"2024-05-27T07:09:03","guid":{"rendered":"https:\/\/hubertpietka.bialystok.pl\/?page_id=8216"},"modified":"2024-05-27T07:09:03","modified_gmt":"2024-05-27T07:09:03","slug":"perfidia-przewrotnosc-podlosc-dzialan-ich-istota-wobec-nas","status":"publish","type":"page","link":"https:\/\/hubertpietka.bialystok.pl\/?page_id=8216","title":{"rendered":"Perfidia przewrotno\u015b\u0107 pod\u0142o\u015b\u0107 \/ dzia\u0142a\u0144 ich istota wobec nas"},"content":{"rendered":"\n<p>Jak z\u0142o jest<br>Ob\u0142udne pod\u0142e podst\u0119pne przewrotne<br>Najlepiej wida\u0107 po tym<br>Jak chce zniszczy\u0107 t\u0105 mi\u0142o\u015b\u0107<\/p>\n\n\n\n<p>Zabi\u0107 \u017con\u0119 m\u0119\u017ca zniewoli\u0107<br>I przedstawia\u0107 to niby<br>Jako jakie\u015b dobro<\/p>\n\n\n\n<p>Wykorzystywa\u0107 ku temu<br>Wszelkie mo\u017cliwe \u015brodki i s\u0142u\u017cby<br>Jakichtamkolwiek ludzi<br>Dzia\u0142aj\u0105cych ob\u0142udnie<\/p>\n\n\n\n<p>Niby w zgodzie z prawem<br>A tak naprawd\u0119 pod\u0142ug szatana<br>Co zawsze jest nieprawe<br>Wobec prawdy Bo\u017cej<br>Mimo zgodno\u015bci z prawem stanowionym<\/p>\n\n\n\n<p>A r\u00f3\u017cne s\u0142u\u017cby<br>Te\u017c mog\u0105 dzia\u0142a\u0107 ob\u0142udnie<br>Znieprawili ten \u015bwiat totalnie oni<br>Co z tego \u017ce s\u0105 tacy owacy w pracy<br>Niby w jakiej\u015b misji<br>To ich wcale nie zwalnia<br>Z dzia\u0142a\u0144 ob\u0142udnych<\/p>\n\n\n\n<p>Dzi\u015b \u015bw. *<strong>Ju-li-ana<\/strong>*<br>B\u00f3g powiedzia\u0142 jednoznacznie<br>*<strong>You<\/strong>* ty *<strong>i Ana<\/strong>*<br>A co oni m\u00f3wi\u0105<br>Pod\u0142ug nienawi\u015bci szatana<br>Zabi\u0107 \u017con\u0119 m\u0119\u017ca zniewoli\u0107<br>Nie wa\u017cne w jaki spos\u00f3b<\/p>\n\n\n\n<p>A przy okazji<br>Zniszczy\u0107 bliskich i to<br>Co jest z nich<br>Ka\u017cde dobro kt\u00f3re im s\u0142u\u017cy<\/p>\n\n\n\n<p>I to wszystko<br>Wed\u0142ug szata\u0144skiej dialektyki i\u015bcie<br>\u017be to ma s\u0142u\u017cy\u0107<br>Niby dobrom jakim\u015b wy\u017cszym<\/p>\n\n\n\n<figure class=\"wp-block-gallery has-nested-images columns-default is-cropped wp-block-gallery-1 is-layout-flex wp-block-gallery-is-layout-flex\">\n<figure class=\"wp-block-image size-large\"><a href=\"https:\/\/hubertpietka.bialystok.pl\/wp-content\/uploads\/2024\/05\/IMG-20240525-WA0031.jpg\"><img loading=\"lazy\" decoding=\"async\" width=\"1024\" height=\"768\" data-id=\"8217\" src=\"https:\/\/hubertpietka.bialystok.pl\/wp-content\/uploads\/2024\/05\/IMG-20240525-WA0031-1024x768.jpg\" alt=\"\" class=\"wp-image-8217\" srcset=\"https:\/\/hubertpietka.bialystok.pl\/wp-content\/uploads\/2024\/05\/IMG-20240525-WA0031-1024x768.jpg 1024w, https:\/\/hubertpietka.bialystok.pl\/wp-content\/uploads\/2024\/05\/IMG-20240525-WA0031-300x225.jpg 300w, https:\/\/hubertpietka.bialystok.pl\/wp-content\/uploads\/2024\/05\/IMG-20240525-WA0031-768x576.jpg 768w, https:\/\/hubertpietka.bialystok.pl\/wp-content\/uploads\/2024\/05\/IMG-20240525-WA0031-1536x1152.jpg 1536w, https:\/\/hubertpietka.bialystok.pl\/wp-content\/uploads\/2024\/05\/IMG-20240525-WA0031.jpg 1600w\" sizes=\"auto, (max-width: 1024px) 100vw, 1024px\" \/><\/a><\/figure>\n<\/figure>\n\n\n\n<p>Na zdj. *<strong>\u015aniard-wy<\/strong>* jezioro<br>*<strong>\u015amier\u0107 wam<\/strong>* oni m\u00f3wi\u0105<br>Wed\u0142ug zap\u0119d\u00f3w diabelskich<br>Bo diabe\u0142 chce zniszczy\u0107 dobro<br>I oni jemu powolni podobnie<br>A dobrem w \u015bwiecie najwi\u0119kszym<br>Jest ma\u0142\u017ce\u0144stwo<br>Gdzie objawia si\u0119 mi\u0142o\u015b\u0107 pe\u0142na<br>I to chc\u0105 zniszczy\u0107 oni<br>Nas naszych i nasze te\u017c przy okazji<br>Ob\u0142udnie przedstawiaj\u0105c to niby<br>Jako drog\u0119 do lepszego dobra<\/p>\n\n\n\n<p>Po trupach do *<strong>celu \/ celi<\/strong>*<br>Nie osi\u0105ga si\u0119 dobra prawdziwego<br>A tylko \u015bwiat si\u0119 znieprawia<br>Jak B\u00f3g ma nie odpowiedzie\u0107<br>Na takie perfidne k\u0142amliwe przedstawienia<br>Tym bardziej je\u015bli spe\u0142ni\u0105 oni<br>Swe nieprawe d\u0105\u017cenia<\/p>\n","protected":false},"excerpt":{"rendered":"<p>Jak z\u0142o jestOb\u0142udne pod\u0142e podst\u0119pne przewrotneNajlepiej wida\u0107 po tymJak chce zniszczy\u0107 t\u0105 mi\u0142o\u015b\u0107 Zabi\u0107 \u017con\u0119 m\u0119\u017ca zniewoli\u0107I przedstawia\u0107 to nibyJako jakie\u015b dobro Wykorzystywa\u0107 ku temuWszelkie&hellip; <\/p>\n","protected":false},"author":1,"featured_media":0,"parent":0,"menu_order":0,"comment_status":"closed","ping_status":"closed","template":"","meta":{"footnotes":""},"class_list":["post-8216","page","type-page","status-publish","hentry"],"_links":{"self":[{"href":"https:\/\/hubertpietka.bialystok.pl\/index.php?rest_route=\/wp\/v2\/pages\/8216","targetHints":{"allow":["GET"]}}],"collection":[{"href":"https:\/\/hubertpietka.bialystok.pl\/index.php?rest_route=\/wp\/v2\/pages"}],"about":[{"href":"https:\/\/hubertpietka.bialystok.pl\/index.php?rest_route=\/wp\/v2\/types\/page"}],"author":[{"embeddable":true,"href":"https:\/\/hubertpietka.bialystok.pl\/index.php?rest_route=\/wp\/v2\/users\/1"}],"replies":[{"embeddable":true,"href":"https:\/\/hubertpietka.bialystok.pl\/index.php?rest_route=%2Fwp%2Fv2%2Fcomments&post=8216"}],"version-history":[{"count":1,"href":"https:\/\/hubertpietka.bialystok.pl\/index.php?rest_route=\/wp\/v2\/pages\/8216\/revisions"}],"predecessor-version":[{"id":8218,"href":"https:\/\/hubertpietka.bialystok.pl\/index.php?rest_route=\/wp\/v2\/pages\/8216\/revisions\/8218"}],"wp:attachment":[{"href":"https:\/\/hubertpietka.bialystok.pl\/index.php?rest_route=%2Fwp%2Fv2%2Fmedia&parent=8216"}],"curies":[{"name":"wp","href":"https:\/\/api.w.org\/{rel}","templated":true}]}}