{"id":8282,"date":"2024-06-18T16:57:17","date_gmt":"2024-06-18T16:57:17","guid":{"rendered":"https:\/\/hubertpietka.bialystok.pl\/?page_id=8282"},"modified":"2024-06-18T16:57:17","modified_gmt":"2024-06-18T16:57:17","slug":"pozoranci-i-ich-podle-misterne-plany","status":"publish","type":"page","link":"https:\/\/hubertpietka.bialystok.pl\/?page_id=8282","title":{"rendered":"Pozoranci \/ i ich podle misterne plany"},"content":{"rendered":"\n<p>Najbardziej lubi\u0105 oni gr\u0119 pozor\u00f3w<br>\u017bona bierze teraz silny antybiotyk<br>I ko\u0144czy si\u0119 jej ubezpieczenie<br>Dla nich doskona\u0142a okazja<br>Aby j\u0105 u\u015bmierci\u0107 chocia\u017c zaszkodzi\u0107<br>Maj\u0105 ku temu swoje sposoby<br>I biesz-czadzenie wsz\u0119dzie i injektorzy<br>Oni tak w og\u00f3le<br>To bardzo lubi\u0105 ten pretekst<br>Jakiej\u015b choroby<br>Kiedy mog\u0105 zadzia\u0142a\u0107 odpowiednio<br>W spos\u00f3b imituj\u0105cy<br>Co do \u017cony do mnie zwierz\u0105t tych nawet<br>Pozoranci bardzo lubi\u0105 ten pretekst<br>Kiedy maj\u0105 \u015brodki materializuj\u0105ce<br>Te r\u00f3\u017cne pozory<br>Lubi\u0105 tak\u017ce r\u00f3\u017cne tak zwane nieszcz\u0119\u015bliwe wypadki<br>Kt\u00f3re przecie\u017c mo\u017cna zaprogramowa\u0107 odpowiednio<br>Maj\u0105 ku temu swych ludzi<br>Kt\u00f3rzy tak jak oni<br>Na pewno si\u0119 wypr\u0105 wszystkiego<\/p>\n\n\n\n<p>I z tymi ich przyj\u015bciami zatrzymaniami napa\u015bciami<br>Takich czy innych<br>Najlepiej pod jakim\u015b pretekstem<br>Byleby tylko zap\u0119dzi\u0107 mnie<br>W tak zwany kozi r\u00f3g<br>Ten co si\u0119 tu nachodzi\u0107 nie mo\u017ce<br>To niby pod pozorem mego braku kultury<br>Kultura wy\u017csza mo\u017ce przecie\u017c pos\u0142ugiwa\u0107 si\u0119 pi\u0119\u015bci\u0105<br>Odpowiednio ci misiowi z\u0142a s\u0142udzy<br>Pod pretekstem niby mego jakiego\u015b<br>Niedostosowania spo\u0142ecznego przekroczenia prawa<br>Kiedy to wszystko jest ukartowane<br>I podobnie z innymi s\u0142u\u017cbami<br>Kt\u00f3re maj\u0105 z\u0142o nam te\u017c uczyni\u0107 jakie\u015b<br>Tacy pi\u0119kni pozoranci<br>Byleby tylko osi\u0105gn\u0105\u0107 swe cele<br>Pod\u0142e i w istocie nieprawe<br>W \u015bwietle Bo\u017cym<br>A ju\u017c na pewno perfidne i ob\u0142udne<\/p>\n\n\n\n<p>Dzi\u015b \u015bw. *<strong>El-\u017cbie-ty<\/strong>*<br>A jak ju\u017c to b\u0119dzie<br>To *<strong>Ej \u017ce ty<\/strong>* bo twoje miejsce<br>Jest w\u015br\u00f3d \u015bmieci<br>Nie *<strong>El-\u017cbie-to<\/strong>*<br>*<strong>El<\/strong>* B\u00f3g *<strong>\u017ce z tob\u0105<\/strong>*<br>Lecz tak w\u0142a\u015bnie<br>Do tego ma wszystko prowadzi\u0107<br>Tak\u017ce nieustanne o\u015bmieszanie i kompromitacje<br>Mnie \u017cony naszego i naszych<br>Pod\u0142o\u015b\u0107 odpowiednio usystematyzowana i propagowana<br>Przyniesie zapewne efekty odpowiednie<\/p>\n\n\n\n<figure class=\"wp-block-gallery has-nested-images columns-default is-cropped wp-block-gallery-1 is-layout-flex wp-block-gallery-is-layout-flex\">\n<figure class=\"wp-block-image size-large\"><a href=\"https:\/\/hubertpietka.bialystok.pl\/wp-content\/uploads\/2024\/06\/IMG-20240616-WA0004.jpg\"><img loading=\"lazy\" decoding=\"async\" width=\"768\" height=\"1024\" data-id=\"8283\" src=\"https:\/\/hubertpietka.bialystok.pl\/wp-content\/uploads\/2024\/06\/IMG-20240616-WA0004-768x1024.jpg\" alt=\"\" class=\"wp-image-8283\" srcset=\"https:\/\/hubertpietka.bialystok.pl\/wp-content\/uploads\/2024\/06\/IMG-20240616-WA0004-768x1024.jpg 768w, https:\/\/hubertpietka.bialystok.pl\/wp-content\/uploads\/2024\/06\/IMG-20240616-WA0004-225x300.jpg 225w, https:\/\/hubertpietka.bialystok.pl\/wp-content\/uploads\/2024\/06\/IMG-20240616-WA0004-1152x1536.jpg 1152w, https:\/\/hubertpietka.bialystok.pl\/wp-content\/uploads\/2024\/06\/IMG-20240616-WA0004.jpg 1200w\" sizes=\"auto, (max-width: 768px) 100vw, 768px\" \/><\/a><\/figure>\n<\/figure>\n\n\n\n<p><em>Na zdj. \u015aw. Micha\u0142 Archanio\u0142 w \u015awi\u0119tej Wodzie<br>Jakie to ma wszystko prowieniecje<br>Jakie to ma pochodzenie<br>Jak nie szata\u0144skie w\u0142a\u015bnie<br>Wspieraj nas w walce<br>Ze z\u0142em pod\u0142ym ob\u0142udnym perfidnym<br>Niestety takimi te\u017c si\u0119 staj\u0105<br>R\u00f3\u017cni s\u0142udzy jego<br>Kt\u00f3rzy za wszelk\u0105 cen\u0119<br>Pos\u0142uguj\u0105c si\u0119 wszelkimi mo\u017cliwymi \u015brodkami<br>Spe\u0142niaj\u0105 tak naprawd\u0119 po\u017c\u0105dania szatana<\/em><\/p>\n","protected":false},"excerpt":{"rendered":"<p>Najbardziej lubi\u0105 oni gr\u0119 pozor\u00f3w\u017bona bierze teraz silny antybiotykI ko\u0144czy si\u0119 jej ubezpieczenieDla nich doskona\u0142a okazjaAby j\u0105 u\u015bmierci\u0107 chocia\u017c zaszkodzi\u0107Maj\u0105 ku temu swoje sposobyI biesz-czadzenie&hellip; <\/p>\n","protected":false},"author":1,"featured_media":0,"parent":0,"menu_order":0,"comment_status":"closed","ping_status":"closed","template":"","meta":{"footnotes":""},"class_list":["post-8282","page","type-page","status-publish","hentry"],"_links":{"self":[{"href":"https:\/\/hubertpietka.bialystok.pl\/index.php?rest_route=\/wp\/v2\/pages\/8282","targetHints":{"allow":["GET"]}}],"collection":[{"href":"https:\/\/hubertpietka.bialystok.pl\/index.php?rest_route=\/wp\/v2\/pages"}],"about":[{"href":"https:\/\/hubertpietka.bialystok.pl\/index.php?rest_route=\/wp\/v2\/types\/page"}],"author":[{"embeddable":true,"href":"https:\/\/hubertpietka.bialystok.pl\/index.php?rest_route=\/wp\/v2\/users\/1"}],"replies":[{"embeddable":true,"href":"https:\/\/hubertpietka.bialystok.pl\/index.php?rest_route=%2Fwp%2Fv2%2Fcomments&post=8282"}],"version-history":[{"count":1,"href":"https:\/\/hubertpietka.bialystok.pl\/index.php?rest_route=\/wp\/v2\/pages\/8282\/revisions"}],"predecessor-version":[{"id":8284,"href":"https:\/\/hubertpietka.bialystok.pl\/index.php?rest_route=\/wp\/v2\/pages\/8282\/revisions\/8284"}],"wp:attachment":[{"href":"https:\/\/hubertpietka.bialystok.pl\/index.php?rest_route=%2Fwp%2Fv2%2Fmedia&parent=8282"}],"curies":[{"name":"wp","href":"https:\/\/api.w.org\/{rel}","templated":true}]}}