{"id":833,"date":"2018-01-13T14:29:34","date_gmt":"2018-01-13T14:29:34","guid":{"rendered":"http:\/\/hubertpietka.bialystok.pl\/?page_id=833"},"modified":"2018-01-13T14:34:04","modified_gmt":"2018-01-13T14:34:04","slug":"przypowiesc-o-przewrotnym-sasiedzie","status":"publish","type":"page","link":"https:\/\/hubertpietka.bialystok.pl\/?page_id=833","title":{"rendered":"Przypowie\u015b\u0107 o przewrotnym s\u0105siedzie"},"content":{"rendered":"<p style=\"text-align: center;\">Przypowie\u015b\u0107 o przewrotnym s\u0105siedzie<\/p>\n<p style=\"text-align: left;\">By\u0142o sobie dw\u00f3ch s\u0105siad\u00f3w. Jeden by\u0142 ubogi a drugi bardzo bogaty. Bogaty uciska\u0142 ubogiego. Lecz to by\u0142o mu ma\u0142o. Zapragn\u0105\u0142 pola ubogiego, kt\u00f3re by\u0142o jego jedynym dochodem i zabra\u0142 mu je. Lecz to nie wystarczy\u0142o mu. Czyha\u0142 na jego dom, konia, dobytek i domownik\u00f3w ubogiego. A nawet chcia\u0142 pozb<span class=\"text_exposed_show\">awi\u0107 go i jego bliskich zdrowia, \u017cycia.<\/span><\/p>\n<p style=\"text-align: left;\">Ubogi, pozbawiony dochodu, poszed\u0142 pracowa\u0107 w kopalni z\u0142ota. Poszcz\u0119\u015bci\u0142o si\u0119 mu i znalaz\u0142 drogocenny skarb. Lecz bogaty wykrad\u0142 go mu, kiedy ten spa\u0142.\u00a0<span class=\"text_exposed_show\"> Co wi\u0119c maj\u0105 zrobi\u0107 mieszka\u0144cy wioski z tym bogatym, kiedy przyb\u0119d\u0105 to rozs\u0105dzi\u0107? <\/span><\/p>\n<p style=\"text-align: left;\"><span class=\"text_exposed_show\">Dodatkowo bogaty uciska\u0142 innych s\u0105siad\u00f3w, jednych pozabija\u0142, innym zabra\u0142 ich mienie. Biedak trzykrotnie m\u00f3g\u0142 zem\u015bci\u0107 si\u0119 na bogaczu, lecz nie zrobi\u0142 tego ze wzgl\u0119du na jego te\u017c przewrotne zreszt\u0105 dzieci. A co zrobi kr\u00f3l tego kraju, kiedy przyb\u0119dzie i dowie si\u0119 o wszystkich zbrodniach bogatego? N\u0119dznika marnie wytraci, a dziedzictwo jego odda ubogiemu. <\/span><\/p>\n<p style=\"text-align: left;\"><span class=\"text_exposed_show\">Tak sprawiedliwo\u015b\u0107 dziejowa wype\u0142ni si\u0119, bo nieprawdopodobnym jest, aby przewrotno\u015b\u0107 wzi\u0119\u0142a g\u00f3r\u0119 nad dobrem i prostot\u0105. Amen. Tak si\u0119 stanie. Ju\u017c si\u0119 dzieje i wype\u0142ni si\u0119 wszystko&#8230; Amen!<br \/>\n<\/span><\/p>\n","protected":false},"excerpt":{"rendered":"<p>Przypowie\u015b\u0107 o przewrotnym s\u0105siedzie By\u0142o sobie dw\u00f3ch s\u0105siad\u00f3w. Jeden by\u0142 ubogi a drugi bardzo bogaty. Bogaty uciska\u0142 ubogiego. Lecz to by\u0142o mu ma\u0142o. Zapragn\u0105\u0142 pola&hellip; <\/p>\n","protected":false},"author":1,"featured_media":0,"parent":0,"menu_order":0,"comment_status":"closed","ping_status":"closed","template":"","meta":{"footnotes":""},"class_list":["post-833","page","type-page","status-publish","hentry"],"_links":{"self":[{"href":"https:\/\/hubertpietka.bialystok.pl\/index.php?rest_route=\/wp\/v2\/pages\/833","targetHints":{"allow":["GET"]}}],"collection":[{"href":"https:\/\/hubertpietka.bialystok.pl\/index.php?rest_route=\/wp\/v2\/pages"}],"about":[{"href":"https:\/\/hubertpietka.bialystok.pl\/index.php?rest_route=\/wp\/v2\/types\/page"}],"author":[{"embeddable":true,"href":"https:\/\/hubertpietka.bialystok.pl\/index.php?rest_route=\/wp\/v2\/users\/1"}],"replies":[{"embeddable":true,"href":"https:\/\/hubertpietka.bialystok.pl\/index.php?rest_route=%2Fwp%2Fv2%2Fcomments&post=833"}],"version-history":[{"count":4,"href":"https:\/\/hubertpietka.bialystok.pl\/index.php?rest_route=\/wp\/v2\/pages\/833\/revisions"}],"predecessor-version":[{"id":838,"href":"https:\/\/hubertpietka.bialystok.pl\/index.php?rest_route=\/wp\/v2\/pages\/833\/revisions\/838"}],"wp:attachment":[{"href":"https:\/\/hubertpietka.bialystok.pl\/index.php?rest_route=%2Fwp%2Fv2%2Fmedia&parent=833"}],"curies":[{"name":"wp","href":"https:\/\/api.w.org\/{rel}","templated":true}]}}