{"id":8356,"date":"2024-07-17T10:34:39","date_gmt":"2024-07-17T10:34:39","guid":{"rendered":"https:\/\/hubertpietka.bialystok.pl\/?page_id=8356"},"modified":"2024-07-17T10:34:39","modified_gmt":"2024-07-17T10:34:39","slug":"cukierkowy-swiat-szatana-a-wierne-w-bogu-trwanie","status":"publish","type":"page","link":"https:\/\/hubertpietka.bialystok.pl\/?page_id=8356","title":{"rendered":"Cukierkowy \u015bwiat szatana \/ a wierne w Bogu trwanie"},"content":{"rendered":"\n<p>Prawdziwym b\u0142ogos\u0142awie\u0144stwem<br>Jest dobra \u017cona dla m\u0119\u017ca<br>Dom sw\u0105 spokojno\u015b\u0107 jej zawdzi\u0119cza<br>Wszystkie sprawy domu<br>A do m\u0119\u017ca nale\u017cy ochrona<\/p>\n\n\n\n<p>Szatan nienawidzi jedno\u015bci ma\u0142\u017ce\u0144skiej<br>Pr\u00f3buje ma\u0142\u017conk\u00f3w rozdziela\u0107<br>Zniszczy\u0107 ma\u0142\u017ce\u0144stwo to cel jego<br>To on powoduje nieporozumienia<br>To on wystawia na pr\u00f3b\u0119<br>Byleby tylko uderza\u0107 w ma\u0142\u017ce\u0144stwo<\/p>\n\n\n\n<p>Szatan najbardziej lubi \u015bwiat cukierkowy<br>Najlepiej lansowany przez media<br>Gdzie wszystko na zewn\u0105trz<br>Niby dobrze wygl\u0105da<br>A wewn\u0105trz pustka ziej\u0105ca<br>I najlepiej w zgodzie<br>Z lansowan\u0105 wsp\u00f3\u0142cze\u015bnie ideologi\u0105<\/p>\n\n\n\n<p>Zabi\u0107 \u017con\u0119 m\u0119\u017ca zniewoli\u0107<br>Tak czy inaczej rozdzia\u0142<br>On tak dzia\u0142a<br>I ma do tego wykonawc\u00f3w<br>S\u0142ugi swoje z nim zgodne<br>Byleby tylko zniszczy\u0107 to \u015bwiadectwo<br>Wiernego trwania w Bogu ma\u0142\u017ce\u0144skiego<\/p>\n\n\n\n<figure class=\"wp-block-image size-full\"><a href=\"https:\/\/hubertpietka.bialystok.pl\/wp-content\/uploads\/2024\/07\/Resized_20240716_193431.jpeg\"><img loading=\"lazy\" decoding=\"async\" width=\"756\" height=\"1008\" src=\"https:\/\/hubertpietka.bialystok.pl\/wp-content\/uploads\/2024\/07\/Resized_20240716_193431.jpeg\" alt=\"\" class=\"wp-image-8357\" srcset=\"https:\/\/hubertpietka.bialystok.pl\/wp-content\/uploads\/2024\/07\/Resized_20240716_193431.jpeg 756w, https:\/\/hubertpietka.bialystok.pl\/wp-content\/uploads\/2024\/07\/Resized_20240716_193431-225x300.jpeg 225w\" sizes=\"auto, (max-width: 756px) 100vw, 756px\" \/><\/a><\/figure>\n\n\n\n<p><em>Na zdj. Kwiaty bia\u0142e na tle zieleni<br>A szatan najbardziej lubi<br>Te sztuczne na grobie<br>Byleby tylko zabi\u0107 zniszczy\u0107 zniewoli\u0107<br>T\u0105 \u017cyw\u0105 tkank\u0119<br>Kt\u00f3ra sprzeciwia si\u0119 sztucznemu \u015bwiatu<br>Lansowanego przez szatana<br>On zawsze wybiera<br>\u015amier\u0107 nie \u017cycie i pozory<br>Nie pe\u0142ne trwanie w Bogu<br>W \u017cyciu prawdziwym wed\u0142ug Niego<\/em><\/p>\n\n\n\n<p>\/<\/p>\n\n\n\n<p class=\"has-text-align-center\"><strong><em><a href=\"https:\/\/youtu.be\/XlLKOeHwK7s?si=ScmGFSlLkvydouAj\">Video &#8211; Dobrze, \u017ce jeste\u015b <\/a><\/em><\/strong><\/p>\n\n\n\n<p class=\"has-text-align-right\"><strong><em><a href=\"https:\/\/youtu.be\/cbl8mEuz_zg?si=70GAzI0Uq_iXoZlx\">De \u0141indows &#8211; Tylko dzi\u0119ki tobie<\/a><\/em><\/strong><\/p>\n","protected":false},"excerpt":{"rendered":"<p>Prawdziwym b\u0142ogos\u0142awie\u0144stwemJest dobra \u017cona dla m\u0119\u017caDom sw\u0105 spokojno\u015b\u0107 jej zawdzi\u0119czaWszystkie sprawy domuA do m\u0119\u017ca nale\u017cy ochrona Szatan nienawidzi jedno\u015bci ma\u0142\u017ce\u0144skiejPr\u00f3buje ma\u0142\u017conk\u00f3w rozdziela\u0107Zniszczy\u0107 ma\u0142\u017ce\u0144stwo to cel&hellip; <\/p>\n","protected":false},"author":1,"featured_media":0,"parent":0,"menu_order":0,"comment_status":"closed","ping_status":"closed","template":"","meta":{"footnotes":""},"class_list":["post-8356","page","type-page","status-publish","hentry"],"_links":{"self":[{"href":"https:\/\/hubertpietka.bialystok.pl\/index.php?rest_route=\/wp\/v2\/pages\/8356","targetHints":{"allow":["GET"]}}],"collection":[{"href":"https:\/\/hubertpietka.bialystok.pl\/index.php?rest_route=\/wp\/v2\/pages"}],"about":[{"href":"https:\/\/hubertpietka.bialystok.pl\/index.php?rest_route=\/wp\/v2\/types\/page"}],"author":[{"embeddable":true,"href":"https:\/\/hubertpietka.bialystok.pl\/index.php?rest_route=\/wp\/v2\/users\/1"}],"replies":[{"embeddable":true,"href":"https:\/\/hubertpietka.bialystok.pl\/index.php?rest_route=%2Fwp%2Fv2%2Fcomments&post=8356"}],"version-history":[{"count":1,"href":"https:\/\/hubertpietka.bialystok.pl\/index.php?rest_route=\/wp\/v2\/pages\/8356\/revisions"}],"predecessor-version":[{"id":8358,"href":"https:\/\/hubertpietka.bialystok.pl\/index.php?rest_route=\/wp\/v2\/pages\/8356\/revisions\/8358"}],"wp:attachment":[{"href":"https:\/\/hubertpietka.bialystok.pl\/index.php?rest_route=%2Fwp%2Fv2%2Fmedia&parent=8356"}],"curies":[{"name":"wp","href":"https:\/\/api.w.org\/{rel}","templated":true}]}}