{"id":8390,"date":"2024-07-29T05:40:06","date_gmt":"2024-07-29T05:40:06","guid":{"rendered":"https:\/\/hubertpietka.bialystok.pl\/?page_id=8390"},"modified":"2024-07-29T05:40:06","modified_gmt":"2024-07-29T05:40:06","slug":"jest-tu-chlopiec-wedlug-znaku-opatrznosci-bozej","status":"publish","type":"page","link":"https:\/\/hubertpietka.bialystok.pl\/?page_id=8390","title":{"rendered":"Jest tu ch\u0142opiec \/ wed\u0142ug znaku Opatrzno\u015bci Bo\u017cej"},"content":{"rendered":"\n<p>Na pustyni duchowej<br>\u015awiata podwa\u017cania wszelkich warto\u015bci<br>Zawo\u0142a\u0142 mnie Pan<br><em>Oto jestem<\/em> Mu odpowiedzia\u0142em<br>Ja i moi moje<br>Przez nieustanne zawierzanie Maryi<\/p>\n\n\n\n<p>I powiedzia\u0142 do \u015bwiata B\u00f3g<br><em>Jest tu pewien ch\u0142opiec<\/em><br>Wed\u0142ug czysto\u015bci intencji Bo\u017cego dzieci\u0119ctwa<br><em>Kt\u00f3ry ma 2 ryby i 5 chleb\u00f3w te\u017c<\/em><br>2 ryby to on i \u017cona<br>Znaki chrze\u015bcija\u0144stwa ich najg\u0142\u0119bszego przes\u0142ania<br>5 chleb\u00f3w to oni i ich zwierz\u0119ta<br>Kt\u00f3rymi mo\u017cna karmi\u0107 Bo\u017c\u0105 rzeczywisto\u015b\u0107<br><em>Ale c\u00f3\u017c to jest dla tak wielu<\/em><br>A jednak B\u00f3g chce ten \u015bwiat karmi\u0107<br>Wed\u0142ug warto\u015bci w Nim pok\u0142adanych<br>I ufam \u017ce zostanie jeszcze<br><em>12 kosz\u00f3w u\u0142omk\u00f3w<\/em><br>Tak jak powiedzia\u0142<br>Czyli pe\u0142nia tego co B\u00f3g<br>Chce zachowa\u0107<br>W tym w czym zaufa\u0142em Mu<br>Wed\u0142ug ufno\u015bci<br><em>Zachowaj wszystkich i wszystko<br>Kt\u00f3rych mi da\u0142e\u015b<\/em><\/p>\n\n\n\n<p>I to nie jest pycha<br>To nie jest \u017cadne zadufanie w sobie<br>Lecz znak pokory<br>Wed\u0142ug ufno\u015bci pok\u0142adanej w Bogu<br>I to wcale nie znaczy<br>\u017be nie odbywa si\u0119 to<br>Wed\u0142ug wewn\u0119trznej walki<br>I mierzenia si\u0119 ze z\u0142em<br>Wszelkim w tym \u015bwiecie<br>Jednak <em>B\u00f3g jest wielki<\/em><br>Przekonacie si\u0119 o tym jeszcze<\/p>\n\n\n\n<figure class=\"wp-block-image size-large\"><a href=\"https:\/\/hubertpietka.bialystok.pl\/wp-content\/uploads\/2024\/07\/IMG-20240714-WA0015.jpg\"><img loading=\"lazy\" decoding=\"async\" width=\"768\" height=\"1024\" src=\"https:\/\/hubertpietka.bialystok.pl\/wp-content\/uploads\/2024\/07\/IMG-20240714-WA0015-768x1024.jpg\" alt=\"\" class=\"wp-image-8391\" srcset=\"https:\/\/hubertpietka.bialystok.pl\/wp-content\/uploads\/2024\/07\/IMG-20240714-WA0015-768x1024.jpg 768w, https:\/\/hubertpietka.bialystok.pl\/wp-content\/uploads\/2024\/07\/IMG-20240714-WA0015-225x300.jpg 225w, https:\/\/hubertpietka.bialystok.pl\/wp-content\/uploads\/2024\/07\/IMG-20240714-WA0015-1152x1536.jpg 1152w, https:\/\/hubertpietka.bialystok.pl\/wp-content\/uploads\/2024\/07\/IMG-20240714-WA0015.jpg 1200w\" sizes=\"auto, (max-width: 768px) 100vw, 768px\" \/><\/a><\/figure>\n\n\n\n<p><strong>Na zdj. Dzieci\u0105tko Jezus z barankiem<br>Symbol odkupienia \u015bwiata i ludzko\u015bci<br>Z mocy wszelkich ciemno\u015bci<br>W tym znaku zwyci\u0119stwa male\u0144ko\u015bci<br>I r\u00f3\u017ca\u0144cowa Pani<br>Zwyci\u0119stwo ka\u017cde nasze<br>W znaku zawierzenia Maryi<\/strong><\/p>\n\n\n\n<p><strong><em><a href=\"https:\/\/youtu.be\/L8_Oozn0cag?si=RuoE4lZfA1MlmZQb\">Ku wi\u0119kszej chwale Pana<\/a><\/em><\/strong><\/p>\n","protected":false},"excerpt":{"rendered":"<p>Na pustyni duchowej\u015awiata podwa\u017cania wszelkich warto\u015bciZawo\u0142a\u0142 mnie PanOto jestem Mu odpowiedzia\u0142emJa i moi mojePrzez nieustanne zawierzanie Maryi I powiedzia\u0142 do \u015bwiata B\u00f3gJest tu pewien ch\u0142opiecWed\u0142ug&hellip; <\/p>\n","protected":false},"author":1,"featured_media":0,"parent":0,"menu_order":0,"comment_status":"closed","ping_status":"closed","template":"","meta":{"footnotes":""},"class_list":["post-8390","page","type-page","status-publish","hentry"],"_links":{"self":[{"href":"https:\/\/hubertpietka.bialystok.pl\/index.php?rest_route=\/wp\/v2\/pages\/8390","targetHints":{"allow":["GET"]}}],"collection":[{"href":"https:\/\/hubertpietka.bialystok.pl\/index.php?rest_route=\/wp\/v2\/pages"}],"about":[{"href":"https:\/\/hubertpietka.bialystok.pl\/index.php?rest_route=\/wp\/v2\/types\/page"}],"author":[{"embeddable":true,"href":"https:\/\/hubertpietka.bialystok.pl\/index.php?rest_route=\/wp\/v2\/users\/1"}],"replies":[{"embeddable":true,"href":"https:\/\/hubertpietka.bialystok.pl\/index.php?rest_route=%2Fwp%2Fv2%2Fcomments&post=8390"}],"version-history":[{"count":1,"href":"https:\/\/hubertpietka.bialystok.pl\/index.php?rest_route=\/wp\/v2\/pages\/8390\/revisions"}],"predecessor-version":[{"id":8392,"href":"https:\/\/hubertpietka.bialystok.pl\/index.php?rest_route=\/wp\/v2\/pages\/8390\/revisions\/8392"}],"wp:attachment":[{"href":"https:\/\/hubertpietka.bialystok.pl\/index.php?rest_route=%2Fwp%2Fv2%2Fmedia&parent=8390"}],"curies":[{"name":"wp","href":"https:\/\/api.w.org\/{rel}","templated":true}]}}