{"id":8422,"date":"2024-08-11T20:09:19","date_gmt":"2024-08-11T20:09:19","guid":{"rendered":"https:\/\/hubertpietka.bialystok.pl\/?page_id=8422"},"modified":"2024-08-11T20:09:19","modified_gmt":"2024-08-11T20:09:19","slug":"klamcy-klamcy-klamcy-zapetleni-w-swym-lajdactwie","status":"publish","type":"page","link":"https:\/\/hubertpietka.bialystok.pl\/?page_id=8422","title":{"rendered":"K\u0142amcy k\u0142amcy k\u0142amcy \/ zap\u0119tleni w swym \u0142ajdactwie"},"content":{"rendered":"\n<p>Im nie wystarczy<br>Podtruwa\u0107 nas gazowo jak hitlerowcy<br>A mog\u0105 i zabi\u0107 nim te\u017c oni<br>Podtruwa\u0107 wszystko cho\u0107by \u017cywno\u015b\u0107<\/p>\n\n\n\n<p>Oczywi\u015bcie wszystkiego si\u0119 wypr\u0105<br>K\u0142amstwo to przecie\u017c<br>Zasada ich bytu i im podobnych innych<\/p>\n\n\n\n<p>Cho\u0107by ten Podwilk Podkrakowski<br>Kt\u00f3ry si\u0119 tu nachodzi\u0107<br>I nie mo\u017ce zbytnio<br>W celach cho\u0107by wskazanych wy\u017cej<br>Czy\u017c nie st\u0105d w\u0142a\u015bnie<br>Ta jego nienawi\u015b\u0107<br>\u017be zosta\u0142 jako\u015b zdemaskowany<\/p>\n\n\n\n<p>Ile p\u0142ac\u0105 za to<br>Na pewno mo\u017cna si\u0119 wzbogaci\u0107<br>I ten wyprze si\u0119 zaprzeczy<br>B\u0119dzie k\u0142ama\u0142 nieustannie<br>Bo tak lepiej \u0142atwiej<br>I mo\u017cna spe\u0142nia\u0107 z\u0142a zap\u0119dy<br>A i inni nie potwierdz\u0105<br>Bo si\u0119 boj\u0105 bo ich odpowiednio szanta\u017cuj\u0105<\/p>\n\n\n\n<p>A poza tym<br>Misie wspania\u0142e wsp\u00f3\u0142pracuj\u0105 przecie\u017c<br>Z tymi bandytami<br>Tudzie\u017c i s\u0142u\u017cby inne<\/p>\n\n\n\n<p>A najbardziej lubi\u0105<br>Wy\u015bcigi miejskie na jak najkr\u00f3tszych dystansach przecie\u017c<br>Wiadomo \u017ce ja zbytnio<br>Pr\u0119dko\u015bci nie przekraczam<br>A w mie\u015bcie to zw\u0142aszcza<br>To mog\u0105 sobie pohuzarzy\u0107<br>Zw\u0142aszcza \u017ce maj\u0105 misi\u00f3w<br>Za swoimi plecami<\/p>\n\n\n\n<p>Tacy to oni ci wszyscy<br>Bohaterowie herosi gieroje<br>Zw\u0142aszcza wobec tych najmniejszych<br>Byleby tylko spe\u0142nia\u0107<br>Wszelkie pod\u0142e swoje z\u0142a zap\u0119dy<\/p>\n\n\n\n<p>I byleby tylko wszystko<br>Na swoj\u0105 mod\u0142\u0119 przekabaci\u0107<br>Nawet S\u0142owo Bo\u017ce Dzienniczek<br>Byleby tylko czyni\u0107 z\u0142o perfidnie<br>K\u0142ama\u0107 wypiera\u0107 si\u0119 zaprzecza\u0107 prawdzie<br>B\u0119d\u0105 oni wszyscy nieustannie<\/p>\n\n\n\n<p>I co jeszcze<br>Najlepiej \u015bmiertelnie<br>\u017bon\u0119 mnie zwierz\u0119ta i bliskich<br>I wszystko nasze zniszczy\u0107<br>Gazem trucizn\u0105<br>Osami puszczanymi z r\u0119ki <br>Czy co tam jeszcze zreszt\u0105<br>A i najlepiej przeszkadza\u0107 te\u017c we wszystkim<\/p>\n\n\n\n<figure class=\"wp-block-gallery has-nested-images columns-default is-cropped wp-block-gallery-1 is-layout-flex wp-block-gallery-is-layout-flex\">\n<figure class=\"wp-block-image size-large\"><a href=\"https:\/\/hubertpietka.bialystok.pl\/wp-content\/uploads\/2024\/08\/Resized_20240810_194311.jpeg\"><img loading=\"lazy\" decoding=\"async\" width=\"756\" height=\"1008\" data-id=\"8423\" src=\"https:\/\/hubertpietka.bialystok.pl\/wp-content\/uploads\/2024\/08\/Resized_20240810_194311.jpeg\" alt=\"\" class=\"wp-image-8423\" srcset=\"https:\/\/hubertpietka.bialystok.pl\/wp-content\/uploads\/2024\/08\/Resized_20240810_194311.jpeg 756w, https:\/\/hubertpietka.bialystok.pl\/wp-content\/uploads\/2024\/08\/Resized_20240810_194311-225x300.jpeg 225w\" sizes=\"auto, (max-width: 756px) 100vw, 756px\" \/><\/a><\/figure>\n<\/figure>\n\n\n\n<p><em>Na zdj. Mrowisko i wszystko<br>Trzeba czasem kij wsadzi\u0107 w nie w\u0142a\u015bnie<br>W z\u0142o pod\u0142e wszelkie<br>Trzeba demaskowa\u0107<br>Z\u0142o k\u0142amstwa i wszelk\u0105 perfidi\u0119<br>A\u017c ci si\u0119 w ko\u0144cu ca\u0142kowicie zak\u0142ami\u0105<br>I l\u0119gn\u0105 w swych wszelkich pod\u0142ych k\u0142amstwach<br>I a\u017c te\u017c zbrodnie<br>Kt\u00f3re czyni\u0105 ci\u0105gle i chc\u0105 czyni\u0107 nieustannie<br>Obr\u00f3c\u0105 si\u0119 i na nich<\/em><\/p>\n","protected":false},"excerpt":{"rendered":"<p>Im nie wystarczyPodtruwa\u0107 nas gazowo jak hitlerowcyA mog\u0105 i zabi\u0107 nim te\u017c oniPodtruwa\u0107 wszystko cho\u0107by \u017cywno\u015b\u0107 Oczywi\u015bcie wszystkiego si\u0119 wypr\u0105K\u0142amstwo to przecie\u017cZasada ich bytu i&hellip; <\/p>\n","protected":false},"author":1,"featured_media":0,"parent":0,"menu_order":0,"comment_status":"closed","ping_status":"closed","template":"","meta":{"footnotes":""},"class_list":["post-8422","page","type-page","status-publish","hentry"],"_links":{"self":[{"href":"https:\/\/hubertpietka.bialystok.pl\/index.php?rest_route=\/wp\/v2\/pages\/8422","targetHints":{"allow":["GET"]}}],"collection":[{"href":"https:\/\/hubertpietka.bialystok.pl\/index.php?rest_route=\/wp\/v2\/pages"}],"about":[{"href":"https:\/\/hubertpietka.bialystok.pl\/index.php?rest_route=\/wp\/v2\/types\/page"}],"author":[{"embeddable":true,"href":"https:\/\/hubertpietka.bialystok.pl\/index.php?rest_route=\/wp\/v2\/users\/1"}],"replies":[{"embeddable":true,"href":"https:\/\/hubertpietka.bialystok.pl\/index.php?rest_route=%2Fwp%2Fv2%2Fcomments&post=8422"}],"version-history":[{"count":1,"href":"https:\/\/hubertpietka.bialystok.pl\/index.php?rest_route=\/wp\/v2\/pages\/8422\/revisions"}],"predecessor-version":[{"id":8424,"href":"https:\/\/hubertpietka.bialystok.pl\/index.php?rest_route=\/wp\/v2\/pages\/8422\/revisions\/8424"}],"wp:attachment":[{"href":"https:\/\/hubertpietka.bialystok.pl\/index.php?rest_route=%2Fwp%2Fv2%2Fmedia&parent=8422"}],"curies":[{"name":"wp","href":"https:\/\/api.w.org\/{rel}","templated":true}]}}