{"id":8434,"date":"2024-08-13T06:05:37","date_gmt":"2024-08-13T06:05:37","guid":{"rendered":"https:\/\/hubertpietka.bialystok.pl\/?page_id=8434"},"modified":"2024-08-13T06:05:37","modified_gmt":"2024-08-13T06:05:37","slug":"byleby-tylko-milosc-zniszczyc","status":"publish","type":"page","link":"https:\/\/hubertpietka.bialystok.pl\/?page_id=8434","title":{"rendered":"Byleby tylko \/ mi\u0142o\u015b\u0107 zniszczy\u0107"},"content":{"rendered":"\n<p>Najpierw moj\u0105 \u017con\u0119<br>Te zwierz\u0119ta<br>Bliskich wszystkich<br>Rodzin\u0119 przyjaci\u00f3\u0142 znajomych<br>Bliskich wed\u0142ug warto\u015bci dobrych prawdziwych<br>Ko\u015bci\u00f3\u0142 i wiernych w Bogu<\/p>\n\n\n\n<p>Zawzi\u0119li si\u0119 by zniszczy\u0107<br>To co kocham wszystko<\/p>\n\n\n\n<p>Mo\u017cliwo\u015b\u0107 gdziekolwiek przebywania<br>Mo\u017cliwo\u015b\u0107 si\u0119 osobistego przemieszczania<br>Pi\u0142k\u0119 ju\u017c mi zniszczyli prawie<br>A studia skutecznie<\/p>\n\n\n\n<p>Zawzi\u0119li si\u0119 by zniszczy\u0107<br>To co kocham wszystko<\/p>\n\n\n\n<p>Mo\u017cliwo\u015b\u0107 mojej pracy<br>Ludzi kt\u00f3rzy j\u0105 tworz\u0105<br>Rozrywk\u0119 wszelk\u0105 skutecznie<\/p>\n\n\n\n<p>Zawzi\u0119li si\u0119 by zniszczy\u0107<\/p>\n\n\n\n<p>Wed\u0142ug pana \u015bmierci zniszczenia zniewolenia<br>To wszystko<br>A komu oni s\u0142u\u017c\u0105<br>I wszyscy im podobni<br>Jak nie w\u0142a\u015bnie jemu<br>Szatanowi<br>On ich wspiera<br>W tym z\u0142u wszelkim<br>On ich wspomaga<br>W zbrodniach z premedytacj\u0105 wszelkich<\/p>\n\n\n\n<p>By zniszczy\u0107 si\u0119 zawzi\u0119li<\/p>\n\n\n\n<p>Zdrowie nasze wolno\u015b\u0107<br>Wszystko co jest jakimkolwiek dobrem<br>W taki czy inny spos\u00f3b<br>Byleby tylko spe\u0142ni\u0107 z\u0142owrogie zap\u0119dy<\/p>\n\n\n\n<figure class=\"wp-block-gallery has-nested-images columns-default is-cropped wp-block-gallery-1 is-layout-flex wp-block-gallery-is-layout-flex\">\n<figure class=\"wp-block-image size-large\"><a href=\"https:\/\/hubertpietka.bialystok.pl\/wp-content\/uploads\/2024\/08\/IMG-20240810-WA0030.jpg\"><img loading=\"lazy\" decoding=\"async\" width=\"768\" height=\"1024\" data-id=\"8435\" src=\"https:\/\/hubertpietka.bialystok.pl\/wp-content\/uploads\/2024\/08\/IMG-20240810-WA0030-768x1024.jpg\" alt=\"\" class=\"wp-image-8435\" srcset=\"https:\/\/hubertpietka.bialystok.pl\/wp-content\/uploads\/2024\/08\/IMG-20240810-WA0030-768x1024.jpg 768w, https:\/\/hubertpietka.bialystok.pl\/wp-content\/uploads\/2024\/08\/IMG-20240810-WA0030-225x300.jpg 225w, https:\/\/hubertpietka.bialystok.pl\/wp-content\/uploads\/2024\/08\/IMG-20240810-WA0030-1152x1536.jpg 1152w, https:\/\/hubertpietka.bialystok.pl\/wp-content\/uploads\/2024\/08\/IMG-20240810-WA0030.jpg 1200w\" sizes=\"auto, (max-width: 768px) 100vw, 768px\" \/><\/a><\/figure>\n<\/figure>\n\n\n\n<p><em>Na zdj. B\u00f3g jest jednak wi\u0119kszy<br>A ci co szatana i dzie\u0142a jego wybieraj\u0105<br>Czy maj\u0105 tego \u015bwiadomo\u015b\u0107 czy nie maj\u0105<br>Jego i piek\u0142o dostan\u0105<br>I niech sobie nie my\u015bl\u0105<br>\u017be mo\u017cna z\u0142o wszelkie<br>T\u0142umaczy\u0107 zuchwale Bo\u017cym mi\u0142osierdziem<br>\u017be mo\u017cna przek\u0142amywa\u0107 wszystko<\/em><\/p>\n","protected":false},"excerpt":{"rendered":"<p>Najpierw moj\u0105 \u017con\u0119Te zwierz\u0119taBliskich wszystkichRodzin\u0119 przyjaci\u00f3\u0142 znajomychBliskich wed\u0142ug warto\u015bci dobrych prawdziwychKo\u015bci\u00f3\u0142 i wiernych w Bogu Zawzi\u0119li si\u0119 by zniszczy\u0107To co kocham wszystko Mo\u017cliwo\u015b\u0107 gdziekolwiek przebywaniaMo\u017cliwo\u015b\u0107&hellip; <\/p>\n","protected":false},"author":1,"featured_media":0,"parent":0,"menu_order":0,"comment_status":"closed","ping_status":"closed","template":"","meta":{"footnotes":""},"class_list":["post-8434","page","type-page","status-publish","hentry"],"_links":{"self":[{"href":"https:\/\/hubertpietka.bialystok.pl\/index.php?rest_route=\/wp\/v2\/pages\/8434","targetHints":{"allow":["GET"]}}],"collection":[{"href":"https:\/\/hubertpietka.bialystok.pl\/index.php?rest_route=\/wp\/v2\/pages"}],"about":[{"href":"https:\/\/hubertpietka.bialystok.pl\/index.php?rest_route=\/wp\/v2\/types\/page"}],"author":[{"embeddable":true,"href":"https:\/\/hubertpietka.bialystok.pl\/index.php?rest_route=\/wp\/v2\/users\/1"}],"replies":[{"embeddable":true,"href":"https:\/\/hubertpietka.bialystok.pl\/index.php?rest_route=%2Fwp%2Fv2%2Fcomments&post=8434"}],"version-history":[{"count":1,"href":"https:\/\/hubertpietka.bialystok.pl\/index.php?rest_route=\/wp\/v2\/pages\/8434\/revisions"}],"predecessor-version":[{"id":8436,"href":"https:\/\/hubertpietka.bialystok.pl\/index.php?rest_route=\/wp\/v2\/pages\/8434\/revisions\/8436"}],"wp:attachment":[{"href":"https:\/\/hubertpietka.bialystok.pl\/index.php?rest_route=%2Fwp%2Fv2%2Fmedia&parent=8434"}],"curies":[{"name":"wp","href":"https:\/\/api.w.org\/{rel}","templated":true}]}}