{"id":8504,"date":"2024-09-01T10:57:54","date_gmt":"2024-09-01T10:57:54","guid":{"rendered":"https:\/\/hubertpietka.bialystok.pl\/?page_id=8504"},"modified":"2024-09-01T10:57:54","modified_gmt":"2024-09-01T10:57:54","slug":"sluga-unizony-list-do-zony","status":"publish","type":"page","link":"https:\/\/hubertpietka.bialystok.pl\/?page_id=8504","title":{"rendered":"S\u0142uga uni\u017cony \/ list do \u017cony"},"content":{"rendered":"\n<p>Najdro\u017csza \u017bono<br>Chcia\u0142em Ci\u0119 przeprosi\u0107<br>Za wszystkie z\u0142e emocje<br>Za przyczyn\u0105 moj\u0105<\/p>\n\n\n\n<p>Wiem \u017ce z\u0142o<br>Napiera na Ciebie<br>Ze strony chyba ka\u017cdej<br>Aby Ci\u0119 powali\u0107<br>Na swoje usprawiedliwienie mam<br>Chyba tylko to<br>\u017be ze mn\u0105 podobnie<br>A cz\u0142owiek to tylko cz\u0142owiek<br>Jest s\u0142aby<br>I r\u00f3\u017cne rzeczy<br>Na nim si\u0119 odbijaj\u0105<\/p>\n\n\n\n<p>Kochana \u017bono<br>Mimo wszystko<br>Mam nadziej\u0119 \u017ce zauwa\u017cy\u0142a\u015b<br>\u017be staram si\u0119 by\u0107<br>Ka\u017cd\u0105 Twoj\u0105 obron\u0105<br>Wbrew nawet<br>R\u00f3\u017cnym moim niedomaganiom<\/p>\n\n\n\n<p><strong>Dzi\u015b \u015bw. Bronis\u0142awy<br>Wbrew z\u0142u wszelkiemu ja zawsze<br>B\u0119d\u0119 broni\u0142 Twojej dobrej s\u0142awy<\/strong><\/p>\n\n\n\n<figure class=\"wp-block-gallery has-nested-images columns-default is-cropped wp-block-gallery-1 is-layout-flex wp-block-gallery-is-layout-flex\">\n<figure class=\"wp-block-image size-large\"><a href=\"https:\/\/hubertpietka.bialystok.pl\/wp-content\/uploads\/2024\/09\/IMG-20240810-WA0028.jpg\"><img loading=\"lazy\" decoding=\"async\" width=\"768\" height=\"1024\" data-id=\"8505\" src=\"https:\/\/hubertpietka.bialystok.pl\/wp-content\/uploads\/2024\/09\/IMG-20240810-WA0028-768x1024.jpg\" alt=\"\" class=\"wp-image-8505\" srcset=\"https:\/\/hubertpietka.bialystok.pl\/wp-content\/uploads\/2024\/09\/IMG-20240810-WA0028-768x1024.jpg 768w, https:\/\/hubertpietka.bialystok.pl\/wp-content\/uploads\/2024\/09\/IMG-20240810-WA0028-225x300.jpg 225w, https:\/\/hubertpietka.bialystok.pl\/wp-content\/uploads\/2024\/09\/IMG-20240810-WA0028-1152x1536.jpg 1152w, https:\/\/hubertpietka.bialystok.pl\/wp-content\/uploads\/2024\/09\/IMG-20240810-WA0028.jpg 1200w\" sizes=\"auto, (max-width: 768px) 100vw, 768px\" \/><\/a><\/figure>\n<\/figure>\n\n\n\n<p><em>Na zdj. Mimo ludzkiej n\u0119dzy<br>Pok\u0142ada\u0107 ufno\u015b\u0107 w Bo\u017cym mi\u0142osierdziu<br>Mam nadziej\u0119 \u017ce zauwa\u017cy\u0142a\u015b jednak<br>\u017be kocham Ci\u0119<br>I staram si\u0119 robi\u0107<br>Tak\u017ce dla Ciebie<br>Wszystko co tylko mog\u0119<\/em><\/p>\n","protected":false},"excerpt":{"rendered":"<p>Najdro\u017csza \u017bonoChcia\u0142em Ci\u0119 przeprosi\u0107Za wszystkie z\u0142e emocjeZa przyczyn\u0105 moj\u0105 Wiem \u017ce z\u0142oNapiera na CiebieZe strony chyba ka\u017cdejAby Ci\u0119 powali\u0107Na swoje usprawiedliwienie mamChyba tylko to\u017be ze&hellip; <\/p>\n","protected":false},"author":1,"featured_media":0,"parent":0,"menu_order":0,"comment_status":"closed","ping_status":"closed","template":"","meta":{"footnotes":""},"class_list":["post-8504","page","type-page","status-publish","hentry"],"_links":{"self":[{"href":"https:\/\/hubertpietka.bialystok.pl\/index.php?rest_route=\/wp\/v2\/pages\/8504","targetHints":{"allow":["GET"]}}],"collection":[{"href":"https:\/\/hubertpietka.bialystok.pl\/index.php?rest_route=\/wp\/v2\/pages"}],"about":[{"href":"https:\/\/hubertpietka.bialystok.pl\/index.php?rest_route=\/wp\/v2\/types\/page"}],"author":[{"embeddable":true,"href":"https:\/\/hubertpietka.bialystok.pl\/index.php?rest_route=\/wp\/v2\/users\/1"}],"replies":[{"embeddable":true,"href":"https:\/\/hubertpietka.bialystok.pl\/index.php?rest_route=%2Fwp%2Fv2%2Fcomments&post=8504"}],"version-history":[{"count":1,"href":"https:\/\/hubertpietka.bialystok.pl\/index.php?rest_route=\/wp\/v2\/pages\/8504\/revisions"}],"predecessor-version":[{"id":8506,"href":"https:\/\/hubertpietka.bialystok.pl\/index.php?rest_route=\/wp\/v2\/pages\/8504\/revisions\/8506"}],"wp:attachment":[{"href":"https:\/\/hubertpietka.bialystok.pl\/index.php?rest_route=%2Fwp%2Fv2%2Fmedia&parent=8504"}],"curies":[{"name":"wp","href":"https:\/\/api.w.org\/{rel}","templated":true}]}}