{"id":8508,"date":"2024-09-02T07:20:54","date_gmt":"2024-09-02T07:20:54","guid":{"rendered":"https:\/\/hubertpietka.bialystok.pl\/?page_id=8508"},"modified":"2024-09-02T07:20:54","modified_gmt":"2024-09-02T07:20:54","slug":"parodia-ukartowana-scisle-wedlug-szatana","status":"publish","type":"page","link":"https:\/\/hubertpietka.bialystok.pl\/?page_id=8508","title":{"rendered":"Parodia ukartowana \/ \u015bci\u015ble wed\u0142ug szatana"},"content":{"rendered":"\n<p>Rozp\u0119ta\u0142a si\u0119 nagonka<br>Trwa ju\u017c zreszt\u0105 od dawna<br>Na mnie i na \u017conk\u0119<br>Na naszych i nasze<br>Lepkie k\u0142amstwa wylewaj\u0105 si\u0119<br>Z ust r\u00f3\u017cnych<br>Byleby tylko nas zniszczy\u0107<br>W ka\u017cdej przestrzeni<br>Tak\u017ce publicznej<\/p>\n\n\n\n<p>Z\u0142o tak nas nienawidzi<br>Nienawidzi tak \u017cony<br>Bo jest dobra po prostu <br>Ma dobr\u0105 wol\u0119 intencje czyste<br>Z\u0142o dlatego tak nienawidzi<br>I chce j\u0105 zniszczy\u0107<br>Bo z\u0142o nienawidzi dobra<br>Ze mn\u0105 z nami naszymi naszym podobnie<br>Cho\u0107by z tymi zwierz\u0119tami<br>Przy okazji remont\u00f3w s\u0105siednich<\/p>\n\n\n\n<p>A to spotkanie wiejskie<br>To parodia by\u0142a istna<br>\u015aci\u015ble wed\u0142ug obranych tez<br>Nie zabrak\u0142o prowokacji i te\u017c<br>Byleby tylko zi\u015bci\u0107 zap\u0119dy z\u0142a<br>Zaszkodzi\u0107 nam<\/p>\n\n\n\n<p>Ta decyzja urz\u0119dowa niby zapad\u0142a rok temu<br>A oni teraz b\u0119d\u0105 j\u0105 wciela\u0107 w \u017cycie<br>I to zapewne bardzo szybko<br>Z przesuni\u0119ciem granicy<\/p>\n\n\n\n<p>Ukartowane wszystko<br>Od pocz\u0105tku do ko\u0144ca<br>I g\u0142osowanie jedynie s\u0142uszne<br>Bez mo\u017cliwo\u015bci zag\u0142osowania naszego wniosku<br>I przy okazji r\u00f3\u017cnych prowokacji<br>Uda si\u0119 pewnie na nas<br>R\u00f3\u017cnych bandyt\u00f3w nas\u0142a\u0107<br>Przecie\u017c oni mog\u0105 wszystko<br>Bo za plecami maj\u0105 z\u0142o<\/p>\n\n\n\n<p>Zreszt\u0105 i wsz\u0119dzie przecie\u017c<br>Na nas nagonki<br>Na nas antagonizowanie r\u00f3\u017cnych takich<br>Kt\u00f3rym akurat pasuje<br>Wype\u0142nia\u0107 wszelkie z\u0142a wytyczne<br>Byleby tylko w nas uderzy\u0107<br>Maj\u0105 oni swe r\u00f3\u017cne sposoby<br>By wykorzystywa\u0107 do wszystkiego ludzi<br>A wszystko w spos\u00f3b pod\u0142y<br>To jest chyba wyznacznik pewny<br>Wszystkich ich zbrodni<br>Do kt\u00f3rych wykorzystuj\u0105<br>Takich czy innych w sumie<br>Zawsze si\u0119 znajdzie przecie\u017c<br>Kto\u015b nieprawy wystarczaj\u0105co<br>By ze z\u0142em by\u0142o mu po drodze<\/p>\n\n\n\n<figure class=\"wp-block-gallery has-nested-images columns-default is-cropped wp-block-gallery-1 is-layout-flex wp-block-gallery-is-layout-flex\">\n<figure class=\"wp-block-image size-large\"><a href=\"https:\/\/hubertpietka.bialystok.pl\/wp-content\/uploads\/2024\/09\/20240901_204334-scaled.jpg\"><img loading=\"lazy\" decoding=\"async\" width=\"768\" height=\"1024\" data-id=\"8509\" src=\"https:\/\/hubertpietka.bialystok.pl\/wp-content\/uploads\/2024\/09\/20240901_204334-768x1024.jpg\" alt=\"\" class=\"wp-image-8509\" srcset=\"https:\/\/hubertpietka.bialystok.pl\/wp-content\/uploads\/2024\/09\/20240901_204334-768x1024.jpg 768w, https:\/\/hubertpietka.bialystok.pl\/wp-content\/uploads\/2024\/09\/20240901_204334-225x300.jpg 225w, https:\/\/hubertpietka.bialystok.pl\/wp-content\/uploads\/2024\/09\/20240901_204334-1152x1536.jpg 1152w, https:\/\/hubertpietka.bialystok.pl\/wp-content\/uploads\/2024\/09\/20240901_204334-1536x2048.jpg 1536w, https:\/\/hubertpietka.bialystok.pl\/wp-content\/uploads\/2024\/09\/20240901_204334-scaled.jpg 1920w\" sizes=\"auto, (max-width: 768px) 100vw, 768px\" \/><\/a><\/figure>\n<\/figure>\n\n\n\n<p><em>Na zdj. Dok\u0105d b\u0119dziecie napiera\u0107 na nas<br>Jak na ten s\u0142up pochylony<br>By go zwali\u0107<br>Jak na \u015bcian\u0119 skruszon\u0105<br>By w proch rozsypa\u0107 j\u0105<br>Ju\u017c si\u0119 czasem wydaje<br>\u017be nie ma moralno\u015bci<br>W tym \u015bwiecie<br>Licz\u0105 si\u0119 tylko czyje\u015b interesy<br>A ci kt\u00f3rzy przeszkadzaj\u0105 z\u0142u<br>Maj\u0105 by\u0107 usuni\u0119ci ze wszystkim<br>Wed\u0142ug totalno\u015bci z\u0142a zap\u0119d\u00f3w<br>Kt\u00f3re zawsze sprzeciwia si\u0119 dobru<br>Wszystko to wed\u0142ug szatana<br>Dobrze B\u00f3g to dopuszcza<br>Tym wi\u0119ksza b\u0119dzie Jego chwa\u0142a<br>A my jeste\u015bmy narz\u0119dziami tylko<br>W r\u0119kach Bo\u017cych<br>W tej i\u015bcie diabelskiej rozgrywce<br>Aby na jaw wysz\u0142y<br>Intencje serc wszystkich<br>Nie \u0142udzcie si\u0119 ni troch\u0119<br>B\u00f3g to wszystko w\u0142a\u015bciwie os\u0105dzi<br>Nawet je\u015bli si\u0119 wydaje<br>\u017be wszystkim ju\u017c rz\u0105dzi szatan<\/em><\/p>\n\n\n\n<p><strong>I ani mi Ani<br>Z nami naszymi naszym<br>Ja zawsze b\u0119d\u0119 si\u0119 sprzeciwia\u0142<br>Wszelkim zap\u0119dom diab\u0142a<br>I r\u00f3\u017cnych jego s\u0142ug<br>W tym czy innym<br>W jakichkolwiek zbrodniach<br>\u015amierci zniewolenia i zniszczenia<br>Wszelkich nieprawych tak naprawd\u0119 niesprawiedliwo\u015bciach<\/strong><\/p>\n","protected":false},"excerpt":{"rendered":"<p>Rozp\u0119ta\u0142a si\u0119 nagonkaTrwa ju\u017c zreszt\u0105 od dawnaNa mnie i na \u017conk\u0119Na naszych i naszeLepkie k\u0142amstwa wylewaj\u0105 si\u0119Z ust r\u00f3\u017cnychByleby tylko nas zniszczy\u0107W ka\u017cdej przestrzeniTak\u017ce publicznej&hellip; <\/p>\n","protected":false},"author":1,"featured_media":0,"parent":0,"menu_order":0,"comment_status":"closed","ping_status":"closed","template":"","meta":{"footnotes":""},"class_list":["post-8508","page","type-page","status-publish","hentry"],"_links":{"self":[{"href":"https:\/\/hubertpietka.bialystok.pl\/index.php?rest_route=\/wp\/v2\/pages\/8508","targetHints":{"allow":["GET"]}}],"collection":[{"href":"https:\/\/hubertpietka.bialystok.pl\/index.php?rest_route=\/wp\/v2\/pages"}],"about":[{"href":"https:\/\/hubertpietka.bialystok.pl\/index.php?rest_route=\/wp\/v2\/types\/page"}],"author":[{"embeddable":true,"href":"https:\/\/hubertpietka.bialystok.pl\/index.php?rest_route=\/wp\/v2\/users\/1"}],"replies":[{"embeddable":true,"href":"https:\/\/hubertpietka.bialystok.pl\/index.php?rest_route=%2Fwp%2Fv2%2Fcomments&post=8508"}],"version-history":[{"count":1,"href":"https:\/\/hubertpietka.bialystok.pl\/index.php?rest_route=\/wp\/v2\/pages\/8508\/revisions"}],"predecessor-version":[{"id":8510,"href":"https:\/\/hubertpietka.bialystok.pl\/index.php?rest_route=\/wp\/v2\/pages\/8508\/revisions\/8510"}],"wp:attachment":[{"href":"https:\/\/hubertpietka.bialystok.pl\/index.php?rest_route=%2Fwp%2Fv2%2Fmedia&parent=8508"}],"curies":[{"name":"wp","href":"https:\/\/api.w.org\/{rel}","templated":true}]}}