{"id":8540,"date":"2024-09-13T21:11:40","date_gmt":"2024-09-13T21:11:40","guid":{"rendered":"https:\/\/hubertpietka.bialystok.pl\/?page_id=8540"},"modified":"2024-09-13T21:11:40","modified_gmt":"2024-09-13T21:11:40","slug":"do-cna-skorumpowani-sludzy-slug-zla-rozni","status":"publish","type":"page","link":"https:\/\/hubertpietka.bialystok.pl\/?page_id=8540","title":{"rendered":"Do cna skorumpowani \/ s\u0142udzy s\u0142ug z\u0142a r\u00f3\u017cni"},"content":{"rendered":"\n<p>Pi\u0119knie si\u0119 ustawili z\u0142a s\u0142udzy<br>W stosunku do mnie<br>Skorumpowany Podwilk Podkrakowski bandyta pierwszy<br>W oko\u0142o mieszkania<br>Po drodze gdziekolwiek skorumpowane misie<br>Czy inne s\u0142u\u017cby<br>Przecie\u017c wszyscy mog\u0105 z\u0142u s\u0142u\u017cy\u0107<br>A tutaj skorumpowani bia\u0142oruscy bandyci<br>Na tych katolik\u00f3w<br>Cudnie korupcja bandycka wsz\u0119dzie<br>Gdziekolwiek by\u015b kroku nie zrobi\u0142<br>Czy chcia\u0142 znale\u017a\u0107 sobie miejsce<br>A misie skorumpowani<br>Czy inne s\u0142u\u017cby to przecie<br>Mog\u0105 i wsz\u0119dzie<\/p>\n\n\n\n<p>Do mojej \u017cony podobnie<br>Z tym \u017ce j\u0105 przecie\u017c<br>Chc\u0105 najpierw zabi\u0107<br>Dopiero jak si\u0119 nie uda<br>To zniewoli\u0107 odpowiednio<br>Przez tych zreszt\u0105 samych<br>R\u00f3\u017cnych takich skorumpowanych<\/p>\n\n\n\n<p>A nie s\u0105 skorumpowani<br>To tylko tak wychodzi<br>No przecie\u017c a jak\u017ce<br>S\u0142owo przeciwko s\u0142owu<br>A skorumpowania mog\u0105 by\u0107 r\u00f3\u017cne<br>Nie tylko przez pieni\u0105dze gratyfikacje<br>Ale i przez systemy uk\u0142ady<br>Czy uzale\u017cnienia r\u00f3\u017cnorakie<\/p>\n\n\n\n<p>Tak czy inaczej<br>Pi\u0119knie si\u0119 ustawili z\u0142a s\u0142udzy<br>R\u0119ka r\u0119k\u0119 myje<br>A kto\u015b przecie\u017c wykona<br>T\u0105 brudn\u0105 robot\u0119<br>W ich intratnym interesie<br>A co mo\u017ce nie<br>Nie pasuje im to mo\u017ce<br>Mnie zniewolenie zabicie podobnie \u017cony<br>Z nami naszymi i naszym<br>Podobnie te\u017c z r\u00f3\u017cnym tam takim<br>Nam szkodzeniem czyhaniem na nasze dobra mienie<\/p>\n\n\n\n<figure class=\"wp-block-gallery has-nested-images columns-default is-cropped wp-block-gallery-1 is-layout-flex wp-block-gallery-is-layout-flex\">\n<figure class=\"wp-block-image size-large\"><a href=\"https:\/\/hubertpietka.bialystok.pl\/wp-content\/uploads\/2024\/09\/IMG-20240913-WA0034.jpg\"><img loading=\"lazy\" decoding=\"async\" width=\"1024\" height=\"768\" data-id=\"8541\" src=\"https:\/\/hubertpietka.bialystok.pl\/wp-content\/uploads\/2024\/09\/IMG-20240913-WA0034-1024x768.jpg\" alt=\"\" class=\"wp-image-8541\" srcset=\"https:\/\/hubertpietka.bialystok.pl\/wp-content\/uploads\/2024\/09\/IMG-20240913-WA0034-1024x768.jpg 1024w, https:\/\/hubertpietka.bialystok.pl\/wp-content\/uploads\/2024\/09\/IMG-20240913-WA0034-300x225.jpg 300w, https:\/\/hubertpietka.bialystok.pl\/wp-content\/uploads\/2024\/09\/IMG-20240913-WA0034-768x576.jpg 768w, https:\/\/hubertpietka.bialystok.pl\/wp-content\/uploads\/2024\/09\/IMG-20240913-WA0034-1536x1152.jpg 1536w, https:\/\/hubertpietka.bialystok.pl\/wp-content\/uploads\/2024\/09\/IMG-20240913-WA0034.jpg 1600w\" sizes=\"auto, (max-width: 1024px) 100vw, 1024px\" \/><\/a><\/figure>\n<\/figure>\n\n\n\n<p>Na zdj. B\u0142. Micha\u0142 i \u015bw. Faustyna<br>W mi\u0142ych Kozi\u0144cach<br>Tak oni uderzaj\u0105<br>W te dwa skrzyd\u0142a<br>W \u017con\u0119 i w m\u0119\u017ca<br>I we wszystko i wszystkich wok\u00f3\u0142 nich<br>Za nic sobie maj\u0105<br>\u017bycia \u015bwi\u0119to\u015b\u0107 dzieci Bo\u017cych<br>Ci wsp\u00f3\u0142cze\u015bni poganie<br>Kt\u00f3rzy zreszt\u0105 tylko udaj\u0105 co innego i k\u0142ami\u0105<br>Z\u0142a s\u0142udzy<br>A w przeniesieniu partykularnym<br>Skoro walcz\u0105 z Bogiem<br>W taki czy inny spos\u00f3b<br>S\u0142udzy szatana<br>Czy im si\u0119 podoba ta nazwa czy nie<br>Ona okre\u015bla przecie\u017c istot\u0119 rzeczy<\/p>\n","protected":false},"excerpt":{"rendered":"<p>Pi\u0119knie si\u0119 ustawili z\u0142a s\u0142udzyW stosunku do mnieSkorumpowany Podwilk Podkrakowski bandyta pierwszyW oko\u0142o mieszkaniaPo drodze gdziekolwiek skorumpowane misieCzy inne s\u0142u\u017cbyPrzecie\u017c wszyscy mog\u0105 z\u0142u s\u0142u\u017cy\u0107A tutaj&hellip; <\/p>\n","protected":false},"author":1,"featured_media":0,"parent":0,"menu_order":0,"comment_status":"closed","ping_status":"closed","template":"","meta":{"footnotes":""},"class_list":["post-8540","page","type-page","status-publish","hentry"],"_links":{"self":[{"href":"https:\/\/hubertpietka.bialystok.pl\/index.php?rest_route=\/wp\/v2\/pages\/8540","targetHints":{"allow":["GET"]}}],"collection":[{"href":"https:\/\/hubertpietka.bialystok.pl\/index.php?rest_route=\/wp\/v2\/pages"}],"about":[{"href":"https:\/\/hubertpietka.bialystok.pl\/index.php?rest_route=\/wp\/v2\/types\/page"}],"author":[{"embeddable":true,"href":"https:\/\/hubertpietka.bialystok.pl\/index.php?rest_route=\/wp\/v2\/users\/1"}],"replies":[{"embeddable":true,"href":"https:\/\/hubertpietka.bialystok.pl\/index.php?rest_route=%2Fwp%2Fv2%2Fcomments&post=8540"}],"version-history":[{"count":1,"href":"https:\/\/hubertpietka.bialystok.pl\/index.php?rest_route=\/wp\/v2\/pages\/8540\/revisions"}],"predecessor-version":[{"id":8542,"href":"https:\/\/hubertpietka.bialystok.pl\/index.php?rest_route=\/wp\/v2\/pages\/8540\/revisions\/8542"}],"wp:attachment":[{"href":"https:\/\/hubertpietka.bialystok.pl\/index.php?rest_route=%2Fwp%2Fv2%2Fmedia&parent=8540"}],"curies":[{"name":"wp","href":"https:\/\/api.w.org\/{rel}","templated":true}]}}