{"id":8548,"date":"2024-09-18T07:55:29","date_gmt":"2024-09-18T07:55:29","guid":{"rendered":"https:\/\/hubertpietka.bialystok.pl\/?page_id=8548"},"modified":"2024-09-18T07:55:29","modified_gmt":"2024-09-18T07:55:29","slug":"oskarzac-oskarzac-do-cna-by-tylko-zniewalac-niszczyc-zabijac","status":"publish","type":"page","link":"https:\/\/hubertpietka.bialystok.pl\/?page_id=8548","title":{"rendered":"Oskar\u017ca\u0107 oskar\u017ca\u0107 do cna \/ by tylko zniewala\u0107 niszczy\u0107 zabija\u0107"},"content":{"rendered":"\n<p>Wszystko powtarza si\u0119<br>Tak samo jak z Jezusem<br>Jak B\u00f3g ma nie zareagowa\u0107<br>Skoro oni znowu chc\u0105 zrobi\u0107 to samo<\/p>\n\n\n\n<p>Jak Jezusa oskar\u017cali<br>O zak\u0142\u00f3canie porz\u0105dku i \u0142adu publicznego<br>I wichrzycielstwo wszelkie<br>Ob\u0142udni faryzeusze<br>Tak i teraz<br>Jak Jego pr\u00f3bowali pochwyci\u0107<br>Na jakim\u015b s\u0142owie cho\u0107by<br>Ale nie tylko<br>Te\u017c bardzo realnie czyli ciele\u015bnie<br>Tak i teraz tak\u017ce<\/p>\n\n\n\n<p>B\u00f3g dozwoli\u0142 by to zrobili<br>Z Synem Bo\u017cym<br>Bo On by\u0142 Bogiem<br>I przez to \u015bwiat odkupi\u0142<br>A teraz to samo chc\u0105 robi\u0107 niemal identycznie<br>Z tym synem jego cz\u0142owieczym<br>I B\u00f3g ma na to spokojnie popatrze\u0107 Sobie<br>Wed\u0142ug k\u0142amstw r\u00f3\u017cnych s\u0142ug z\u0142a<\/p>\n\n\n\n<p>Co oni zrobili z tym tu \u015bwiatem<br>\u017be oskar\u017cenia donosicielstwo<br>Ma by\u0107 jego wyrazem<br>\u017be stworzyli przestrze\u0144<br>Alienacji i wyobcowania osaczenia z\u0142em <br>Poza z\u0142a s\u0142ugami oczywi\u015bcie <br>Kt\u00f3rzy przecie\u017c w z\u0142u wszelkim<br>Mog\u0105 si\u0119 \u0142\u0105czy\u0107 zawsze swobodnie<br>\u017be d\u0105\u017cenie do zbrodni<br>Jest wa\u017cniejsze ni\u017c obrona warto\u015bci<br>\u017be mo\u017cna zabija\u0107 bezkarnie oskar\u017ca\u0107<br>Ale broni\u0107 si\u0119 przed z\u0142em<br>To ju\u017c nie to <em>be<\/em><\/p>\n\n\n\n<p>A teraz<br>Kto jest bandyt\u0105<br>Jak nie ten kto napada\u0107 nieustannie chce<br>Tylko mu si\u0119 nie udaje<br>P\u00f3ki co<br>Ale jak si\u0119 ju\u017c uda<br>Jaka\u015b napa\u015b\u0107<br>To te\u017c nie b\u0119dzie bandyt\u0105<br>Kimkolwiek jest zreszt\u0105<br>To jest tylko partycypowanie s\u0142owem<br>Tego co oni i r\u00f3\u017cni s\u0142udzy z\u0142a<br>Chc\u0105 nieustannie robi\u0107<br>A nie chc\u0105<br>To sk\u0105d niby to wszystko<\/p>\n\n\n\n<p>I czy skorumpowanie<br>Nie jest z\u0142em czasem cho\u0107by<br>Kt\u00f3re chc\u0105 czyni\u0107 r\u00f3\u017cni<br>Oni z\u0142a s\u0142udzy<br>Do tego w\u0142a\u015bnie d\u0105\u017c\u0105<br>By z\u0142a nie nazywa\u0107 z\u0142em<br>A dobra dobrem<br>I \u017ce niby z\u0142o<br>Kt\u00f3re ma si\u0119 komu\u015b uczyni\u0107<br>Ma by\u0107 dobrem<br>W wymiarze jakim\u015b innym<br>I nie mo\u017cna si\u0119 przecie\u017c<br>Broni\u0107 przed z\u0142em<br>Nazywa\u0107 je po imieniu te\u017c<br>Bo to jest <em>fe<\/em><br>W \u015bwiecie w kt\u00f3rym<br>Ma panowa\u0107 zbrodnia przemoc<br>Wszelkie k\u0142amstwa i z\u0142y duch wszelkiego oskar\u017cania<br>A ci powinni si\u0119 podda\u0107 ka\u017cdemu z\u0142u<br>Bo przecie\u017c tego chce<br>W\u0142adza mo\u017cni silniejsi itp<br>Kimkolwiek s\u0105 zreszt\u0105<\/p>\n\n\n\n<p>To tak jak z napa\u015bci\u0105 Rosji na Ukrain\u0119<br>Nie mo\u017cna ich nazywa\u0107 bandytami<br>Mimo \u017ce to na niewinnych<br>Przecie\u017c zbrodnicza napa\u015b\u0107<br>A to zapewne ludzko\u015bci dobrodzieje<br>Kt\u00f3rzy bior\u0105 co chc\u0105<br>Bo przecie\u017c z ramienia przemocy<br>To akurat mo\u017cna wszystko<\/p>\n\n\n\n<p>Albo z zabijaniem<br>\u017bony bliskich i mnie<br>Nie oszukujemy si\u0119<br>Oni przecie\u017c mog\u0105 wszystko<br>A ty nie powiniene\u015b<br>Nawet i pisn\u0105\u0107<br>Tylko si\u0119 zgodzi\u0107<br>Na to z\u0142o totalne<br>Kt\u00f3re ma zapanowa\u0107 ca\u0142kowicie<br>Nad tym \u015bwiatem<br>Oni maj\u0105 prawo przecie\u017c<br>Do wszelkich zbrodni i przemocy<br>A ty nie powiniene\u015b<br>Si\u0119 nawet broni\u0107 swoich swego<br>Co oni zrobili z tym \u015bwiatem<br>Ci r\u00f3\u017cni z\u0142a s\u0142udzy<br>\u017be ca\u0142kowicie odwr\u00f3cili poj\u0119cia<br>Przekr\u0119cili moralno\u015bci porz\u0105dek<br>I wszyscy si\u0119 maj\u0105 z tym zgodzi\u0107<br>A kto nie godzi si\u0119<br>To go z tego \u015bwiata wet i precz<br>Zbrodniami oskar\u017ceniami przecie\u017c broni si\u0119<br>K\u0142amstwa i ob\u0142ud\u0119 wszelk\u0105<br>Zbrodniami \u015bmierci zniewolenia uciszenia<br>Przecie\u017c z\u0142o ma zdominowa\u0107 wszystko<\/p>\n\n\n\n<figure class=\"wp-block-gallery has-nested-images columns-default is-cropped wp-block-gallery-1 is-layout-flex wp-block-gallery-is-layout-flex\">\n<figure class=\"wp-block-image size-large\"><a href=\"https:\/\/hubertpietka.bialystok.pl\/wp-content\/uploads\/2024\/09\/IMG-20240916-WA0053.jpg\"><img loading=\"lazy\" decoding=\"async\" width=\"768\" height=\"1024\" data-id=\"8549\" src=\"https:\/\/hubertpietka.bialystok.pl\/wp-content\/uploads\/2024\/09\/IMG-20240916-WA0053-768x1024.jpg\" alt=\"\" class=\"wp-image-8549\" srcset=\"https:\/\/hubertpietka.bialystok.pl\/wp-content\/uploads\/2024\/09\/IMG-20240916-WA0053-768x1024.jpg 768w, https:\/\/hubertpietka.bialystok.pl\/wp-content\/uploads\/2024\/09\/IMG-20240916-WA0053-225x300.jpg 225w, https:\/\/hubertpietka.bialystok.pl\/wp-content\/uploads\/2024\/09\/IMG-20240916-WA0053-1152x1536.jpg 1152w, https:\/\/hubertpietka.bialystok.pl\/wp-content\/uploads\/2024\/09\/IMG-20240916-WA0053.jpg 1200w\" sizes=\"auto, (max-width: 768px) 100vw, 768px\" \/><\/a><\/figure>\n<\/figure>\n\n\n\n<p><em>Na zdj. Oni nawet nie chc\u0105 mi nam naszemu pozwoli\u0107<br>Uprawia\u0107 r\u00f3\u017cnych swych ogr\u00f3dk\u00f3w<br>W r\u00f3\u017cnych przestrzeniach<br>Nie pasuje to z\u0142u<br>Bo jeste\u015bmy \u015bwiadkami<br>Przeciw ich r\u00f3\u017cnym z\u0142ym czynom<br>I k\u0142amstwom hipokryzji wszelkiej<br>Trzeba nas zdusi\u0107<br>By nie by\u0142o odmiennego \u015bwiadectwa<br>I B\u00f3g ma to wszystko<br>Se spokojnie przyj\u0105\u0107<br>Wed\u0142ug ich k\u0142amstw pod\u0142ych<br>To \u017ce to samo<br>Ci\u0105gle chc\u0105 robi\u0107<br>W te same sposoby<br>Z tym jego synem<br>Co z Synem Bo\u017cym<br>Pod\u0142o\u015b\u0107 jest wymiarem<br>Wszelkich tych d\u0105\u017ce\u0144<br>R\u00f3\u017cnych s\u0142ug z\u0142a wed\u0142ug szatana<\/em><\/p>\n","protected":false},"excerpt":{"rendered":"<p>Wszystko powtarza si\u0119Tak samo jak z JezusemJak B\u00f3g ma nie zareagowa\u0107Skoro oni znowu chc\u0105 zrobi\u0107 to samo Jak Jezusa oskar\u017caliO zak\u0142\u00f3canie porz\u0105dku i \u0142adu publicznegoI&hellip; <\/p>\n","protected":false},"author":1,"featured_media":0,"parent":0,"menu_order":0,"comment_status":"closed","ping_status":"closed","template":"","meta":{"footnotes":""},"class_list":["post-8548","page","type-page","status-publish","hentry"],"_links":{"self":[{"href":"https:\/\/hubertpietka.bialystok.pl\/index.php?rest_route=\/wp\/v2\/pages\/8548","targetHints":{"allow":["GET"]}}],"collection":[{"href":"https:\/\/hubertpietka.bialystok.pl\/index.php?rest_route=\/wp\/v2\/pages"}],"about":[{"href":"https:\/\/hubertpietka.bialystok.pl\/index.php?rest_route=\/wp\/v2\/types\/page"}],"author":[{"embeddable":true,"href":"https:\/\/hubertpietka.bialystok.pl\/index.php?rest_route=\/wp\/v2\/users\/1"}],"replies":[{"embeddable":true,"href":"https:\/\/hubertpietka.bialystok.pl\/index.php?rest_route=%2Fwp%2Fv2%2Fcomments&post=8548"}],"version-history":[{"count":1,"href":"https:\/\/hubertpietka.bialystok.pl\/index.php?rest_route=\/wp\/v2\/pages\/8548\/revisions"}],"predecessor-version":[{"id":8550,"href":"https:\/\/hubertpietka.bialystok.pl\/index.php?rest_route=\/wp\/v2\/pages\/8548\/revisions\/8550"}],"wp:attachment":[{"href":"https:\/\/hubertpietka.bialystok.pl\/index.php?rest_route=%2Fwp%2Fv2%2Fmedia&parent=8548"}],"curies":[{"name":"wp","href":"https:\/\/api.w.org\/{rel}","templated":true}]}}