{"id":8557,"date":"2024-09-21T19:00:34","date_gmt":"2024-09-21T19:00:34","guid":{"rendered":"https:\/\/hubertpietka.bialystok.pl\/?page_id=8557"},"modified":"2024-09-21T19:00:34","modified_gmt":"2024-09-21T19:00:34","slug":"zarazliwe-bandyctwo-wszelkie-tradem-grzechu","status":"publish","type":"page","link":"https:\/\/hubertpietka.bialystok.pl\/?page_id=8557","title":{"rendered":"Zara\u017aliwe bandyctwo wszelkie \/ tr\u0105dem grzechu"},"content":{"rendered":"\n<p>Misiaki z\u0142em skorumpowane<br>Pokazuj\u0105 zdecydowanie<br>\u017be bandyt\u0105 mo\u017ce by\u0107 ka\u017cdy<br>Tudzie\u017c inne s\u0142u\u017cby<br>I cho\u0107by ci bandyci bia\u0142oruscy<br>Czy Podkrakowski Podwilk<\/p>\n\n\n\n<p>Ka\u017cdy mo\u017ce by\u0107 bandyt\u0105<br>Ka\u017cdy mo\u017ce napada\u0107<br>Ka\u017cdy mo\u017ce zabija\u0107 cho\u0107by \u017con\u0119<br>Niszczy\u0107 nas nasze naszych szkodzi\u0107<br>Ka\u017cdy mo\u017ce by\u0107 bandyt\u0105<br>Takim jak oni<br>Kt\u00f3rzy za tym stoj\u0105<\/p>\n\n\n\n<p>Jakby nie to<br>\u017be jeste\u015bmy w Polsce<br>To pomy\u015bla\u0142bym \u017ce to jacy\u015b Ruscy mo\u017ce<br>Bo dzisiaj si\u0119 dowiedzia\u0142em<br>\u017be chc\u0105 zagarnia\u0107 czytaj napada\u0107<br>Kraje ba\u0142tyckie<br>By broni\u0107 Kr\u00f3lewca<br>Zagarni\u0119tego przecie\u017c wcze\u015bniej od Polski<\/p>\n\n\n\n<p>Bo to taka dialektyka mniej wi\u0119cej jest<br>Chc\u0119 napada\u0107 niszczy\u0107 zabija\u0107<br>To przecie\u017c mog\u0119<br>Bo mam w r\u0119ku w\u0142adz\u0119<br>Czy dysponuj\u0119 przemoc\u0105<br>Lub innymi \u015brodkami pod\u0142ymi<br>Dialektyka ni mniej ni\u017c wi\u0119cej<br>Ale bandyty<\/p>\n\n\n\n<figure class=\"wp-block-gallery has-nested-images columns-default is-cropped wp-block-gallery-1 is-layout-flex wp-block-gallery-is-layout-flex\">\n<figure class=\"wp-block-image size-large\"><a href=\"https:\/\/hubertpietka.bialystok.pl\/wp-content\/uploads\/2024\/09\/IMG-20240920-WA0003.jpg\"><img loading=\"lazy\" decoding=\"async\" width=\"768\" height=\"1024\" data-id=\"8558\" src=\"https:\/\/hubertpietka.bialystok.pl\/wp-content\/uploads\/2024\/09\/IMG-20240920-WA0003-768x1024.jpg\" alt=\"\" class=\"wp-image-8558\" srcset=\"https:\/\/hubertpietka.bialystok.pl\/wp-content\/uploads\/2024\/09\/IMG-20240920-WA0003-768x1024.jpg 768w, https:\/\/hubertpietka.bialystok.pl\/wp-content\/uploads\/2024\/09\/IMG-20240920-WA0003-225x300.jpg 225w, https:\/\/hubertpietka.bialystok.pl\/wp-content\/uploads\/2024\/09\/IMG-20240920-WA0003-1152x1536.jpg 1152w, https:\/\/hubertpietka.bialystok.pl\/wp-content\/uploads\/2024\/09\/IMG-20240920-WA0003.jpg 1200w\" sizes=\"auto, (max-width: 768px) 100vw, 768px\" \/><\/a><\/figure>\n<\/figure>\n\n\n\n<p><em>Na zdj. Chrystus Kr\u00f3l<br>Taki czy inny bandyto st\u00f3j<br>Dlaczego chcesz nas\u0142a\u0107 na siebie<br>I przy okazji na ca\u0142y ten \u015bwiat<br>Gniew Boga<br>Bo te r\u00f3\u017cne pod\u0142o\u015bci piekielne<br>Wo\u0142aj\u0105 do niego od dawna<br>O pomst\u0119<br>Nie tylko na bandyt\u00f3w<br>Ale wszystkich kt\u00f3rzy<br>W tym wsp\u00f3\u0142uczestnicz\u0105<br>Lub przygl\u0105daj\u0105 si\u0119 biernie<br>Chcecie ko\u0144ca \u015bwiata<br>To go odpowiednio dostaniecie<br>Nie my\u015blcie sobie bandyci<br>\u017be mo\u017cecie z Boga szydzi\u0107<\/em><\/p>\n","protected":false},"excerpt":{"rendered":"<p>Misiaki z\u0142em skorumpowanePokazuj\u0105 zdecydowanie\u017be bandyt\u0105 mo\u017ce by\u0107 ka\u017cdyTudzie\u017c inne s\u0142u\u017cbyI cho\u0107by ci bandyci bia\u0142oruscyCzy Podkrakowski Podwilk Ka\u017cdy mo\u017ce by\u0107 bandyt\u0105Ka\u017cdy mo\u017ce napada\u0107Ka\u017cdy mo\u017ce zabija\u0107 cho\u0107by&hellip; <\/p>\n","protected":false},"author":1,"featured_media":0,"parent":0,"menu_order":0,"comment_status":"closed","ping_status":"closed","template":"","meta":{"footnotes":""},"class_list":["post-8557","page","type-page","status-publish","hentry"],"_links":{"self":[{"href":"https:\/\/hubertpietka.bialystok.pl\/index.php?rest_route=\/wp\/v2\/pages\/8557","targetHints":{"allow":["GET"]}}],"collection":[{"href":"https:\/\/hubertpietka.bialystok.pl\/index.php?rest_route=\/wp\/v2\/pages"}],"about":[{"href":"https:\/\/hubertpietka.bialystok.pl\/index.php?rest_route=\/wp\/v2\/types\/page"}],"author":[{"embeddable":true,"href":"https:\/\/hubertpietka.bialystok.pl\/index.php?rest_route=\/wp\/v2\/users\/1"}],"replies":[{"embeddable":true,"href":"https:\/\/hubertpietka.bialystok.pl\/index.php?rest_route=%2Fwp%2Fv2%2Fcomments&post=8557"}],"version-history":[{"count":1,"href":"https:\/\/hubertpietka.bialystok.pl\/index.php?rest_route=\/wp\/v2\/pages\/8557\/revisions"}],"predecessor-version":[{"id":8559,"href":"https:\/\/hubertpietka.bialystok.pl\/index.php?rest_route=\/wp\/v2\/pages\/8557\/revisions\/8559"}],"wp:attachment":[{"href":"https:\/\/hubertpietka.bialystok.pl\/index.php?rest_route=%2Fwp%2Fv2%2Fmedia&parent=8557"}],"curies":[{"name":"wp","href":"https:\/\/api.w.org\/{rel}","templated":true}]}}