{"id":8740,"date":"2024-11-11T12:58:08","date_gmt":"2024-11-11T12:58:08","guid":{"rendered":"https:\/\/hubertpietka.bialystok.pl\/?page_id=8740"},"modified":"2024-11-11T12:58:08","modified_gmt":"2024-11-11T12:58:08","slug":"psychopaci-totalnie-zlem-zepsuci","status":"publish","type":"page","link":"https:\/\/hubertpietka.bialystok.pl\/?page_id=8740","title":{"rendered":"Psychopaci \/ totalnie z\u0142em zepsuci"},"content":{"rendered":"\n<p>Ob\u0142uda i perfidia<br>Pod\u0142a chyba jak nic<br>K\u0142amstw tego pieprzonego tym bandyctwa<br>Przekracza ju\u017c chyba zdrowe zmys\u0142y<\/p>\n\n\n\n<p>To s\u0105 chyba psychopaci<br>Kt\u00f3rzy czyim\u015b \u017cyciem si\u0119 bawi\u0105<br>I chyba czerpi\u0105 z tego<br>Wyst\u0119pn\u0105 zepsut\u0105 jak\u0105\u015b rado\u015b\u0107<br>Na wskro\u015b zdemoralizowani<br>Z\u0142em szata\u0144skim<br>Szatan podobnie si\u0119 lud\u017ami bawi<\/p>\n\n\n\n<p>Wysy\u0142aj\u0105 mi jakie\u015b teksty<br>Pieprzeni takim k\u0142amstwem bandyci<br>Niby przez \u017con\u0119<br>\u017be niby ja si\u0119 mam<br>Z jakim\u015b pod\u0142ym ich z\u0142em<br>Szata\u0144skiego pochodzenia zgodzi\u0107<\/p>\n\n\n\n<p>Zabi\u0107 \u017con\u0119 zwierz\u0119ta mnie zniewoli\u0107<br>Uderza\u0107 w nas naszych nasze<br>C\u00f3\u017c za pod\u0142o\u015b\u0107 zepsuta z\u0142em<br>Doskonale czerpi\u0105 od swego ojca<br>Ojca wszelkich k\u0142amstw pod\u0142ych<\/p>\n\n\n\n<p>Psychopaci<br>Dla nich \u015bmier\u0107 to igraszka<br>Najlepiej wszystko te\u017c<br>Jak najpodlej perfidnie ob\u0142udnie wyst\u0119pnie<br>I skompromitowa\u0107 kogo\u015b przy okazji<br>Ciekawe czy B\u00f3g<br>Si\u0119 szatanowi i jego s\u0142ugom<br>Skompromitowa\u0107 da te\u017c ostatecznie<\/p>\n\n\n\n<p>Bo ta ich kpina<br>Z wszelkiej elementarnej przyzwoito\u015bci<br>To chyba ju\u017c dawno przekroczy\u0142a<br>Wszelkie mo\u017cliwe granice<br>A teraz to ur\u0105ga<br>Bezczelnie zdrowym zmys\u0142om nawet<\/p>\n\n\n\n<p>Zepsuci ob\u0142udnymi k\u0142amstwami psychopaci<br>A jak to nazwa\u0107<br>Skoro oni z k\u0142amstw najgorszych<br>I czyich\u015b nieszcz\u0119\u015b\u0107<br>Czerpi\u0105 przyjemno\u015b\u0107<\/p>\n\n\n\n<p>Kpi\u0105 se w \u017cywe oczy<br>W spos\u00f3b jak najpodlejszy<br>Niewa\u017cne nic czy dzie\u0144 czy te\u017c noc<br>\u015awi\u0119to czy nie \u015bwi\u0119to<br>Byleby tylko spe\u0142nia\u0107 szata\u0144skie zap\u0119dy<br>Ludzie kiedy\u017c przejrzycie<br>By ujrze\u0107 jakie s\u0105 ich<br>Prawdziwe intencje<br>I wszystko po szata\u0144sku<\/p>\n\n\n\n<figure class=\"wp-block-gallery has-nested-images columns-default is-cropped wp-block-gallery-1 is-layout-flex wp-block-gallery-is-layout-flex\">\n<figure class=\"wp-block-image size-large\"><a href=\"https:\/\/hubertpietka.bialystok.pl\/wp-content\/uploads\/2024\/11\/IMG-20241108-WA0013.jpg\"><img loading=\"lazy\" decoding=\"async\" width=\"768\" height=\"1024\" data-id=\"8741\" src=\"https:\/\/hubertpietka.bialystok.pl\/wp-content\/uploads\/2024\/11\/IMG-20241108-WA0013-768x1024.jpg\" alt=\"\" class=\"wp-image-8741\" srcset=\"https:\/\/hubertpietka.bialystok.pl\/wp-content\/uploads\/2024\/11\/IMG-20241108-WA0013-768x1024.jpg 768w, https:\/\/hubertpietka.bialystok.pl\/wp-content\/uploads\/2024\/11\/IMG-20241108-WA0013-225x300.jpg 225w, https:\/\/hubertpietka.bialystok.pl\/wp-content\/uploads\/2024\/11\/IMG-20241108-WA0013-1152x1536.jpg 1152w, https:\/\/hubertpietka.bialystok.pl\/wp-content\/uploads\/2024\/11\/IMG-20241108-WA0013.jpg 1200w\" sizes=\"auto, (max-width: 768px) 100vw, 768px\" \/><\/a><\/figure>\n<\/figure>\n\n\n\n<p><em>Na zdj. Jezu ufam Tobie<br>Wbrew tym wszystkim szata\u0144skim pod\u0142o\u015bciom<br>Tego ca\u0142ego wszelkiego bandyctwa<br>A ostatnio mam wra\u017cenie<br>\u017be im podlej podst\u0119pniej<br>To tym lepiej<br>Czy wy naprawd\u0119 nie widzicie<br>Nie wiecie sk\u0105d to mo\u017ce<br>Wszystko pochodzi\u0107<br>Taka ob\u0142udna k\u0142amliwo\u015b\u0107 perfidna<br>Tego ca\u0142ego psychopatycznego bandyctwa<br>A najwi\u0119kszym psychopat\u0105 jest szatan<br>I zobacz jak si\u0119 oni<br>Przy tym \u015bwietnie bawi\u0105<br>Przy in\u017cynierii czyich\u015b nieszcz\u0119\u015b\u0107<br>Dok\u0142adnie jak szatan<\/em><\/p>\n","protected":false},"excerpt":{"rendered":"<p>Ob\u0142uda i perfidiaPod\u0142a chyba jak nicK\u0142amstw tego pieprzonego tym bandyctwaPrzekracza ju\u017c chyba zdrowe zmys\u0142y To s\u0105 chyba psychopaciKt\u00f3rzy czyim\u015b \u017cyciem si\u0119 bawi\u0105I chyba czerpi\u0105 z&hellip; <\/p>\n","protected":false},"author":1,"featured_media":0,"parent":0,"menu_order":0,"comment_status":"closed","ping_status":"closed","template":"","meta":{"footnotes":""},"class_list":["post-8740","page","type-page","status-publish","hentry"],"_links":{"self":[{"href":"https:\/\/hubertpietka.bialystok.pl\/index.php?rest_route=\/wp\/v2\/pages\/8740","targetHints":{"allow":["GET"]}}],"collection":[{"href":"https:\/\/hubertpietka.bialystok.pl\/index.php?rest_route=\/wp\/v2\/pages"}],"about":[{"href":"https:\/\/hubertpietka.bialystok.pl\/index.php?rest_route=\/wp\/v2\/types\/page"}],"author":[{"embeddable":true,"href":"https:\/\/hubertpietka.bialystok.pl\/index.php?rest_route=\/wp\/v2\/users\/1"}],"replies":[{"embeddable":true,"href":"https:\/\/hubertpietka.bialystok.pl\/index.php?rest_route=%2Fwp%2Fv2%2Fcomments&post=8740"}],"version-history":[{"count":1,"href":"https:\/\/hubertpietka.bialystok.pl\/index.php?rest_route=\/wp\/v2\/pages\/8740\/revisions"}],"predecessor-version":[{"id":8742,"href":"https:\/\/hubertpietka.bialystok.pl\/index.php?rest_route=\/wp\/v2\/pages\/8740\/revisions\/8742"}],"wp:attachment":[{"href":"https:\/\/hubertpietka.bialystok.pl\/index.php?rest_route=%2Fwp%2Fv2%2Fmedia&parent=8740"}],"curies":[{"name":"wp","href":"https:\/\/api.w.org\/{rel}","templated":true}]}}