{"id":8767,"date":"2024-11-19T17:04:00","date_gmt":"2024-11-19T17:04:00","guid":{"rendered":"https:\/\/hubertpietka.bialystok.pl\/?page_id=8767"},"modified":"2024-11-19T17:04:00","modified_gmt":"2024-11-19T17:04:00","slug":"moje-zmagania-ze-sluzbami-bezpieczenstwa-totalitarnego-panstwa","status":"publish","type":"page","link":"https:\/\/hubertpietka.bialystok.pl\/?page_id=8767","title":{"rendered":"Moje zmagania ze s\u0142u\u017cbami bezpiecze\u0144stwa \/ totalitarnego pa\u0144stwa"},"content":{"rendered":"\n<p>Oce\u0144cie sami<br>Moje zmagania z tymi bandytami<br>Dwa dni tylko ostatnie<br>Wezm\u0119 tu pod uwag\u0119<br>Ale prosz\u0119 mi wierzy\u0107<br>\u017be to nie jest jednostkowe<br>I \u017ce tak jest i niemal nieustannie<\/p>\n\n\n\n<p>Zaczniumy od dzisiaj<br>To miejsce jako\u015b upodobali sobie<br>Misiowi bandyci<\/p>\n\n\n\n<p>Wyje\u017cd\u017ca\u0142em z podporz\u0105dkowanej na chyba drog\u0119 gminn\u0105<br>Tak czy inaczej teren niezabudowany<br>Warunki drogowe trudne<br>Deszcz zacinaj\u0105cy bardzo r\u00f3wno<br>No i noc oczywi\u015bcie<br>Z przeciwnej strony naje\u017cd\u017ca\u0142y<br>Dwa samochody w tym drugi<br>To ten misiow\u00f3z<br>Poniewa\u017c linii \u015brodkowych wida\u0107 nie by\u0142o wcale<br>Szerokim \u0142ukiem wyje\u017cd\u017ca\u0142em<br>By mnie nie zachaczy\u0142 kt\u00f3ry\u015b<br>Wyje\u017cd\u017ca\u0142em zachaczaj\u0105c o pobocze<br>Bynajmniej nie wje\u017cd\u017caj\u0105c do rowu<br>Jak instruowali ci bandyci misiowi<br>I oni to widz\u0105c zawr\u00f3cili<br>I mnie oczywiste zatrzymali<br>\u017be niebezpiecznie wyje\u017cd\u017ca\u0142em<br>I to pi\u0119knie zanotowali<br>Mimo \u017ce ja przecie\u017c wyje\u017cd\u017ca\u0142em<br>Rzec mo\u017cna hiperbezpiecznie<br>I po tej notatce zapewnie<br>Kilkadziesi\u0105t kilometr\u00f3w jechali za mn\u0105<br>Pewnie misiowi tajniacy<br>\u017beby m\u00f3c odpowiednio wykaza\u0107<br>\u017be ja przecie\u017c je\u017cd\u017c\u0105 niebezpiecznie<br>I dalej miejscami by\u0142o chyba to samo<br>A po czym to poznaj\u0119<br>A po tym \u017ce jako\u015b<br>Jak ci bandyci misiowi<br>Przede mn\u0105 lub za mn\u0105 i jad\u0105<br>To zanika ruch normalny<br>Nikt nikogo nie wyprzedza<br>W t\u0105 stron\u0119 w kt\u00f3r\u0105 akurat jad\u0119<\/p>\n\n\n\n<p>I tak samo by\u0142o zreszt\u0105 i wczoraj<br>Z innej troch\u0119 Podlasia strony<br>Z naprzeciwka sznur samochod\u00f3w<br>A przy moim powrocie<br>Ci misiowi bandyci i nikt wi\u0119cej inny<br>Przypadek to dlaczego<br>Je\u015bli im si\u0119 nie uda\u0142o<br>To polowali na mnie potem na stacji<br>S\u0142u\u017calcy medyczni by mnie dopa\u015b\u0107<br>Te\u017c zawsze pod pretekstem odpowiednim<br>Tym razem mia\u0142 to by\u0107<br>Nie mniej ni\u017c wi\u0119cej<br>A pewien cudzoziemiec<br>Kt\u00f3ry tankowa\u0142 r\u00f3wnolegle<br>Z dystrybutora tego samego<br>Zapewne mia\u0142 si\u0119 pomyli\u0107<br>Przy tej zap\u0142acie<br>U by\u0142aby afera<br>Kt\u00f3r\u0105 w spos\u00f3b zapewne jedynie s\u0142uszny<br>Rozwi\u0105zali by ci s\u0142u\u017calcy medyczni<br>Z odpowiednim mnie uziemieniem<br>Trzeba broni\u0107 przecie\u017c cudzoziemc\u00f3w<br>Tym bardziej \u017ce mo\u017cna<br>To wykorzysta\u0107 odpowiednio<br>Przeciwko mnie<br>I prosz\u0119 mi wierzy\u0107<br>\u017be to sytuacje niejednostkowe<\/p>\n\n\n\n<p>Te s\u0142u\u017cby tamte inne jeszcze<br>Wszystko maj\u0105 ci bandyci<br>W swym kompleksie zbrodniczym<br>Jak to si\u0119 dzieje<br>\u017be ka\u017cda pod\u0142o\u015b\u0107 k\u0142amstwo<br>Ma by\u0107 dla mnie<br>Ze skutkiem bandyckim jedynie s\u0142usznym<br>W przypadku chyba wszystkich s\u0142u\u017cb<\/p>\n\n\n\n<p>A u osoby prywatne<br>Indywidualnie i zbiorowo<br>Dzia\u0142a\u0107 maj\u0105 w zgodzie<br>Z zamys\u0142ami ob\u0142udnymi<br>Tych bandyt\u00f3w<br>Tak\u017ce jest cudnie<br>Zastraszy\u0107 zaszczu\u0107 cho\u0107by<br>Ale przede wszystkim odpowiednio dopa\u015b\u0107<\/p>\n\n\n\n<figure class=\"wp-block-image size-large\"><a href=\"https:\/\/hubertpietka.bialystok.pl\/wp-content\/uploads\/2024\/11\/IMG-20241114-WA0044.jpg\"><img loading=\"lazy\" decoding=\"async\" width=\"768\" height=\"1024\" src=\"https:\/\/hubertpietka.bialystok.pl\/wp-content\/uploads\/2024\/11\/IMG-20241114-WA0044-768x1024.jpg\" alt=\"\" class=\"wp-image-8768\" srcset=\"https:\/\/hubertpietka.bialystok.pl\/wp-content\/uploads\/2024\/11\/IMG-20241114-WA0044-768x1024.jpg 768w, https:\/\/hubertpietka.bialystok.pl\/wp-content\/uploads\/2024\/11\/IMG-20241114-WA0044-225x300.jpg 225w, https:\/\/hubertpietka.bialystok.pl\/wp-content\/uploads\/2024\/11\/IMG-20241114-WA0044-1152x1536.jpg 1152w, https:\/\/hubertpietka.bialystok.pl\/wp-content\/uploads\/2024\/11\/IMG-20241114-WA0044.jpg 1200w\" sizes=\"auto, (max-width: 768px) 100vw, 768px\" \/><\/a><\/figure>\n\n\n\n<p>Na zdj. <em>Je-dwa-bne<\/em> tylko <em>jedynie dwa dni<\/em><br>Tu ukaza\u0142em<br>Ale prosz\u0119 mi wierzy\u0107<br>\u017be tak jest niemal ci\u0105gle<br>Jak ks. Jerzego<br>Zaszczu\u0107 zastraszy\u0107<br>Najpierw i co dalej<br>Umie\u015bci\u0107 odpowiednio<br>I potem zabi\u0107<br>Tak dzia\u0142a to bandyctwo ca\u0142e<\/p>\n","protected":false},"excerpt":{"rendered":"<p>Oce\u0144cie samiMoje zmagania z tymi bandytamiDwa dni tylko ostatnieWezm\u0119 tu pod uwag\u0119Ale prosz\u0119 mi wierzy\u0107\u017be to nie jest jednostkoweI \u017ce tak jest i niemal nieustannie&hellip; <\/p>\n","protected":false},"author":1,"featured_media":0,"parent":0,"menu_order":0,"comment_status":"closed","ping_status":"closed","template":"","meta":{"footnotes":""},"class_list":["post-8767","page","type-page","status-publish","hentry"],"_links":{"self":[{"href":"https:\/\/hubertpietka.bialystok.pl\/index.php?rest_route=\/wp\/v2\/pages\/8767","targetHints":{"allow":["GET"]}}],"collection":[{"href":"https:\/\/hubertpietka.bialystok.pl\/index.php?rest_route=\/wp\/v2\/pages"}],"about":[{"href":"https:\/\/hubertpietka.bialystok.pl\/index.php?rest_route=\/wp\/v2\/types\/page"}],"author":[{"embeddable":true,"href":"https:\/\/hubertpietka.bialystok.pl\/index.php?rest_route=\/wp\/v2\/users\/1"}],"replies":[{"embeddable":true,"href":"https:\/\/hubertpietka.bialystok.pl\/index.php?rest_route=%2Fwp%2Fv2%2Fcomments&post=8767"}],"version-history":[{"count":1,"href":"https:\/\/hubertpietka.bialystok.pl\/index.php?rest_route=\/wp\/v2\/pages\/8767\/revisions"}],"predecessor-version":[{"id":8769,"href":"https:\/\/hubertpietka.bialystok.pl\/index.php?rest_route=\/wp\/v2\/pages\/8767\/revisions\/8769"}],"wp:attachment":[{"href":"https:\/\/hubertpietka.bialystok.pl\/index.php?rest_route=%2Fwp%2Fv2%2Fmedia&parent=8767"}],"curies":[{"name":"wp","href":"https:\/\/api.w.org\/{rel}","templated":true}]}}