{"id":877,"date":"2018-01-29T13:11:15","date_gmt":"2018-01-29T13:11:15","guid":{"rendered":"http:\/\/hubertpietka.bialystok.pl\/?page_id=877"},"modified":"2018-01-29T13:12:19","modified_gmt":"2018-01-29T13:12:19","slug":"na-wielki-post","status":"publish","type":"page","link":"https:\/\/hubertpietka.bialystok.pl\/?page_id=877","title":{"rendered":"Na Wielki Post"},"content":{"rendered":"<p><strong>Na Wielki Post<\/strong><\/p>\n<p>&nbsp;<\/p>\n<p>Dzi\u0119kuj\u0119 Ci, Panie<\/p>\n<p>za post Tw\u00f3j \u015bwi\u0119ty<\/p>\n<p>&#8211; czas to niepoj\u0119ty!<\/p>\n<p>&nbsp;<\/p>\n<p>Dzi\u0119kuj\u0119 Ci<\/p>\n<p>za w ma\u0142o\u015bci trwanie<\/p>\n<p>&#8211; takie moje \u015bniadanie!<\/p>\n<p>&nbsp;<\/p>\n<p>Dzi\u0119kuj\u0119 Ci za niedostatki<\/p>\n<p>&#8211; one prowadz\u0105 w ducha<\/p>\n<p>dostawanie.<\/p>\n<p>I pozwalaj\u0105 zakosztowa\u0107<\/p>\n<p>wieczno\u015bci pe\u0142ni trwanie.<\/p>\n<p>&nbsp;<\/p>\n<p>Dzi\u0119kuj\u0119 Ci, za wszystko,<\/p>\n<p>co nie jest ze mnie,<\/p>\n<p>a z Ciebie<\/p>\n<p>&#8211; tylko post mo\u017ce<\/p>\n<p>prawdziwie otwiera\u0107 oczy,<\/p>\n<p>by Tob\u0105 si\u0119 zauroczy\u0107.<\/p>\n<p>&nbsp;<\/p>\n<p><em>\u00a0\u00a0\u00a0\u00a0\u00a0\u00a0\u00a0\u00a0\u00a0\u00a0\u00a0 Jest to czas \u0142aski<\/em><\/p>\n<p><em>\u00a0\u00a0\u00a0\u00a0\u00a0\u00a0\u00a0\u00a0\u00a0\u00a0\u00a0 i ducha rado\u015bci,<\/em><\/p>\n<p><em>\u00a0\u00a0\u00a0\u00a0\u00a0\u00a0\u00a0\u00a0\u00a0\u00a0\u00a0 przygotowuj\u0105cy do wieczno\u015bci,<\/em><\/p>\n<p><em>\u00a0\u00a0\u00a0\u00a0\u00a0\u00a0\u00a0\u00a0\u00a0\u00a0\u00a0 prowadz\u0105cy do mi\u0142o\u015bci<\/em><\/p>\n<p><em>\u00a0\u00a0\u00a0\u00a0\u00a0\u00a0\u00a0\u00a0\u00a0\u00a0\u00a0 &#8211; w serca male\u0144ko\u015bci!<\/em><\/p>\n","protected":false},"excerpt":{"rendered":"<p>Na Wielki Post &nbsp; Dzi\u0119kuj\u0119 Ci, Panie za post Tw\u00f3j \u015bwi\u0119ty &#8211; czas to niepoj\u0119ty! &nbsp; Dzi\u0119kuj\u0119 Ci za w ma\u0142o\u015bci trwanie &#8211; takie moje&hellip; <\/p>\n","protected":false},"author":1,"featured_media":0,"parent":0,"menu_order":0,"comment_status":"closed","ping_status":"closed","template":"","meta":{"footnotes":""},"class_list":["post-877","page","type-page","status-publish","hentry"],"_links":{"self":[{"href":"https:\/\/hubertpietka.bialystok.pl\/index.php?rest_route=\/wp\/v2\/pages\/877","targetHints":{"allow":["GET"]}}],"collection":[{"href":"https:\/\/hubertpietka.bialystok.pl\/index.php?rest_route=\/wp\/v2\/pages"}],"about":[{"href":"https:\/\/hubertpietka.bialystok.pl\/index.php?rest_route=\/wp\/v2\/types\/page"}],"author":[{"embeddable":true,"href":"https:\/\/hubertpietka.bialystok.pl\/index.php?rest_route=\/wp\/v2\/users\/1"}],"replies":[{"embeddable":true,"href":"https:\/\/hubertpietka.bialystok.pl\/index.php?rest_route=%2Fwp%2Fv2%2Fcomments&post=877"}],"version-history":[{"count":3,"href":"https:\/\/hubertpietka.bialystok.pl\/index.php?rest_route=\/wp\/v2\/pages\/877\/revisions"}],"predecessor-version":[{"id":880,"href":"https:\/\/hubertpietka.bialystok.pl\/index.php?rest_route=\/wp\/v2\/pages\/877\/revisions\/880"}],"wp:attachment":[{"href":"https:\/\/hubertpietka.bialystok.pl\/index.php?rest_route=%2Fwp%2Fv2%2Fmedia&parent=877"}],"curies":[{"name":"wp","href":"https:\/\/api.w.org\/{rel}","templated":true}]}}