{"id":8830,"date":"2024-12-06T23:07:08","date_gmt":"2024-12-06T23:07:08","guid":{"rendered":"https:\/\/hubertpietka.bialystok.pl\/?page_id=8830"},"modified":"2024-12-06T23:07:08","modified_gmt":"2024-12-06T23:07:08","slug":"rodzina-zastepcza-ale-ta-konkretna","status":"publish","type":"page","link":"https:\/\/hubertpietka.bialystok.pl\/?page_id=8830","title":{"rendered":"Rodzina zast\u0119pcza \/ ale ta konkretna"},"content":{"rendered":"\n<p>Dozna\u0142em poruszenia serca<br>Takiego samego<br>Jak kiedy chodzi\u0142em<br>Do pewnego domu dziecka<br>Odno\u015bnie pewnego rodze\u0144stwa<br>Wtedy to nie by\u0142o mo\u017cliwe<\/p>\n\n\n\n<p>Czy jest teraz<br>Wtedy to by\u0142o bardzo konkretne<br>Tak\u017ce i teraz tak jest<br>To w\u0142a\u015bnie rodze\u0144stwo \u017cadne inne<br>Nie chcia\u0142bym by trafili<br>Do domu dziecka<br>I by ich rozdzielono<\/p>\n\n\n\n<p>B\u00f3g dzia\u0142a konkretnie<br>W tym moim przypadku<br>Czy to w og\u00f3le by\u0142oby<br>Jako\u015b mo\u017cliwe<br>Czas to zweryfikuje<\/p>\n\n\n\n<p>Nie ma tu innej opcji<br>To dotyczy dzieci tych konkretnie<br>Wiem \u017ce m\u00f3wi\u0119 za \u017con\u0119<br>Te\u017c tu<br>Ale my\u015bl\u0119 \u017ce mogliby\u015bmy<br>Zmieni\u0107 troch\u0119 to nasze \u017cycie<br>Zreformowa\u0107 je pod tym k\u0105tem<br>Jednak czy to w og\u00f3le<br>Jest do wykonania<br>Bior\u0105c pod uwag\u0119<br>R\u00f3\u017cne aspekty tej sprawy<br>Zwi\u0105zane z rodzin\u0105 zast\u0119pcz\u0105<br>C\u00f3\u017c czas zrewiduje to<\/p>\n\n\n\n<figure class=\"wp-block-gallery has-nested-images columns-default is-cropped wp-block-gallery-1 is-layout-flex wp-block-gallery-is-layout-flex\">\n<figure class=\"wp-block-image size-large\"><a href=\"https:\/\/hubertpietka.bialystok.pl\/wp-content\/uploads\/2024\/12\/IMG-20241206-WA0009-rotated.jpg\"><img loading=\"lazy\" decoding=\"async\" width=\"1024\" height=\"768\" data-id=\"8831\" src=\"https:\/\/hubertpietka.bialystok.pl\/wp-content\/uploads\/2024\/12\/IMG-20241206-WA0009-1024x768.jpg\" alt=\"\" class=\"wp-image-8831\" srcset=\"https:\/\/hubertpietka.bialystok.pl\/wp-content\/uploads\/2024\/12\/IMG-20241206-WA0009-1024x768.jpg 1024w, https:\/\/hubertpietka.bialystok.pl\/wp-content\/uploads\/2024\/12\/IMG-20241206-WA0009-300x225.jpg 300w, https:\/\/hubertpietka.bialystok.pl\/wp-content\/uploads\/2024\/12\/IMG-20241206-WA0009-768x576.jpg 768w, https:\/\/hubertpietka.bialystok.pl\/wp-content\/uploads\/2024\/12\/IMG-20241206-WA0009-1536x1152.jpg 1536w, https:\/\/hubertpietka.bialystok.pl\/wp-content\/uploads\/2024\/12\/IMG-20241206-WA0009-rotated.jpg 1600w\" sizes=\"auto, (max-width: 1024px) 100vw, 1024px\" \/><\/a><\/figure>\n<\/figure>\n\n\n\n<p><em>Na zdj. B\u00f3g dzia\u0142a konkretnie<br>I ja tako\u017c te\u017c<br>Tak czy inaczej<br>Wszystko co o \u017conie powiedzia\u0142em<br>Jest dalej ca\u0142kowicie aktualne<br>I dalej b\u0119dzie<br>Tak\u017ce przy innej opcji \u017cyciowej<br>Nie pozwol\u0119 jej zabi\u0107<br>Tym bandytom na nienawi\u015b\u0107 chorym<br>Podobnie z nami naszymi naszym<br>Jak cho\u0107by z tymi zwierz\u0119tami<br>Czy to b\u0119dzie w t\u0105 stron\u0119 wszystko<br>Czy naturalna kontynuacja<br>Do\u015b\u0107 ju\u017c zbrodni bandyckich<br>Tak czy inaczej<\/em><\/p>\n\n\n\n<p class=\"has-text-align-right\"><strong><em><a href=\"https:\/\/youtu.be\/ll-w68QrIWI?si=duccCUNmOSXXA0Rt\">Delikatnie \u2022 Vinski \u2022 \u0141ukasz \u0141yczkowski &amp; 5 RANO<\/a><\/em><\/strong><\/p>\n","protected":false},"excerpt":{"rendered":"<p>Dozna\u0142em poruszenia sercaTakiego samegoJak kiedy chodzi\u0142emDo pewnego domu dzieckaOdno\u015bnie pewnego rodze\u0144stwaWtedy to nie by\u0142o mo\u017cliwe Czy jest terazWtedy to by\u0142o bardzo konkretneTak\u017ce i teraz tak&hellip; <\/p>\n","protected":false},"author":1,"featured_media":0,"parent":0,"menu_order":0,"comment_status":"closed","ping_status":"closed","template":"","meta":{"footnotes":""},"class_list":["post-8830","page","type-page","status-publish","hentry"],"_links":{"self":[{"href":"https:\/\/hubertpietka.bialystok.pl\/index.php?rest_route=\/wp\/v2\/pages\/8830","targetHints":{"allow":["GET"]}}],"collection":[{"href":"https:\/\/hubertpietka.bialystok.pl\/index.php?rest_route=\/wp\/v2\/pages"}],"about":[{"href":"https:\/\/hubertpietka.bialystok.pl\/index.php?rest_route=\/wp\/v2\/types\/page"}],"author":[{"embeddable":true,"href":"https:\/\/hubertpietka.bialystok.pl\/index.php?rest_route=\/wp\/v2\/users\/1"}],"replies":[{"embeddable":true,"href":"https:\/\/hubertpietka.bialystok.pl\/index.php?rest_route=%2Fwp%2Fv2%2Fcomments&post=8830"}],"version-history":[{"count":1,"href":"https:\/\/hubertpietka.bialystok.pl\/index.php?rest_route=\/wp\/v2\/pages\/8830\/revisions"}],"predecessor-version":[{"id":8832,"href":"https:\/\/hubertpietka.bialystok.pl\/index.php?rest_route=\/wp\/v2\/pages\/8830\/revisions\/8832"}],"wp:attachment":[{"href":"https:\/\/hubertpietka.bialystok.pl\/index.php?rest_route=%2Fwp%2Fv2%2Fmedia&parent=8830"}],"curies":[{"name":"wp","href":"https:\/\/api.w.org\/{rel}","templated":true}]}}