{"id":8905,"date":"2024-12-28T08:21:15","date_gmt":"2024-12-28T08:21:15","guid":{"rendered":"https:\/\/hubertpietka.bialystok.pl\/?page_id=8905"},"modified":"2024-12-28T08:21:15","modified_gmt":"2024-12-28T08:21:15","slug":"krotochwile-o-winie","status":"publish","type":"page","link":"https:\/\/hubertpietka.bialystok.pl\/?page_id=8905","title":{"rendered":"Krotochwile o winie"},"content":{"rendered":"\n<p>Kochani mam dla was<br>Pewn\u0105 krotochwilk\u0119 ma\u0142\u0105<br>Kossak-Szczucka napisa\u0142a *<strong>B\u0142ogos\u0142awiona win\u0119<\/strong>*<br>O MB Kode\u0144skiej patronce jedno\u015bci<br>Wykradzionej z Rzymu dla b\u0142ogos\u0142awienia tej ziemi polskiej<br>I w ko\u015bciele<br>Z okazji \u015bw. Jana<br>Jest obrz\u0119d *<strong>b\u0142ogos\u0142awienia win<\/strong>*<br>Ko\u015bci\u00f3\u0142 odpuszcza grzechy<br>Przez kap\u0142ana w sakramencie pokuty<br>A tu sprawa taka<br>I pijaczki r\u00f3\u017cne przy tej w\u0142a\u015bnie okazji<br>Mog\u0105 legalnie si\u0119 winka napi\u0107<br>I nikt im nic przecie\u017c nie powie<br>Bo to \u015bwi\u0119cone<br>Oczywi\u015bcie zapewne nie w ilo\u015bci tzw. hurtowej<\/p>\n\n\n\n<p>A moj\u0105 b\u0142ogos\u0142awion\u0105 win\u0105<br>Jest to \u017ce<br>Nie mam dzieci i mie\u0107 nie b\u0119d\u0119<br>Bo musia\u0142bym si\u0119 wtedy<br>Na nich skupi\u0107<br>A tak mog\u0119 by\u0107 jako\u015b dla wszystkich<br>A inn\u0105 wobec tego ca\u0142ego bandyctwa<br>I innych nie\u017cyczliwych<br>S\u0105 te\u017c moje s\u0142owa<br>Czasem do\u015b\u0107 mocne<br>Bo oni te\u017c si\u0119 z nami wybaczcie<br>Ale nie pieszcz\u0105<br>Dzi\u0119ki kt\u00f3rym mog\u0119 wyrazi\u0107<br>Bezpo\u015brednio bardziej jak po wypiciu cho\u0107by wina<br>Rzeczywisto\u015b\u0107 nas naszego naszych prze\u015bladowania<br>Przez to ca\u0142e bandyctwo<br>Oczywi\u015bcie im to nie pasuje<br>Za s\u0142owa obrony chc\u0105 mnie kara\u0107 przecie\u017c<br>Jak najmocniej najlepiej \u015bmierci\u0105 wi\u0119zieniem<br>Bo ujawniam ich wszelkie<br>Z\u0142owrogie i nienawistne zap\u0119dy<br>I nazywam je po imieniu<br>A mo\u017cna by to te\u017c wyrazi\u0107 du\u017co mocniej<br>Por\u00f3wnywalnie jak cho\u0107by po w\u00f3dce<br>Ale dzi\u0119ki temu ujawnia si\u0119<br>Z\u0142e tendencje w tym \u015bwiecie<br>Wszelk\u0105 ob\u0142ud\u0119 k\u0142amstwa podst\u0119py<br>Kt\u00f3re maj\u0105 uderza\u0107 w niewinnych<br>By\u0142 czas kiedy dawa\u0142em wam tak mleko<br>Jak pisa\u0142 \u015bw. Pawe\u0142<br>Ale my\u015bl\u0119 \u017ce czas ju\u017c dojrze\u0107 mo\u017ce<br>Do pokarm\u00f3w sta\u0142ych<br>I te\u017c mocniejszych napoj\u00f3w tu tak zwanych<\/p>\n\n\n\n<figure class=\"wp-block-gallery has-nested-images columns-default is-cropped wp-block-gallery-1 is-layout-flex wp-block-gallery-is-layout-flex\">\n<figure class=\"wp-block-image size-large\"><a href=\"https:\/\/hubertpietka.bialystok.pl\/wp-content\/uploads\/2024\/12\/IMG-20241227-WA0066-1.jpg\"><img loading=\"lazy\" decoding=\"async\" width=\"1024\" height=\"768\" data-id=\"8907\" src=\"https:\/\/hubertpietka.bialystok.pl\/wp-content\/uploads\/2024\/12\/IMG-20241227-WA0066-1-1024x768.jpg\" alt=\"\" class=\"wp-image-8907\" srcset=\"https:\/\/hubertpietka.bialystok.pl\/wp-content\/uploads\/2024\/12\/IMG-20241227-WA0066-1-1024x768.jpg 1024w, https:\/\/hubertpietka.bialystok.pl\/wp-content\/uploads\/2024\/12\/IMG-20241227-WA0066-1-300x225.jpg 300w, https:\/\/hubertpietka.bialystok.pl\/wp-content\/uploads\/2024\/12\/IMG-20241227-WA0066-1-768x576.jpg 768w, https:\/\/hubertpietka.bialystok.pl\/wp-content\/uploads\/2024\/12\/IMG-20241227-WA0066-1-1536x1152.jpg 1536w, https:\/\/hubertpietka.bialystok.pl\/wp-content\/uploads\/2024\/12\/IMG-20241227-WA0066-1.jpg 1600w\" sizes=\"auto, (max-width: 1024px) 100vw, 1024px\" \/><\/a><\/figure>\n<\/figure>\n\n\n\n<figure class=\"wp-block-gallery has-nested-images columns-default is-cropped wp-block-gallery-2 is-layout-flex wp-block-gallery-is-layout-flex\">\n<figure class=\"wp-block-image\"><img decoding=\"async\" src=\"blob:https:\/\/hubertpietka.bialystok.pl\/eb22441e-2da6-4cf7-bb49-d8615fe60c9f\" alt=\"\"\/><\/figure>\n<\/figure>\n\n\n\n<p><em>Na zdj. Jezus Mi\u0142osierny w towarzystwie<br>Ekspozycji ko\u015bcielnej \u015bwi\u0105tecznej<br>Wydarzenia z \u017cycia ko\u015bcio\u0142a<br>R\u00f3\u017cnie umiejscowione w czasie<br>Roku liturgicznego uzmys\u0142awia\u0107 pomagaj\u0105<br>R\u00f3\u017cne te\u017c trudne sprawy<br>Bo ko\u015bci\u00f3\u0142 w prawdzie zawsze<br>Wychodzi na przeciw \u017cyciu<br>Trzeba tylko chcie\u0107 to dostrzec<br>I zrozumie\u0107 w\u0142a\u015bciwie<\/em><\/p>\n\n\n\n<p class=\"has-text-align-center\">( <a href=\"https:\/\/youtu.be\/b16vSZMJ13k?si=e9Q37SSbLvP62Dc5\"><strong><em>Sidney Polak &#8211; Otwieram wino<\/em><\/strong> <\/a>) &#8211;<em> z \u017con\u0105 sw\u0105 zawsze, dla was to tak\u017ce <\/em><\/p>\n","protected":false},"excerpt":{"rendered":"<p>Kochani mam dla wasPewn\u0105 krotochwilk\u0119 ma\u0142\u0105Kossak-Szczucka napisa\u0142a *B\u0142ogos\u0142awiona win\u0119*O MB Kode\u0144skiej patronce jedno\u015bciWykradzionej z Rzymu dla b\u0142ogos\u0142awienia tej ziemi polskiejI w ko\u015bcieleZ okazji \u015bw. JanaJest&hellip; <\/p>\n","protected":false},"author":1,"featured_media":0,"parent":0,"menu_order":0,"comment_status":"closed","ping_status":"closed","template":"","meta":{"footnotes":""},"class_list":["post-8905","page","type-page","status-publish","hentry"],"_links":{"self":[{"href":"https:\/\/hubertpietka.bialystok.pl\/index.php?rest_route=\/wp\/v2\/pages\/8905","targetHints":{"allow":["GET"]}}],"collection":[{"href":"https:\/\/hubertpietka.bialystok.pl\/index.php?rest_route=\/wp\/v2\/pages"}],"about":[{"href":"https:\/\/hubertpietka.bialystok.pl\/index.php?rest_route=\/wp\/v2\/types\/page"}],"author":[{"embeddable":true,"href":"https:\/\/hubertpietka.bialystok.pl\/index.php?rest_route=\/wp\/v2\/users\/1"}],"replies":[{"embeddable":true,"href":"https:\/\/hubertpietka.bialystok.pl\/index.php?rest_route=%2Fwp%2Fv2%2Fcomments&post=8905"}],"version-history":[{"count":1,"href":"https:\/\/hubertpietka.bialystok.pl\/index.php?rest_route=\/wp\/v2\/pages\/8905\/revisions"}],"predecessor-version":[{"id":8908,"href":"https:\/\/hubertpietka.bialystok.pl\/index.php?rest_route=\/wp\/v2\/pages\/8905\/revisions\/8908"}],"wp:attachment":[{"href":"https:\/\/hubertpietka.bialystok.pl\/index.php?rest_route=%2Fwp%2Fv2%2Fmedia&parent=8905"}],"curies":[{"name":"wp","href":"https:\/\/api.w.org\/{rel}","templated":true}]}}