{"id":8948,"date":"2025-01-05T11:43:12","date_gmt":"2025-01-05T11:43:12","guid":{"rendered":"https:\/\/hubertpietka.bialystok.pl\/?page_id=8948"},"modified":"2025-01-05T11:43:12","modified_gmt":"2025-01-05T11:43:12","slug":"mo-menty-na-rozne-momenty-to-cale-bandyctwo","status":"publish","type":"page","link":"https:\/\/hubertpietka.bialystok.pl\/?page_id=8948","title":{"rendered":"*Mo menty* \/ na r\u00f3\u017cne *momenty* \/\/ to ca\u0142e bandyctwo"},"content":{"rendered":"\n<p class=\"wp-block-paragraph\">*<strong>Mo-menty<\/strong>*<br>Czy\u017c nie mam racji<br>\u017be to bandyctwo to szata\u0144stwo<br>M\u00f3wi\u0105c ogl\u0119dnie wprost i przeno\u015bnie<br>Wed\u0142ug r\u00f3\u017cnych porz\u0105dk\u00f3w<br>Ontologicznych metafizycznych i eschatologicznych<br>Bo ka\u017cdy moment jest dobry<br>Dla nich do z\u0142a czynienia<br>Najpierw \u017conie potem tym zwierz\u0119tom<br>Mi nam naszym i naszemu<br>Czy to wyj\u015bcie \u017cony<br>Z pieskami do pracy do ko\u015bcio\u0142a<br>Do sklepu czy gdziekolwiek zreszt\u0105<br>Zw\u0142aszcza jak mnie z ni\u0105 nie ma<br>I w domu<br>Wsz\u0119dzie wed\u0142ug tych bandyt\u00f3w<br>Mo\u017cna z\u0142o szata\u0144skie czyni\u0107<br>Nam naszemu i naszym oczywi\u015bcie<br>*<strong>Maj\u0105 menty<\/strong>* r\u00f3\u017cne przecie\u017c momenty<br>Do zaistnienia w ka\u017cdej przestrzeni<br>A skoro byle tylko z\u0142o<br>To czy\u017c to nie jest<br>Szata\u0144stwo <em>sensu stricte<\/em><br>I dos\u0142ownie w przeno\u015bni<br>Wed\u0142ug cho\u0107by dedukcji te\u017c moralno-etycznej<br>Filozoficznie i logicznie egzystencjalnie wreszcie <br>Nazywania z\u0142a po imieniu<br>Podobnie z ich przyj\u015bciami napa\u015bciami<br>To znaczy ich przydupas\u00f3w<br>Tu te\u017c maj\u0105 momenty<br>Te r\u00f3\u017cne menty<br>Czy do \u017cony czy te\u017c do mnie<br>Z\u0142o szata\u0144skie z czasem<br>Coraz bardziej si\u0119 unaacznia<br>I nabiera w\u0142a\u015bciwej postaci<br>Perfidii ob\u0142udy i pod\u0142o\u015bci<br>Bo przecie\u017c byleby tylko<br>Jakie\u015b z\u0142o uczyni\u0107<br>Nam naszemu i naszym<br>Napa\u015b\u0107 sprowokowa\u0107 zabra\u0107<br>Znale\u017ali sobie sens istnienia<br>Ci r\u00f3\u017cni bandyci<br>Wed\u0142ug nienawi\u015bci szata\u0144skiej \u015bci\u015ble<br>Skoro byle z\u0142owrogo uderza\u0107 jakkolwiek<br>Bandyckie szata\u0144stwo nabiera<br>Sw\u00f3j wyraz widoczny coraz bardziej<br>W\u0142a\u015bnie w dzia\u0142aniach<br>Wszelkich zbrodni z premedytacj\u0105<\/p>\n\n\n\n<p class=\"wp-block-paragraph\">Dzi\u015b wspominany \u015bw. *<strong>Dy-dak<\/strong>*<br>Jak oni tak mog\u0105 robi\u0107<br>Wszystko po szata\u0144sku<br>Byleby tylko ku z\u0142u<br>Dla nas naszego i naszych<br>To ja mog\u0119 to te\u017c<br>Tak po imieniu nazywa\u0107<br>Jak *<strong>ty tak<\/strong>* to ja te\u017c tak<br>Tym bardziej \u017ce to czyni\u0119<br>W s\u0142usznej obronie<br>Swego swoich i swojej<br>A obrona wlasna<br>Przed z\u0142em \u015bmiertelnym ka\u017cdym<br>Jest zawsze usprawiedliwiona<br>W ka\u017cdym zreszt\u0105 s\u0142owie<br>Nie tylko czynie<br>Wobec tych kt\u00f3rzy szata\u0144sko chc\u0105<br>Niszczy\u0107 gwa\u0142ci\u0107 zabija\u0107 zniewala\u0107<br>Skoro w obronie w\u0142asnej s\u0142usznej<br>Zabi\u0107 mo\u017cna i nawet<br>To c\u00f3\u017c s\u0142owo<\/p>\n\n\n\n<p class=\"wp-block-paragraph\">Takie <em>dictum<\/em><br>Na oskar\u017cenia tak\u017ce szata\u0144skie<br>Tych r\u00f3\u017cnych bandyt\u00f3w<br>Bo szata\u0144sko mo\u017cna te\u017c oskar\u017ca\u0107<br>Nieustannie czego\u015b si\u0119 doszukiwa\u0107<br>Czyha\u0107 nie tylko na moment<br>Odpowiedni do r\u00f3\u017cnych zbrodni<br>Dla jakichkolwiek ment<br>Ale i na ka\u017cde s\u0142owo<br>Byleby tylko dopa\u015b\u0107<br>W taki czy inny spos\u00f3b<br>Tych niewinnych<br>A najlepiej r\u0119kami innych<br>A przecie\u017c szatan<br>Te\u017c nieustannie oskar\u017ca dzieci Bo\u017ce<br>Wi\u0119c o co chodzi<br>Skoro tu jest pararelizm wymierny<br>Nie tylko w tym wzgl\u0119dzie<\/p>\n\n\n\n<figure class=\"wp-block-gallery has-nested-images columns-default is-cropped wp-block-gallery-1 is-layout-flex wp-block-gallery-is-layout-flex\">\n<figure class=\"wp-block-image size-large\"><a href=\"https:\/\/hubertpietka.bialystok.pl\/wp-content\/uploads\/2025\/01\/IMG-20250104-WA0034.jpg\"><img fetchpriority=\"high\" decoding=\"async\" width=\"1024\" height=\"768\" data-id=\"8949\" src=\"https:\/\/hubertpietka.bialystok.pl\/wp-content\/uploads\/2025\/01\/IMG-20250104-WA0034-1024x768.jpg\" alt=\"\" class=\"wp-image-8949\" srcset=\"https:\/\/hubertpietka.bialystok.pl\/wp-content\/uploads\/2025\/01\/IMG-20250104-WA0034-1024x768.jpg 1024w, https:\/\/hubertpietka.bialystok.pl\/wp-content\/uploads\/2025\/01\/IMG-20250104-WA0034-300x225.jpg 300w, https:\/\/hubertpietka.bialystok.pl\/wp-content\/uploads\/2025\/01\/IMG-20250104-WA0034-768x576.jpg 768w, https:\/\/hubertpietka.bialystok.pl\/wp-content\/uploads\/2025\/01\/IMG-20250104-WA0034-1536x1152.jpg 1536w, https:\/\/hubertpietka.bialystok.pl\/wp-content\/uploads\/2025\/01\/IMG-20250104-WA0034.jpg 1600w\" sizes=\"(max-width: 1024px) 100vw, 1024px\" \/><\/a><\/figure>\n<\/figure>\n\n\n\n<p class=\"wp-block-paragraph\"><em>Na zdj. Jak k\u0142usownik chce dopa\u015b\u0107 sarenki<br>To wsz\u0119dzie zostawia wnyki pu\u0142apki<br>I mimo \u017ce dzia\u0142a przecie\u017c po bandycku<br>To nie mo\u017cna tak tego tu nazwa\u0107<br>Jak to nie pasuje k\u0142usownikom<br>Trzeba broni\u0107 przecie\u017c k\u0142usownik\u00f3w<br>Dobrego imienia c\u00f3\u017c sarenki<br>Skoro one s\u0105 na po\u017carcie<br>Skazane przez nich<br>Podobnie i z nami<br>My si\u0119 tylko bronimy<br>I to s\u0142owem tylko<br>A ci byleby dopa\u015b\u0107<br>Jakkolwiek byleby tylko<br>Jak nie fizycznie zbrodniczo<br>To chocia\u017c skaza\u0107 gdzie\u015b jako\u015b<br>Za t\u0105 s\u0142owem obron\u0119<br>I tak oni ci\u0105gle ci r\u00f3\u017cni bandyci<br>Po szata\u0144sku<br>A skoro tak<br>To wszystko co robi\u0105<br>To jest szata\u0144stwo w\u0142a\u015bnie<br>W czystej diabelskiej postaci<br>Skoro byleby tylko przeprowadzi\u0107 czystk\u0119<br>Na nas naszych i naszym<br>A i innych<br>Bo sk\u0105d ten wsp\u00f3\u0142czesny poczet M\u0119czennik\u00f3w niewinnych tych barbarzy\u0144c\u00f3w<\/em><\/p>\n\n\n\n<p class=\"has-text-align-center wp-block-paragraph\">( <strong><em><a href=\"https:\/\/youtu.be\/NfSGMnl_9NE?si=o7rE5x2QP2sDoOYY\">Daria Zawia\u0142ow &#8211; Szar\u00f3wka<\/a><\/em><\/strong> )<\/p>\n","protected":false},"excerpt":{"rendered":"<p>*Mo-menty*Czy\u017c nie mam racji\u017be to bandyctwo to szata\u0144stwoM\u00f3wi\u0105c ogl\u0119dnie wprost i przeno\u015bnieWed\u0142ug r\u00f3\u017cnych porz\u0105dk\u00f3wOntologicznych metafizycznych i eschatologicznychBo ka\u017cdy moment jest dobryDla nich do z\u0142a czynieniaNajpierw&hellip;<\/p>\n","protected":false},"author":1,"featured_media":0,"parent":0,"menu_order":0,"comment_status":"closed","ping_status":"closed","template":"","meta":{"_customify_content_layout":"","_customify_sidebar":"","_customify_page_header_display":"","_customify_disable_header":"","_customify_disable_header_top":"","_customify_disable_header_main":"","_customify_disable_header_bottom":"","_customify_disable_page_title":"","_customify_disable_content_vertical_padding":"","_customify_disable_footer_top":"","_customify_disable_footer_main":"","_customify_disable_footer_bottom":"","_customify_breadcrumb_display":"","_customify_header_transparent_display":"","footnotes":""},"class_list":["post-8948","page","type-page","status-publish","hentry"],"_links":{"self":[{"href":"https:\/\/hubertpietka.bialystok.pl\/index.php?rest_route=\/wp\/v2\/pages\/8948","targetHints":{"allow":["GET"]}}],"collection":[{"href":"https:\/\/hubertpietka.bialystok.pl\/index.php?rest_route=\/wp\/v2\/pages"}],"about":[{"href":"https:\/\/hubertpietka.bialystok.pl\/index.php?rest_route=\/wp\/v2\/types\/page"}],"author":[{"embeddable":true,"href":"https:\/\/hubertpietka.bialystok.pl\/index.php?rest_route=\/wp\/v2\/users\/1"}],"replies":[{"embeddable":true,"href":"https:\/\/hubertpietka.bialystok.pl\/index.php?rest_route=%2Fwp%2Fv2%2Fcomments&post=8948"}],"version-history":[{"count":1,"href":"https:\/\/hubertpietka.bialystok.pl\/index.php?rest_route=\/wp\/v2\/pages\/8948\/revisions"}],"predecessor-version":[{"id":8950,"href":"https:\/\/hubertpietka.bialystok.pl\/index.php?rest_route=\/wp\/v2\/pages\/8948\/revisions\/8950"}],"wp:attachment":[{"href":"https:\/\/hubertpietka.bialystok.pl\/index.php?rest_route=%2Fwp%2Fv2%2Fmedia&parent=8948"}],"curies":[{"name":"wp","href":"https:\/\/api.w.org\/{rel}","templated":true}]}}

*Mo menty* / na różne *momenty* // to całe bandyctwo

<p class="wp-block-paragraph">*<strong>Mo-menty</strong>*<br>Czyż nie mam racji<br>Że to bandyctwo to szataństwo<br>Mówiąc oględnie wprost i przenośnie<br>Według różnych porządków<br>Ontologicznych metafizycznych i eschatologicznych<br>Bo każdy moment jest dobry<br>Dla nich do zła czynienia<br>Najpierw żonie potem tym zwierzętom<br>Mi nam naszym i naszemu<br>Czy to wyjście żony<br>Z pieskami do pracy do kościoła<br>Do sklepu czy gdziekolwiek zresztą<br>Zwłaszcza jak mnie z nią nie ma<br>I w domu<br>Wszędzie według tych bandytów<br>Można zło szatańskie czynić<br>Nam naszemu i naszym oczywiście<br>*<strong>Mają menty</strong>* różne przecież momenty<br>Do zaistnienia w każdej przestrzeni<br>A skoro byle tylko zło<br>To czyż to nie jest<br>Szataństwo <em>sensu stricte</em><br>I dosłownie w przenośni<br>Według choćby dedukcji też moralno-etycznej<br>Filozoficznie i logicznie egzystencjalnie wreszcie <br>Nazywania zła po imieniu<br>Podobnie z ich przyjściami napaściami<br>To znaczy ich przydupasów<br>Tu też mają momenty<br>Te różne menty<br>Czy do żony czy też do mnie<br>Zło szatańskie z czasem<br>Coraz bardziej się unaacznia<br>I nabiera właściwej postaci<br>Perfidii obłudy i podłości<br>Bo przecież byleby tylko<br>Jakieś zło uczynić<br>Nam naszemu i naszym<br>Napaść sprowokować zabrać<br>Znaleźli sobie sens istnienia<br>Ci różni bandyci<br>Według nienawiści szatańskiej ściśle<br>Skoro byle złowrogo uderzać jakkolwiek<br>Bandyckie szataństwo nabiera<br>Swój wyraz widoczny coraz bardziej<br>Właśnie w działaniach<br>Wszelkich zbrodni z premedytacją</p>



<p class="wp-block-paragraph">Dziś wspominany św. *<strong>Dy-dak</strong>*<br>Jak oni tak mogą robić<br>Wszystko po szatańsku<br>Byleby tylko ku złu<br>Dla nas naszego i naszych<br>To ja mogę to też<br>Tak po imieniu nazywać<br>Jak *<strong>ty tak</strong>* to ja też tak<br>Tym bardziej że to czynię<br>W słusznej obronie<br>Swego swoich i swojej<br>A obrona wlasna<br>Przed złem śmiertelnym każdym<br>Jest zawsze usprawiedliwiona<br>W każdym zresztą słowie<br>Nie tylko czynie<br>Wobec tych którzy szatańsko chcą<br>Niszczyć gwałcić zabijać zniewalać<br>Skoro w obronie własnej słusznej<br>Zabić można i nawet<br>To cóż słowo</p>



<p class="wp-block-paragraph">Takie <em>dictum</em><br>Na oskarżenia także szatańskie<br>Tych różnych bandytów<br>Bo szatańsko można też oskarżać<br>Nieustannie czegoś się doszukiwać<br>Czyhać nie tylko na moment<br>Odpowiedni do różnych zbrodni<br>Dla jakichkolwiek ment<br>Ale i na każde słowo<br>Byleby tylko dopaść<br>W taki czy inny sposób<br>Tych niewinnych<br>A najlepiej rękami innych<br>A przecież szatan<br>Też nieustannie oskarża dzieci Boże<br>Więc o co chodzi<br>Skoro tu jest pararelizm wymierny<br>Nie tylko w tym względzie</p>



<figure class="wp-block-gallery has-nested-images columns-default is-cropped wp-block-gallery-1 is-layout-flex wp-block-gallery-is-layout-flex">
<figure class="wp-block-image size-large"><a href="https://hubertpietka.bialystok.pl/wp-content/uploads/2025/01/IMG-20250104-WA0034.jpg"><img fetchpriority="high" decoding="async" width="1024" height="768" data-id="8949" src="https://hubertpietka.bialystok.pl/wp-content/uploads/2025/01/IMG-20250104-WA0034-1024x768.jpg" alt="" class="wp-image-8949" srcset="https://hubertpietka.bialystok.pl/wp-content/uploads/2025/01/IMG-20250104-WA0034-1024x768.jpg 1024w, https://hubertpietka.bialystok.pl/wp-content/uploads/2025/01/IMG-20250104-WA0034-300x225.jpg 300w, https://hubertpietka.bialystok.pl/wp-content/uploads/2025/01/IMG-20250104-WA0034-768x576.jpg 768w, https://hubertpietka.bialystok.pl/wp-content/uploads/2025/01/IMG-20250104-WA0034-1536x1152.jpg 1536w, https://hubertpietka.bialystok.pl/wp-content/uploads/2025/01/IMG-20250104-WA0034.jpg 1600w" sizes="(max-width: 1024px) 100vw, 1024px" /></a></figure>
</figure>



<p class="wp-block-paragraph"><em>Na zdj. Jak kłusownik chce dopaść sarenki<br>To wszędzie zostawia wnyki pułapki<br>I mimo że działa przecież po bandycku<br>To nie można tak tego tu nazwać<br>Jak to nie pasuje kłusownikom<br>Trzeba bronić przecież kłusowników<br>Dobrego imienia cóż sarenki<br>Skoro one są na pożarcie<br>Skazane przez nich<br>Podobnie i z nami<br>My się tylko bronimy<br>I to słowem tylko<br>A ci byleby dopaść<br>Jakkolwiek byleby tylko<br>Jak nie fizycznie zbrodniczo<br>To chociaż skazać gdzieś jakoś<br>Za tą słowem obronę<br>I tak oni ciągle ci różni bandyci<br>Po szatańsku<br>A skoro tak<br>To wszystko co robią<br>To jest szataństwo właśnie<br>W czystej diabelskiej postaci<br>Skoro byleby tylko przeprowadzić czystkę<br>Na nas naszych i naszym<br>A i innych<br>Bo skąd ten współczesny poczet Męczenników niewinnych tych barbarzyńców</em></p>



<p class="has-text-align-center wp-block-paragraph">( <strong><em><a href="https://youtu.be/NfSGMnl_9NE?si=o7rE5x2QP2sDoOYY">Daria Zawiałow &#8211; Szarówka</a></em></strong> )</p>

<p>*Mo-menty*Czyż nie mam racjiŻe to bandyctwo to szataństwoMówiąc oględnie wprost i przenośnieWedług różnych porządkówOntologicznych metafizycznych i eschatologicznychBo każdy moment jest dobryDla nich do zła czynieniaNajpierw&hellip;</p>
