{"id":8965,"date":"2025-01-08T18:08:06","date_gmt":"2025-01-08T18:08:06","guid":{"rendered":"https:\/\/hubertpietka.bialystok.pl\/?page_id=8965"},"modified":"2025-01-08T18:08:06","modified_gmt":"2025-01-08T18:08:06","slug":"wierutne-rozne-klamstwa-maja-niby-usprawiedliwiac-bandyckie-napasci","status":"publish","type":"page","link":"https:\/\/hubertpietka.bialystok.pl\/?page_id=8965","title":{"rendered":"Wierutne r\u00f3\u017cne k\u0142amstwa \/ maj\u0105 niby usprawiedliwia\u0107 bandyckie napa\u015bci"},"content":{"rendered":"\n<p>Czy mo\u017ce by\u0107 perfidn\u0105 perfidia<br>W d\u0105\u017ceniu do szata\u0144skich zbrodni<br>Z jak najbardziej pod\u0142\u0105 premedytacj\u0105<br>To bandyctwo pokazuje<br>\u017be taka mo\u017ce by\u0107 zawsze<br>Byleby tylko uzasadni\u0107 r\u00f3\u017cne<br>Swe ob\u0142udne k\u0142amstwa<\/p>\n\n\n\n<p>I szczeg\u00f3lnie gdy za tymi<br>Kt\u00f3rzy si\u0119 tego dopuszczaj\u0105<br>Czy dopuszcza\u0107 maj\u0105<br>Stoi ta przemoc bandycka<br>Wtedy mog\u0105 si\u0119 czu\u0107 silni<br>Wobec bezbronnych i niewinnych<\/p>\n\n\n\n<p>Tak ze mn\u0105<br>W niebezpiecze\u0144stwie chyba zawsze<br>To funduj\u0105 mi ci bandyci<br>Przez r\u00f3\u017cnych nieprawych<br>Kt\u00f3rzy maj\u0105 perfidnie<br>Udowadnia\u0107 ich k\u0142amstwa pod\u0142e<br>W domu ta podwijka<br>Niby \u017ce ja si\u0119 zachowuj\u0119 niekulturalnie jako\u015b<br>To mo\u017cna chamsko na mnie<br>Na przyk\u0142ad napa\u015b\u0107<br>Podobnie w ko\u015bciele<br>Od tych fa\u0142szywych braci<br>Ci pok\u00f3j sob\u0105 nios\u0105cy napa\u015bci\u0105<br>Maj\u0105 mnie napa\u015b\u0107 za brak znaku<br>Na Baranku Bo\u017cy<br>Tacy chrze\u015bcijanie gorliwi nabo\u017cni<br>Jak fundamentali\u015bci satanizmu nieprzyk\u0142adaj\u0105c<br>Za co\u015b takiego mog\u0105 zabi\u0107<br>I wsz\u0119dzie wok\u00f3\u0142<br>Od tych bandyckich misi\u00f3w<br>Innych bandyckich s\u0142u\u017calc\u00f3w<br>Czy tam jakich psychopat\u00f3w<br>Byleby tylko potwierdzi\u0107 k\u0142amstwa bandyckie<br>A czym napa\u015bci\u0105 prowokacj\u0105 najlepiej<br>Tacy s\u0105 oni wszyscy silni<br>Ci prowodyrzy zbrodni<br>Ku jakiemukolwiek ich wykonania<br>Gdy ich potwierdzenie<br>We wszelkich k\u0142amstwach bandyckich maj\u0105<br>I w ich \u017cyczliwej przemocy<br>Dla prowakotar\u00f3w wszelkich czy napadaj\u0105cych<\/p>\n\n\n\n<p>Podobnie z \u017con\u0105<br>J\u0105 te\u017c napada\u0107 maj\u0105<br>Cho\u0107by niby altruistyczni lekarze<br>S\u0142u\u017c\u0105cy zbrodniom tym bandyckim<br>Niby w imi\u0119 prawdy<br>Byleby tylko jej krzywd\u0119 wyrz\u0105dzi\u0107<br>Ci bandyci te\u017c wszelkie<br>K\u0142amstwa szata\u0144skie ob\u0142udne i pod\u0142e<br>Byleby tylko i j\u0105<br>Zabi\u0107 zniszczy\u0107 jako\u015b zniewoli\u0107<br>Lub chocia\u017c gwa\u0142t zada\u0107 jaki\u015b<br>I tak ca\u0142y czas<br>To bandyctwo z wiernymi k\u0142amstwom<br>Szata\u0144stwo wierutne i na przepad\u0142e<br>Oczywi\u015bcie dla nas<br>Zapewne te\u017c naszego i naszych<br>I tak oni ci\u0105gle<br>I ich wykonawcy wszelcy<br>W r\u00f3\u017cnych zbrodniach<br>Motywowanych szata\u0144skim k\u0142amstwem tych bandyt\u00f3w<br>Kt\u00f3re maj\u0105 niby uzasadnia\u0107<br>Wszelkie pod\u0142e zbrodnie<br>Zapewne tak\u017ce na innych<\/p>\n\n\n\n<figure class=\"wp-block-gallery has-nested-images columns-default is-cropped wp-block-gallery-1 is-layout-flex wp-block-gallery-is-layout-flex\">\n<figure class=\"wp-block-image size-large\"><a href=\"https:\/\/hubertpietka.bialystok.pl\/wp-content\/uploads\/2025\/01\/IMG-20250107-WA0036.jpg\"><img loading=\"lazy\" decoding=\"async\" width=\"768\" height=\"1024\" data-id=\"8966\" src=\"https:\/\/hubertpietka.bialystok.pl\/wp-content\/uploads\/2025\/01\/IMG-20250107-WA0036-768x1024.jpg\" alt=\"\" class=\"wp-image-8966\" srcset=\"https:\/\/hubertpietka.bialystok.pl\/wp-content\/uploads\/2025\/01\/IMG-20250107-WA0036-768x1024.jpg 768w, https:\/\/hubertpietka.bialystok.pl\/wp-content\/uploads\/2025\/01\/IMG-20250107-WA0036-225x300.jpg 225w, https:\/\/hubertpietka.bialystok.pl\/wp-content\/uploads\/2025\/01\/IMG-20250107-WA0036-1152x1536.jpg 1152w, https:\/\/hubertpietka.bialystok.pl\/wp-content\/uploads\/2025\/01\/IMG-20250107-WA0036.jpg 1200w\" sizes=\"auto, (max-width: 768px) 100vw, 768px\" \/><\/a><\/figure>\n<\/figure>\n\n\n\n<p><em>Na zdj. Wspom\u00f3\u017c Maryjo<br>W tej walce<br>Z tym wszelkim szata\u0144stwem<br>Przebieg\u0142ym pod\u0142ym perfidnym i ob\u0142udnym<br>Byleby tylko na wierzchu<br>By\u0107 mog\u0142y r\u00f3\u017cne bandyckie k\u0142amstwa<br>Byleby tylko nas zniszczy\u0107 jako\u015b<br>Nas naszych i nasze<br>Bo oczywi\u015bcie te\u017c<br>Te wszelkie k\u0142amstwa perfidne bandyckie<br>Maj\u0105 te\u017c za zadanie<br>Zniszczy\u0107 nasze dobre Imi\u0119<br>Szatanowi nie wystarczy niszczy\u0107 fizycznie<br>Trzeba te\u017c przy okazji<br>Zniszczy\u0107 moralnie zniszczy\u0107 czyj\u0105\u015b opini\u0119<br>A czym to najlepiej robi\u0107<br>W my\u015bl dialektyki szata\u0144skiej<br>Tych r\u00f3\u017cnych bandyt\u00f3w<br>Jak nie k\u0142amstwem w\u0142a\u015bnie<\/em><\/p>\n","protected":false},"excerpt":{"rendered":"<p>Czy mo\u017ce by\u0107 perfidn\u0105 perfidiaW d\u0105\u017ceniu do szata\u0144skich zbrodniZ jak najbardziej pod\u0142\u0105 premedytacj\u0105To bandyctwo pokazuje\u017be taka mo\u017ce by\u0107 zawszeByleby tylko uzasadni\u0107 r\u00f3\u017cneSwe ob\u0142udne k\u0142amstwa I&hellip; <\/p>\n","protected":false},"author":1,"featured_media":0,"parent":0,"menu_order":0,"comment_status":"closed","ping_status":"closed","template":"","meta":{"footnotes":""},"class_list":["post-8965","page","type-page","status-publish","hentry"],"_links":{"self":[{"href":"https:\/\/hubertpietka.bialystok.pl\/index.php?rest_route=\/wp\/v2\/pages\/8965","targetHints":{"allow":["GET"]}}],"collection":[{"href":"https:\/\/hubertpietka.bialystok.pl\/index.php?rest_route=\/wp\/v2\/pages"}],"about":[{"href":"https:\/\/hubertpietka.bialystok.pl\/index.php?rest_route=\/wp\/v2\/types\/page"}],"author":[{"embeddable":true,"href":"https:\/\/hubertpietka.bialystok.pl\/index.php?rest_route=\/wp\/v2\/users\/1"}],"replies":[{"embeddable":true,"href":"https:\/\/hubertpietka.bialystok.pl\/index.php?rest_route=%2Fwp%2Fv2%2Fcomments&post=8965"}],"version-history":[{"count":1,"href":"https:\/\/hubertpietka.bialystok.pl\/index.php?rest_route=\/wp\/v2\/pages\/8965\/revisions"}],"predecessor-version":[{"id":8967,"href":"https:\/\/hubertpietka.bialystok.pl\/index.php?rest_route=\/wp\/v2\/pages\/8965\/revisions\/8967"}],"wp:attachment":[{"href":"https:\/\/hubertpietka.bialystok.pl\/index.php?rest_route=%2Fwp%2Fv2%2Fmedia&parent=8965"}],"curies":[{"name":"wp","href":"https:\/\/api.w.org\/{rel}","templated":true}]}}