{"id":9054,"date":"2025-01-28T07:40:19","date_gmt":"2025-01-28T07:40:19","guid":{"rendered":"https:\/\/hubertpietka.bialystok.pl\/?page_id=9054"},"modified":"2025-01-28T07:40:19","modified_gmt":"2025-01-28T07:40:19","slug":"przewrotnosc-demoniczna-bandyctwa-byleby-tylko-nam-zaszkodzic-uderzac-jakos-az-po-zniewolenie-i-smierc","status":"publish","type":"page","link":"https:\/\/hubertpietka.bialystok.pl\/?page_id=9054","title":{"rendered":"Przewrotno\u015b\u0107 demoniczna bandyctwa \/ byleby tylko nam zaszkodzi\u0107 uderza\u0107 jako\u015b \/\/ a\u017c po zniewolenie i \u015bmier\u0107"},"content":{"rendered":"\n<p>Ci bandyci mog\u0105 przecie\u017c wszystko<br>I im podobni<br>By nam odpowiednio szkodzi\u0107<br>Gazowa\u0107 jak cho\u0107by tej nocy<br>By cz\u0142owiek nawet si\u0119<br>Wyspa\u0107 nie m\u00f3g\u0142<br>Co jest potrzeb\u0105 podstawow\u0105<br>I co nas dotyczy i te\u017c naszych zwierz\u0105t<br>Zreszt\u0105 oni tym gazowaniem<br>Mog\u0105 robi\u0107 rzeczy gorsze du\u017co<br>Do \u015bmierci w\u0142\u0105cznie<br>Przekona\u0142em si\u0119 o tym wielokrotnie<\/p>\n\n\n\n<p>Zreszt\u0105 oni i im podobni<br>Zrobi\u0105 chyba wszystko<br>By w nas uderza\u0107<br>Naszych i nasze<br>Wykorzystaj\u0105 chyba ka\u017cd\u0105 pod\u0142\u0105<br>Ku temu okazj\u0119<br>Wszystko co mamy<br>Jest dla nich zawad\u0105<br>Sol\u0105 w oku<br>Ka\u017cda w\u0142a\u015bciwo\u015b\u0107 dzieci Bo\u017cych<br>I przyrodzona \u0142aska<br>P\u0142yn\u0105c\u0105 z sakramentu ma\u0142\u017ce\u0144stwa<br>Bo bardzo ch\u0119tnie ci bandyci<br>Uderzaj\u0105 w nasz\u0105 relacj\u0119<br>I w to co z tego p\u0142ynie<br>Zgodnie z szatanem<br>Kt\u00f3ry przecie\u017c chce rodziny zniszczy\u0107<br>W tym t\u0105 najbardziej<br>T\u0105 kom\u00f3rk\u0119 najbli\u017csz\u0105<br>Jak i te kt\u00f3re s\u0105 wok\u00f3\u0142 niej<\/p>\n\n\n\n<p>Podobnie z prac\u0105<br>Oni wykorzystaj\u0105 wszelkich niecnych<br>Byleby tylko w to dobro<br>Dla nas uderzy\u0107<br>Przecie\u017c my powinni\u015bmy o chleb<br>Chyba \u017cebra\u0107 i najlepiej te\u017c<br>\u017beby nam go nie dano<br>I nigdzie a je\u015bli ju\u017c<br>To zatruty<br>Tak jest zreszt\u0105 z ka\u017cd\u0105 dla nas pomoc\u0105<br>Pr\u00f3buj\u0105 uniemo\u017cliwi\u0107 nam wszystko<br>Jakikolwiek rozw\u00f3j wsparcie po\u017cyczki nawet<\/p>\n\n\n\n<p>A z prac\u0105 przecie\u017c mog\u0105<br>R\u00f3\u017cni wyst\u0119pni pod\u0142ug nich<br>Uderza\u0107 w t\u0105 nasz\u0105 rzeczywisto\u015b\u0107<br>Podobnie i we wszystko inne<br>Nasze miejsca samochody itp<br>Mimo zastrze\u017cenia na przyk\u0142ad<br>\u017be co\u015b jest przekazane<br>Z dobr\u0105 wol\u0105<br>Nie do udost\u0119pnienia dalej<br>Bo kto\u015b poprosi\u0142 podst\u0119pnie<br>\u017be co\u015b niby tylko do dokumentacji<br>Czyli u\u017cytku wewn\u0119trznego<br>To mo\u017cna to przecie\u017c wykorzysta\u0107<br>Odpowiednio przeciwko nam mnie<br>I oni tak ci\u0105gle ci bandyci podle<br>Byleby tylko uderzy\u0107<br>W nasz\u0105 rzeczywisto\u015b\u0107 jako\u015b<br>We wszelkie dobra<\/p>\n\n\n\n<p>I powoduj\u0105 tym zgie\u0142k z\u0142y<br>W eterze swymi k\u0142amstwami<br>Sw\u0105 przewrotno\u015bci\u0105<br>Dla nas oczywi\u015bcie ku zbrodniom<br>Przecie\u017c za nimi przemoc stoi<br>We wszelkich przejawach \u017cycia<br>Materialnych prawnych spolecznych<br>I maj\u0105 wszelkich niecnych<br>A to wszystko oczywi\u015bcie<br>Trzeba zawsze przeciwko nam<br>Wykorzystywa\u0107 jak najogl\u0119dniej<br>Ku z\u0142u dla nas wszelkiemu<br>I oni tak ci\u0105gle<br>W tym co dotyczy<br>Nas naszych i naszego<br>Zamkn\u0105\u0107 nam wszelkie drogi<br>Uziemi\u0107 by potem \u0142atwiej<br>Zniewoli\u0107 zabi\u0107 zniszczy\u0107 co nasze<br>Odebra\u0107 dobro od innych<br>Jak\u0105kolwiek pomoc wsparcie<br>Wyalienowa\u0107 i obrzydzi\u0107<br>W oczach \u015bwiata skompromitowa\u0107<br>W rzeczach wa\u017cnych<br>Tak oni dzia\u0142aj\u0105<br>\u015aci\u015ble wed\u0142ug szatana<br>Pana wszelkich rzeczy niecnych<br>Przemocy i k\u0142amstw<br>Kt\u00f3ry zawszy stoi za nimi<br>W tych wszelkich rzeczach<\/p>\n\n\n\n<p>Tak\u017ce nigdy nie wiadomo<br>Z kt\u00f3rej strony uderz\u0105<br>Ale wiadomo \u017ce tak<br>Oni robi\u0105 zawsze<br>W sprawach i rzeczach<br>Dla nas wa\u017cnych<br>A co im tam<br>Skoro ich celem jest przecie\u017c<br>Zabi\u0107 zniewoli\u0107 i zniszczy\u0107<br>To te rzeczy s\u0105 tylko przecie\u017c preludium<br>Do ostatecznej rozgrywki<br>Tych bandyt\u00f3w z nami<br>I szatana z tym \u015bwiatem<br>Je\u015bli on si\u0119 opowie<br>Za k\u0142amstwami szatana<br>A nie niewinno\u015bci\u0105 i prawami<br>Dzieci Bo\u017cych<br>To ten \u015bwiat<br>Jak oni nas zniszcz\u0105<br>Te\u017c zostanie zniszczony<br>Bo tak to jako\u015b<br>Pan B\u00f3g to u\u0142o\u017cy\u0142<br>\u017be \u015bwiata tego \u017cycie<br>Zale\u017cy od \u017cycia naszego<br>I nie ja to wymy\u015bli\u0142em<br>Ja jestem tylko<br>My jeste\u015bmy nasze i nasi<br>Narz\u0119dziami Bo\u017cymi<br>Mo\u017ce ku temu w\u0142a\u015bnie<br>By wysz\u0142y na jaw<br>Wszelkie prawdziwe intencje serc<br>Ku z\u0142u dla innych<br>Lub ku dobru<br>Poprzez nas naszych i nasze<\/p>\n\n\n\n<figure class=\"wp-block-gallery has-nested-images columns-default is-cropped wp-block-gallery-1 is-layout-flex wp-block-gallery-is-layout-flex\">\n<figure class=\"wp-block-image size-large\"><a href=\"https:\/\/hubertpietka.bialystok.pl\/wp-content\/uploads\/2025\/01\/IMG-20250123-WA0040-1.jpg\"><img loading=\"lazy\" decoding=\"async\" width=\"768\" height=\"1024\" data-id=\"9055\" src=\"https:\/\/hubertpietka.bialystok.pl\/wp-content\/uploads\/2025\/01\/IMG-20250123-WA0040-1-768x1024.jpg\" alt=\"\" class=\"wp-image-9055\" srcset=\"https:\/\/hubertpietka.bialystok.pl\/wp-content\/uploads\/2025\/01\/IMG-20250123-WA0040-1-768x1024.jpg 768w, https:\/\/hubertpietka.bialystok.pl\/wp-content\/uploads\/2025\/01\/IMG-20250123-WA0040-1-225x300.jpg 225w, https:\/\/hubertpietka.bialystok.pl\/wp-content\/uploads\/2025\/01\/IMG-20250123-WA0040-1-1152x1536.jpg 1152w, https:\/\/hubertpietka.bialystok.pl\/wp-content\/uploads\/2025\/01\/IMG-20250123-WA0040-1.jpg 1200w\" sizes=\"auto, (max-width: 768px) 100vw, 768px\" \/><\/a><\/figure>\n<\/figure>\n\n\n\n<p><em>Na zdj. \u017bycie czasem nas um\u0119czy<br>Bo ci bandyci naprawd\u0119<br>Na wszelkie sposoby<br>W nas uderzaj\u0105 i zniszczy\u0107 pr\u00f3buj\u0105 tak\u017ce<br>Nas naszych i nasze<br>A mo\u017ce to jest tajemnic\u0105<br>\u017be B\u00f3g przyszed\u0142 na \u015bwiat<br>W ubogiej stajence<br>Tak my w oczach \u015bwiata<br>Tak mali niepozorni<br>Dani jeste\u015bmy po to<br>By ludzie swe sumienia i serca weryfikowali<br>By oczyszczali je z k\u0142amstw i zbrodni<br>By dobro mog\u0142o zatryumfowa\u0107<br>I przez to \u015bwiat<br>Nie b\u0119dzie zniszczony<br>A przeciwnym razie<br>Zwyci\u0119stwa przemocy zbrodni i k\u0142amstw<br>Tych bandyt\u00f3w i im podobnych<br>\u015awiat ten zostanie zniszczony<br>Wcale nie strasz\u0119<br>To nie jest moj\u0105 intencj\u0105<br>To b\u0119dzie zwyk\u0142a konsekwencja<br>Tak jak konsekwencj\u0105 \u017cycia<br>Niecnego wyst\u0119pnego przewrotnego<br>W ob\u0142udzie si\u0119 p\u0142awi\u0105cego<br>Chwal\u0105cego k\u0142amstwa i zbrodnie<br>Zgadzanie si\u0119 z nimi<br>Jest pot\u0119pienie w piekle<br>To jest konsekwencja<br>Tej Bo\u017cej sprawiedliwo\u015bci zwyczajnie<\/em><\/p>\n\n\n\n<p class=\"has-text-align-center\"><strong><em><a href=\"https:\/\/youtu.be\/N2BaIzmQpbE?si=x8Ajm3QWe1gSMfUY\">Ch\u00f3r i Orkiestra Filharmonii Narodowej w Warszawie &#8211; Mizerna cicha <\/a><\/em><\/strong><\/p>\n","protected":false},"excerpt":{"rendered":"<p>Ci bandyci mog\u0105 przecie\u017c wszystkoI im podobniBy nam odpowiednio szkodzi\u0107Gazowa\u0107 jak cho\u0107by tej nocyBy cz\u0142owiek nawet si\u0119Wyspa\u0107 nie m\u00f3g\u0142Co jest potrzeb\u0105 podstawow\u0105I co nas dotyczy&hellip; <\/p>\n","protected":false},"author":1,"featured_media":0,"parent":0,"menu_order":0,"comment_status":"closed","ping_status":"closed","template":"","meta":{"footnotes":""},"class_list":["post-9054","page","type-page","status-publish","hentry"],"_links":{"self":[{"href":"https:\/\/hubertpietka.bialystok.pl\/index.php?rest_route=\/wp\/v2\/pages\/9054","targetHints":{"allow":["GET"]}}],"collection":[{"href":"https:\/\/hubertpietka.bialystok.pl\/index.php?rest_route=\/wp\/v2\/pages"}],"about":[{"href":"https:\/\/hubertpietka.bialystok.pl\/index.php?rest_route=\/wp\/v2\/types\/page"}],"author":[{"embeddable":true,"href":"https:\/\/hubertpietka.bialystok.pl\/index.php?rest_route=\/wp\/v2\/users\/1"}],"replies":[{"embeddable":true,"href":"https:\/\/hubertpietka.bialystok.pl\/index.php?rest_route=%2Fwp%2Fv2%2Fcomments&post=9054"}],"version-history":[{"count":1,"href":"https:\/\/hubertpietka.bialystok.pl\/index.php?rest_route=\/wp\/v2\/pages\/9054\/revisions"}],"predecessor-version":[{"id":9056,"href":"https:\/\/hubertpietka.bialystok.pl\/index.php?rest_route=\/wp\/v2\/pages\/9054\/revisions\/9056"}],"wp:attachment":[{"href":"https:\/\/hubertpietka.bialystok.pl\/index.php?rest_route=%2Fwp%2Fv2%2Fmedia&parent=9054"}],"curies":[{"name":"wp","href":"https:\/\/api.w.org\/{rel}","templated":true}]}}