{"id":9082,"date":"2025-02-04T15:43:06","date_gmt":"2025-02-04T15:43:06","guid":{"rendered":"https:\/\/hubertpietka.bialystok.pl\/?page_id=9082"},"modified":"2025-02-04T15:43:06","modified_gmt":"2025-02-04T15:43:06","slug":"podstepnosc-bandyckich-wystepkow-zaktualizowany-przekroj","status":"publish","type":"page","link":"https:\/\/hubertpietka.bialystok.pl\/?page_id=9082","title":{"rendered":"Podst\u0119pno\u015b\u0107 bandyckich wyst\u0119pk\u00f3w \/ zaktualizowany przekr\u00f3j"},"content":{"rendered":"\n<p>To se wymy\u015blili bandyci<br>Zagrywk\u0119 now\u0105 pod\u0142ug ich szata\u0144stwa<br>Mianowicie mam by\u0107 pomylony z bezdomnym<br>Kt\u00f3ry grasuje od jakiego\u015b czasu<br>W jednym z bia\u0142ostockich ko\u015bcio\u0142\u00f3w<br>Trzeba tylko \u017ceby co\u015b wyrz\u0105dzi\u0142<br>Odpowiedniego zapewne bandycko<br>On w kapturze i ja<br>Bo wra\u017cliwe mam zatoki<br>W ko\u015bciele zimno<br>Wi\u0119c chwila przemarzni\u0119cia i ju\u017c<br>On w butach sportowych i te\u017c ja<br>Cho\u0107 w sumie si\u0119 troch\u0119<br>U\u015bmiecham pod nosem<br>Bo on to i chyba<br>Lepiej ni\u017c ja ubrany<br>I oczywi\u015bcie pod odpowiednim wp\u0142ywem<br>On tak\u017ce tych bandyt\u00f3w<br>I raczej mocniejszych trunk\u00f3w<br>Tak\u017ce ci bandyci<br>Przez r\u00f3\u017cnych odpowiednich swoich<br>Nigdzie mi nie chc\u0105<br>Da\u0107 nawet chwili spokoju<br>Nawet w ko\u015bciele<br>C\u00f3\u017c tam dla nich przecie\u017c<br>\u015awi\u0119to\u015bci jakiekolwiek<\/p>\n\n\n\n<p>A poza tym<br>To nie wiem czy wiecie<br>Dzi\u015b mnie to spotka\u0142o<br>Zapewne tym bandyckim niby przypadkiem<br>\u017be te misie bandyckie<br>Mog\u0105 strzela\u0107 suszarkami<br>Tak\u017ce z wiadukt\u00f3w nad drogami<br>Tak\u017ce uwa\u017cajcie<br>No chyba \u017ce tylko mnie<br>Mia\u0142a dotyczy\u0107 ta<br>Bandycka misiowa wskazana akcja<br>Ja osobi\u015bcie si\u0119 z tym<br>Jeszcze nie spotka\u0142em<br>Tak\u017ce inwencja tego bandyctwa<br>Ku z\u0142u dla nas<br>Jest jak wida\u0107<br>Po szata\u0144sku chyba niewyczerpana<br>Czy ku zniewoleniu<br>Zabiciu te\u017c i odpowiednio<br>Czy jakiemukolwiek szkodzeniu<br>W nas naszych nasze uderzeniu<br>Bandyckie szata\u0144stwo pod\u0142ug im uleg\u0142ych<br>Mo\u017ce by\u0107 jak wida\u0107<br>Realizowane i wsz\u0119dzie<br>Grunt to \u017ceby nie da\u0107<br>Spokoju nam naszym i naszemu<br>A \u015brodki ku temu bandyckie<br>Zawsze si\u0119 znajd\u0105 przecie\u017c odpowiednie<\/p>\n\n\n\n<figure class=\"wp-block-gallery has-nested-images columns-default is-cropped wp-block-gallery-1 is-layout-flex wp-block-gallery-is-layout-flex\">\n<figure class=\"wp-block-image size-large\"><a href=\"https:\/\/hubertpietka.bialystok.pl\/wp-content\/uploads\/2025\/02\/IMG-20250128-WA0027.jpg\"><img loading=\"lazy\" decoding=\"async\" width=\"768\" height=\"1024\" data-id=\"9083\" src=\"https:\/\/hubertpietka.bialystok.pl\/wp-content\/uploads\/2025\/02\/IMG-20250128-WA0027-768x1024.jpg\" alt=\"\" class=\"wp-image-9083\" srcset=\"https:\/\/hubertpietka.bialystok.pl\/wp-content\/uploads\/2025\/02\/IMG-20250128-WA0027-768x1024.jpg 768w, https:\/\/hubertpietka.bialystok.pl\/wp-content\/uploads\/2025\/02\/IMG-20250128-WA0027-225x300.jpg 225w, https:\/\/hubertpietka.bialystok.pl\/wp-content\/uploads\/2025\/02\/IMG-20250128-WA0027-1152x1536.jpg 1152w, https:\/\/hubertpietka.bialystok.pl\/wp-content\/uploads\/2025\/02\/IMG-20250128-WA0027.jpg 1200w\" sizes=\"auto, (max-width: 768px) 100vw, 768px\" \/><\/a><\/figure>\n<\/figure>\n\n\n\n<p><em>Na zdj. Tak\u017ce tego<br>Byleby tylko spokoju nie da\u0107<br>Dopa\u015b\u0107 jako\u015b \u017ce k\u0142amliwie<br>A czy to wa\u017cne<br>\u017be podst\u0119pnie c\u00f3\u017c tam przecie\u017c<br>To przypomina troch\u0119 roletk\u0119 pewn\u0105 <br>Jak w tym go\u0142\u0119bniku<br>Komu czerwony komu \u017c\u00f3\u0142ty<br>Byleby tylko uderza\u0107 i jako\u015b<br>W nas naszych i nasze<br>Ale i chyba nie tylko<br>Bo sk\u0105d ten wsp\u00f3\u0142czesny<br>Poczet niewinnych m\u0119czennik\u00f3w tego barbarzy\u0144stwa<br>Podst\u0119pno\u015b\u0107 i k\u0142amliwo\u015b\u0107 szatana<br>Zapewne znajduje odpowiednie<br>Wobec tych bandyt\u00f3w uznanie<br>I ani mi Ani<br>Z nami naszymi i naszym<br>I niech spadaj\u0105<br>Bandyci i ich przydupasy r\u00f3\u017cne<br>Cho\u0107 oczywi\u015bcie si\u0119 ich wypieraj\u0105<br>To wszystko ma by\u0107<br>Po bandycku w\u0142a\u015bnie odpowiednio<\/em><\/p>\n","protected":false},"excerpt":{"rendered":"<p>To se wymy\u015blili bandyciZagrywk\u0119 now\u0105 pod\u0142ug ich szata\u0144stwaMianowicie mam by\u0107 pomylony z bezdomnymKt\u00f3ry grasuje od jakiego\u015b czasuW jednym z bia\u0142ostockich ko\u015bcio\u0142\u00f3wTrzeba tylko \u017ceby co\u015b wyrz\u0105dzi\u0142Odpowiedniego&hellip; <\/p>\n","protected":false},"author":1,"featured_media":0,"parent":0,"menu_order":0,"comment_status":"closed","ping_status":"closed","template":"","meta":{"footnotes":""},"class_list":["post-9082","page","type-page","status-publish","hentry"],"_links":{"self":[{"href":"https:\/\/hubertpietka.bialystok.pl\/index.php?rest_route=\/wp\/v2\/pages\/9082","targetHints":{"allow":["GET"]}}],"collection":[{"href":"https:\/\/hubertpietka.bialystok.pl\/index.php?rest_route=\/wp\/v2\/pages"}],"about":[{"href":"https:\/\/hubertpietka.bialystok.pl\/index.php?rest_route=\/wp\/v2\/types\/page"}],"author":[{"embeddable":true,"href":"https:\/\/hubertpietka.bialystok.pl\/index.php?rest_route=\/wp\/v2\/users\/1"}],"replies":[{"embeddable":true,"href":"https:\/\/hubertpietka.bialystok.pl\/index.php?rest_route=%2Fwp%2Fv2%2Fcomments&post=9082"}],"version-history":[{"count":1,"href":"https:\/\/hubertpietka.bialystok.pl\/index.php?rest_route=\/wp\/v2\/pages\/9082\/revisions"}],"predecessor-version":[{"id":9084,"href":"https:\/\/hubertpietka.bialystok.pl\/index.php?rest_route=\/wp\/v2\/pages\/9082\/revisions\/9084"}],"wp:attachment":[{"href":"https:\/\/hubertpietka.bialystok.pl\/index.php?rest_route=%2Fwp%2Fv2%2Fmedia&parent=9082"}],"curies":[{"name":"wp","href":"https:\/\/api.w.org\/{rel}","templated":true}]}}