{"id":9104,"date":"2025-02-09T09:54:37","date_gmt":"2025-02-09T09:54:37","guid":{"rendered":"https:\/\/hubertpietka.bialystok.pl\/?page_id=9104"},"modified":"2025-02-09T09:54:37","modified_gmt":"2025-02-09T09:54:37","slug":"dzien-w-bogu-dzieci-bozych-a-szatanskie-sie-odnawianie-bandytow-ku-wszelkiemu-zlu","status":"publish","type":"page","link":"https:\/\/hubertpietka.bialystok.pl\/?page_id=9104","title":{"rendered":"Dzie\u0144 w Bogu dzieci Bo\u017cych \/ a szata\u0144skie si\u0119 odnawianie \/ bandyt\u00f3w ku wszelkiemu z\u0142u"},"content":{"rendered":"\n<p>&#8222;Ka\u017cdego ranka ma mnie \/ nas spotka\u0107 kara&#8221;<br>Cytuj\u0105c s\u0142owa Psalmu<br>I dalej<br>&#8222;Gro\u017c\u0105 mi \/ nam za to<br>\u017be idziemy za Bogiem&#8221; wiernie<\/p>\n\n\n\n<p>Od rana mo\u017cna si\u0119 budzi\u0107<br>Do dzie\u0142 Bo\u017cych<br>Albo przeciwnie<br>Szata\u0144skich dzie\u0142 z\u0142a<br>Do dobra prawdy pi\u0119kna mi\u0142o\u015bci<br>Albo do zbrodni<br>\u015amierci gwa\u0142tu zniewolenia i zniszczenia<br>Po tym si\u0119 rozpoznaje analogicznie<br>Dzieci Boga i dzieci diab\u0142a<\/p>\n\n\n\n<p>I potem te\u017c nieustannie<br>Przez dzie\u0144 ca\u0142y<br>Mo\u017cna si\u0119 odnawia\u0107 podobnie<br>Albo ku dobru w Bogu<br>Albo ku z\u0142u wed\u0142ug szatana<br>Tak my a tak odwrotnie<br>Ci bandyci i im podobni<\/p>\n\n\n\n<p>I tak przez dzie\u0144 ca\u0142y<br>I w nocy<br>Mo\u017cna pr\u00f3bowa\u0107 dobro chcie\u0107 czyni\u0107<br>A mo\u017cna mno\u017cy\u0107 napa\u015bcie prowokacje<br>W pokorze przed Panem<br>Albo wed\u0142ug ubekiego poj\u0119cia<br>Bycia tym niby lepszym<br>I \u017ce takim mo\u017cna wi\u0119cej<br>Z\u0142a r\u00f3\u017cnego oczywi\u015bcie<\/p>\n\n\n\n<figure class=\"wp-block-gallery has-nested-images columns-default is-cropped wp-block-gallery-1 is-layout-flex wp-block-gallery-is-layout-flex\">\n<figure class=\"wp-block-image size-large\"><a href=\"https:\/\/hubertpietka.bialystok.pl\/wp-content\/uploads\/2025\/02\/Resized_20250208_161239.jpeg\"><img loading=\"lazy\" decoding=\"async\" width=\"1008\" height=\"756\" data-id=\"9105\" src=\"https:\/\/hubertpietka.bialystok.pl\/wp-content\/uploads\/2025\/02\/Resized_20250208_161239.jpeg\" alt=\"\" class=\"wp-image-9105\" srcset=\"https:\/\/hubertpietka.bialystok.pl\/wp-content\/uploads\/2025\/02\/Resized_20250208_161239.jpeg 1008w, https:\/\/hubertpietka.bialystok.pl\/wp-content\/uploads\/2025\/02\/Resized_20250208_161239-300x225.jpeg 300w, https:\/\/hubertpietka.bialystok.pl\/wp-content\/uploads\/2025\/02\/Resized_20250208_161239-768x576.jpeg 768w\" sizes=\"auto, (max-width: 1008px) 100vw, 1008px\" \/><\/a><\/figure>\n<\/figure>\n\n\n\n<p><em>Na zdj. Jak kurczaczki ogrzewaj\u0105ce si\u0119<br>Tym Bo\u017cym \u015bwiat\u0142em<br>Albo jak podst\u0119pne lisy<br>Pr\u00f3buj\u0105ce wkra\u015b\u0107 si\u0119 do kurnika<br>By zabija\u0107 te Bo\u017ce stworzonka<br>To dotyczy nas naszych naszego<br>Ale i innych przecie\u017c chyba<br>Bo zbrodnie tych bandyt\u00f3w<br>Nie tylko nas maj\u0105 dotyczy\u0107<br>Zbrodnie szata\u0144skie maj\u0105 przecie\u017c stopniowo<br>Ca\u0142y \u015bwiat poch\u0142ania\u0107<br>Zataczaj\u0105c coraz szersze kr\u0119gi<br>Wobec niewinnych ludzi<br>Kt\u00f3rzy tym tylko zawinili<br>\u017be id\u0105 za Bogiem<br>Dobrem pi\u0119knem mi\u0142o\u015bci\u0105 w prawdzie<br>A nie pochwalaj\u0105 dzie\u0142 szatana<br>Bandyckich zbrodni i im podobnych<br>I wszelkich ich pod\u0142ych k\u0142amstw<br>Tej ca\u0142ej ob\u0142udy i perfidii<br>Wed\u0142ug szatana ojca k\u0142amstwa<br>Za kt\u00f3r\u0105 ci bandyci id\u0105<br>I ska\u017caj\u0105 tym \u015bwiat ca\u0142y<br>Nie\u015bwiadomy chyba totalno\u015bci z\u0142a szatana<\/em><\/p>\n\n\n\n<p><strong><em><a href=\"https:\/\/youtu.be\/Po2FPXuq7GY?si=NG4vVe0xk2RHWHsL\">Paragraf 64 &#8211; Ten wasz system<\/a><\/em><\/strong><\/p>\n\n\n\n<p class=\"has-text-align-center\"><strong><em><a href=\"https:\/\/youtu.be\/HZgimGCl6jg?si=PLCjQlA6nyD8VIgo\">\u0141ukasz \u0141yczkowski &amp; 5 Rano &#8211; Z\u0142y czas<\/a><\/em><\/strong><\/p>\n\n\n\n<p class=\"has-text-align-right\"><strong><em><a href=\"https:\/\/youtu.be\/ru0RbHq0ZAY?si=T8D3s1rqRzYeG2f7\">Ziemia Zakazana &#8211; System wasz<\/a><\/em><\/strong><\/p>\n","protected":false},"excerpt":{"rendered":"<p>&#8222;Ka\u017cdego ranka ma mnie \/ nas spotka\u0107 kara&#8221;Cytuj\u0105c s\u0142owa PsalmuI dalej&#8222;Gro\u017c\u0105 mi \/ nam za to\u017be idziemy za Bogiem&#8221; wiernie Od rana mo\u017cna si\u0119 budzi\u0107Do&hellip; <\/p>\n","protected":false},"author":1,"featured_media":0,"parent":0,"menu_order":0,"comment_status":"closed","ping_status":"closed","template":"","meta":{"footnotes":""},"class_list":["post-9104","page","type-page","status-publish","hentry"],"_links":{"self":[{"href":"https:\/\/hubertpietka.bialystok.pl\/index.php?rest_route=\/wp\/v2\/pages\/9104","targetHints":{"allow":["GET"]}}],"collection":[{"href":"https:\/\/hubertpietka.bialystok.pl\/index.php?rest_route=\/wp\/v2\/pages"}],"about":[{"href":"https:\/\/hubertpietka.bialystok.pl\/index.php?rest_route=\/wp\/v2\/types\/page"}],"author":[{"embeddable":true,"href":"https:\/\/hubertpietka.bialystok.pl\/index.php?rest_route=\/wp\/v2\/users\/1"}],"replies":[{"embeddable":true,"href":"https:\/\/hubertpietka.bialystok.pl\/index.php?rest_route=%2Fwp%2Fv2%2Fcomments&post=9104"}],"version-history":[{"count":1,"href":"https:\/\/hubertpietka.bialystok.pl\/index.php?rest_route=\/wp\/v2\/pages\/9104\/revisions"}],"predecessor-version":[{"id":9106,"href":"https:\/\/hubertpietka.bialystok.pl\/index.php?rest_route=\/wp\/v2\/pages\/9104\/revisions\/9106"}],"wp:attachment":[{"href":"https:\/\/hubertpietka.bialystok.pl\/index.php?rest_route=%2Fwp%2Fv2%2Fmedia&parent=9104"}],"curies":[{"name":"wp","href":"https:\/\/api.w.org\/{rel}","templated":true}]}}