{"id":9114,"date":"2025-02-12T12:43:08","date_gmt":"2025-02-12T12:43:08","guid":{"rendered":"https:\/\/hubertpietka.bialystok.pl\/?page_id=9114"},"modified":"2025-02-12T12:43:08","modified_gmt":"2025-02-12T12:43:08","slug":"szatanska-nienawisc-tych-bandytow-w-praktyce-a-obrona-w-prawdzie-slowem","status":"publish","type":"page","link":"https:\/\/hubertpietka.bialystok.pl\/?page_id=9114","title":{"rendered":"Szata\u0144ska nienawi\u015b\u0107 tych bandyt\u00f3w \/ w praktyce \/ a obrona w prawdzie s\u0142owem"},"content":{"rendered":"\n<p>Jak\u017ce\u017c oni nie s\u0105 chorzy<br>Na nienawi\u015b\u0107 ci bandyci<br>Skoro mnie mo\u017ce nas nagrywaj\u0105<br>W miejscach gdzie<br>Chodzenie nie jest \u017cadnym przest\u0119pstwem<br>A tak to tym<br>Bandyckim misiom przedstawiaj\u0105<br>By ci mieli pretekst<br>Do naj\u015bcia czy zatrzymania<br>A dzisiaj to ju\u017c hit<br>Nagrywanie na \u0142\u0105ce zimowej wprawdzie<br>Gdzie nie powinni je\u017adzi\u0107 sami<br>I pewnie takich bandyckich nagra\u0144<br>Maj\u0105 ju\u017c du\u017co bandyckie misie<br>Wiele takich pretekst\u00f3w naj\u015b\u0107 zatrzyma\u0144<br>I z dron\u00f3w czy te\u017c jakich\u015b kamer<br>Te\u017c si\u0119 pewnie co\u015b znajdzie<br>Odpowiednio bandyckiego<br>Nie wa\u017cne jest przecie\u017c<br>\u017be do r\u00f3\u017cnych ruch\u00f3w<br>Mog\u0105 by\u0107 odpowiednie wzgl\u0119dy<br>Byleby bandyckie misie<br>Spe\u0142ni\u0142y bandycko po\u017c\u0105dania nienawistne bandyckie<br>Bo przecie\u017c trzeba mnie nas<br>Uziemi\u0107 odpowiednio<br>Do tego zmierzaj\u0105 ju\u017c<br>Od czasu do\u015b\u0107 d\u0142ugiego<br>Wi\u0119c zapewne znajd\u0105 si\u0119 szemrane<br>Oczywi\u015bcie preteksty odpowiednie<br>Podobnie z \u017cony zabiciem<br>Uderzaniem w nas naszych nasze<br>Czy\u017c tu nie jest r\u00f3wnie\u017c<br>Ta chora bandycka nienawi\u015b\u0107 \u017ar\u00f3d\u0142em<br>Ich i im podobnych<br>W dzia\u0142aniach bandyckich r\u00f3\u017cnych<br>Byleby tylko ta chora<br>Nienawi\u015b\u0107 szata\u0144ska tych bandyt\u00f3w<br>Zosta\u0142a w ko\u0144cu odpowiednio skonsumowana<br>Ku chwale diab\u0142a<br>Bo te dzia\u0142ania nienawistne r\u00f3\u017cne<br>S\u0105 celowo zaprogramowane<br>I uderza\u0107 w niewinne<br>Tak naprawd\u0119 dzieci Bo\u017ce maj\u0105<br>A na ka\u017cdego co\u015b si\u0119 przecie\u017c znajdzie<br>Gdy kogo\u015b prze\u015bladuje si\u0119<br>Niemal na ka\u017cdym kroku<br>Wiedz\u0105 to ci bandyci<br>Sprawdza si\u0119 tu zasada komunistyczna<br>Nienawistnie zaprogramowanych dzia\u0142a\u0144 wobec przeciwnik\u00f3w<br>Systemy totalno\u015bci z\u0142a tych bandyt\u00f3w<\/p>\n\n\n\n<p>A teraz pewnie mnie oskar\u017c\u0105<br>O mow\u0119 nienawi\u015bci ci bandyci<br>Czy im podobni<br>Bo wykazuj\u0119 ich nienawistne dzia\u0142ania<br>W tak zwanej praktyce<br>A to im si\u0119 nie podoba bardzo<br>Dlatego chc\u0105 mnie uciszy\u0107<br>Ja tylko ich nienawi\u015b\u0107 nazywam<br>Wed\u0142ug kt\u00f3rej oni czyni\u0105<br>Ale przecie\u017c nie mo\u017cna<br>Nazywa\u0107 z\u0142ych czyn\u00f3w bandyckich<br>Oni tylko maj\u0105 racj\u0119<br>Wed\u0142ug przemocy i w\u0142adzy<br>I sterowania r\u00f3\u017cnymi s\u0142u\u017cbami<br>Cho\u0107by tymi bandyckimi misiami<br>Kt\u00f3rzy bandycko maj\u0105 bo pod\u0142ug<br>Tych bandyt\u00f3w czyni\u0107<br>Czy innych zmanipulowanych<br>Ideologi\u0105 k\u0142amliw\u0105 jedynie s\u0142usznych<br>Racji bandyckich wbrew moralno\u015bci i sumieniu<br>Tylko ci maj\u0105 przecie\u017c racj\u0119<br>Do kt\u00f3rych nale\u017cy w\u0142adza przemoc<br>I niewa\u017cne \u017ce czyni\u0105 wsz\u0119dzie<br>Z\u0142o szata\u0144skie chyba najgorsze<br>K\u0142amstw zniewolenia zniszczenia i \u015bmierci<br>I nie tylko chyba przecie\u017c<br>Wobec nas naszych i naszego<\/p>\n\n\n\n<p><strong>Dzi\u015b \u015bw. Eulalii<br>Oni by chcieli zapewne<br>By ich tylko chwali\u0107<br>I im podobnych<br>Nie wa\u017cne \u017ce czyni\u0105 z\u0142o<br>Chyba najgorsze<br>Bo czym\u017ce s\u0105<br>Zniewolenia sterowane \u015bmierci gwa\u0142tu zadawanie<br>I wszelkie zniszczenia<br>Ale przecie\u017c trzeba ich chwali\u0107<br>I nie mo\u017cna nazywa\u0107<br>Tych wszelkich ich z\u0142ych czyn\u00f3w<br>W prawdzie nawet w formie<br>Tylko w\u0142asnej obrony<br>Bo to nie podoba si\u0119<br>Tym bandytom i im podobnym<br>\u017be z\u0142o si\u0119 z\u0142em nazywa<br>To przecie\u017c mowa nienawi\u015bci<br>Wed\u0142ug kt\u00f3rej zreszt\u0105 oni<br>Post\u0119puj\u0105 nieustannie w spos\u00f3b chory<br>Bo byleby tylko nam<br>Naszemu i naszym z\u0142o szata\u0144skie<br>Czyni\u0107 zawsze i wsz\u0119dzie<br>A tak naprawd\u0119 dobrze m\u00f3wi\u0107<br>To m\u00f3wi\u0107 prawd\u0119<br>Nie definiowa\u0107 wszystko i dedykowa\u0107<br>Odpowiednio wed\u0142ug k\u0142amstwa nienawi\u015bci szata\u0144skiego<\/strong><\/p>\n\n\n\n<figure class=\"wp-block-image size-large\"><a href=\"https:\/\/hubertpietka.bialystok.pl\/wp-content\/uploads\/2025\/02\/IMG-20250210-WA0014.jpg\"><img loading=\"lazy\" decoding=\"async\" width=\"768\" height=\"1024\" src=\"https:\/\/hubertpietka.bialystok.pl\/wp-content\/uploads\/2025\/02\/IMG-20250210-WA0014-768x1024.jpg\" alt=\"\" class=\"wp-image-9115\" srcset=\"https:\/\/hubertpietka.bialystok.pl\/wp-content\/uploads\/2025\/02\/IMG-20250210-WA0014-768x1024.jpg 768w, https:\/\/hubertpietka.bialystok.pl\/wp-content\/uploads\/2025\/02\/IMG-20250210-WA0014-225x300.jpg 225w, https:\/\/hubertpietka.bialystok.pl\/wp-content\/uploads\/2025\/02\/IMG-20250210-WA0014-1152x1536.jpg 1152w, https:\/\/hubertpietka.bialystok.pl\/wp-content\/uploads\/2025\/02\/IMG-20250210-WA0014.jpg 1200w\" sizes=\"auto, (max-width: 768px) 100vw, 768px\" \/><\/a><\/figure>\n\n\n\n<p><em>Na zdj. \u015awi\u0119ty Micha\u0142 Archanio\u0142<br>Z mieczem Bo\u017cej prawdy<br>Ja mo\u017ce nie zawsze<br>Wszystko wyra\u017c\u0119 jasno<br>Ale kto ma dobre intencje<br>Prawd\u0119 Bo\u017c\u0105 w tym odnajdzie<br>Wbrew nienawi\u015bci szata\u0144skiej<br>I k\u0142amstwom ideologicznym wszelkim<br>Kt\u00f3re serwuj\u0105 ci bandyci wsz\u0119dzie<\/em><\/p>\n\n\n\n<p><em>A czy\u017c to wszystko<br>U nich i ch podobnych<br>Nie wed\u0142ug nienawi\u015bci<br>Byleby tylko z\u0142o<br>Nam naszym i naszemu<br>Ale nie tylko<br>A czy\u017c to oskar\u017cenie<br>O mow\u0119 nienawi\u015bci<br>W s\u0142usznej obronie prawdy niewinnych<br>Te\u017c z nienawi\u015bci w\u0142a\u015bnie<br>Tu nie wyp\u0142ywa<br>Nienawi\u015b\u0107 w praktycy tych bandyt\u00f3w<br>Ma broni\u0107 nienawi\u015b\u0107<br>W oskar\u017caniu za s\u0142owa prawdy<br>Z\u0142a nazywanie<br>Jak\u017ce\u017c to nie jest szata\u0144stwo<br>Skoro z\u0142o ma broni\u0107 z\u0142a<br>Przeciwko niewinnym w prawdzie<br>Tak\u017ce bandycki system z\u0142a totalno\u015bci<br>Wed\u0142ug szatana ma si\u0119 dobrze<br>Z\u0142o ma przecie\u017c z\u0142o broni\u0107<br>I byleby tylko wszystko<br>S\u0142u\u017cy\u0142o z\u0142u przeciwko niewinnym<br>W Bo\u017cej prawdzie<\/em><\/p>\n\n\n\n<p class=\"has-text-align-center\"><strong><em><a href=\"https:\/\/youtu.be\/U7bLuJ7jyJI?si=sZKhhC2CVT8zn11j\">Strachy na Lachy feet. Itsmisslilly &#8211; Ob\u0142\u0105kany ob\u0142ok <\/a><\/em><\/strong><\/p>\n\n\n\n<p class=\"has-text-align-right\"><strong><em><a href=\"https:\/\/youtu.be\/AWeOym5QaXM?si=NhLQs9xjgvHVg0la\">\u0141ukasz \u0141yczkowski &amp; 5 Rano &#8211; Taki los<\/a><\/em><\/strong><\/p>\n","protected":false},"excerpt":{"rendered":"<p>Jak\u017ce\u017c oni nie s\u0105 chorzyNa nienawi\u015b\u0107 ci bandyciSkoro mnie mo\u017ce nas nagrywaj\u0105W miejscach gdzieChodzenie nie jest \u017cadnym przest\u0119pstwemA tak to tymBandyckim misiom przedstawiaj\u0105By ci mieli&hellip; <\/p>\n","protected":false},"author":1,"featured_media":0,"parent":0,"menu_order":0,"comment_status":"closed","ping_status":"closed","template":"","meta":{"footnotes":""},"class_list":["post-9114","page","type-page","status-publish","hentry"],"_links":{"self":[{"href":"https:\/\/hubertpietka.bialystok.pl\/index.php?rest_route=\/wp\/v2\/pages\/9114","targetHints":{"allow":["GET"]}}],"collection":[{"href":"https:\/\/hubertpietka.bialystok.pl\/index.php?rest_route=\/wp\/v2\/pages"}],"about":[{"href":"https:\/\/hubertpietka.bialystok.pl\/index.php?rest_route=\/wp\/v2\/types\/page"}],"author":[{"embeddable":true,"href":"https:\/\/hubertpietka.bialystok.pl\/index.php?rest_route=\/wp\/v2\/users\/1"}],"replies":[{"embeddable":true,"href":"https:\/\/hubertpietka.bialystok.pl\/index.php?rest_route=%2Fwp%2Fv2%2Fcomments&post=9114"}],"version-history":[{"count":1,"href":"https:\/\/hubertpietka.bialystok.pl\/index.php?rest_route=\/wp\/v2\/pages\/9114\/revisions"}],"predecessor-version":[{"id":9116,"href":"https:\/\/hubertpietka.bialystok.pl\/index.php?rest_route=\/wp\/v2\/pages\/9114\/revisions\/9116"}],"wp:attachment":[{"href":"https:\/\/hubertpietka.bialystok.pl\/index.php?rest_route=%2Fwp%2Fv2%2Fmedia&parent=9114"}],"curies":[{"name":"wp","href":"https:\/\/api.w.org\/{rel}","templated":true}]}}

Szatańska nienawiść tych bandytów / w praktyce / a obrona w prawdzie słowem

<p>Jakżeż oni nie są chorzy<br>Na nienawiść ci bandyci<br>Skoro mnie może nas nagrywają<br>W miejscach gdzie<br>Chodzenie nie jest żadnym przestępstwem<br>A tak to tym<br>Bandyckim misiom przedstawiają<br>By ci mieli pretekst<br>Do najścia czy zatrzymania<br>A dzisiaj to już hit<br>Nagrywanie na łące zimowej wprawdzie<br>Gdzie nie powinni jeździć sami<br>I pewnie takich bandyckich nagrań<br>Mają już dużo bandyckie misie<br>Wiele takich pretekstów najść zatrzymań<br>I z dronów czy też jakichś kamer<br>Też się pewnie coś znajdzie<br>Odpowiednio bandyckiego<br>Nie ważne jest przecież<br>Że do różnych ruchów<br>Mogą być odpowiednie względy<br>Byleby bandyckie misie<br>Spełniły bandycko pożądania nienawistne bandyckie<br>Bo przecież trzeba mnie nas<br>Uziemić odpowiednio<br>Do tego zmierzają już<br>Od czasu dość długiego<br>Więc zapewne znajdą się szemrane<br>Oczywiście preteksty odpowiednie<br>Podobnie z żony zabiciem<br>Uderzaniem w nas naszych nasze<br>Czyż tu nie jest również<br>Ta chora bandycka nienawiść źródłem<br>Ich i im podobnych<br>W działaniach bandyckich różnych<br>Byleby tylko ta chora<br>Nienawiść szatańska tych bandytów<br>Została w końcu odpowiednio skonsumowana<br>Ku chwale diabła<br>Bo te działania nienawistne różne<br>Są celowo zaprogramowane<br>I uderzać w niewinne<br>Tak naprawdę dzieci Boże mają<br>A na każdego coś się przecież znajdzie<br>Gdy kogoś prześladuje się<br>Niemal na każdym kroku<br>Wiedzą to ci bandyci<br>Sprawdza się tu zasada komunistyczna<br>Nienawistnie zaprogramowanych działań wobec przeciwników<br>Systemy totalności zła tych bandytów</p>



<p>A teraz pewnie mnie oskarżą<br>O mowę nienawiści ci bandyci<br>Czy im podobni<br>Bo wykazuję ich nienawistne działania<br>W tak zwanej praktyce<br>A to im się nie podoba bardzo<br>Dlatego chcą mnie uciszyć<br>Ja tylko ich nienawiść nazywam<br>Według której oni czynią<br>Ale przecież nie można<br>Nazywać złych czynów bandyckich<br>Oni tylko mają rację<br>Według przemocy i władzy<br>I sterowania różnymi służbami<br>Choćby tymi bandyckimi misiami<br>Którzy bandycko mają bo podług<br>Tych bandytów czynić<br>Czy innych zmanipulowanych<br>Ideologią kłamliwą jedynie słusznych<br>Racji bandyckich wbrew moralności i sumieniu<br>Tylko ci mają przecież rację<br>Do których należy władza przemoc<br>I nieważne że czynią wszędzie<br>Zło szatańskie chyba najgorsze<br>Kłamstw zniewolenia zniszczenia i śmierci<br>I nie tylko chyba przecież<br>Wobec nas naszych i naszego</p>



<p><strong>Dziś św. Eulalii<br>Oni by chcieli zapewne<br>By ich tylko chwalić<br>I im podobnych<br>Nie ważne że czynią zło<br>Chyba najgorsze<br>Bo czymże są<br>Zniewolenia sterowane śmierci gwałtu zadawanie<br>I wszelkie zniszczenia<br>Ale przecież trzeba ich chwalić<br>I nie można nazywać<br>Tych wszelkich ich złych czynów<br>W prawdzie nawet w formie<br>Tylko własnej obrony<br>Bo to nie podoba się<br>Tym bandytom i im podobnym<br>Że zło się złem nazywa<br>To przecież mowa nienawiści<br>Według której zresztą oni<br>Postępują nieustannie w sposób chory<br>Bo byleby tylko nam<br>Naszemu i naszym zło szatańskie<br>Czynić zawsze i wszędzie<br>A tak naprawdę dobrze mówić<br>To mówić prawdę<br>Nie definiować wszystko i dedykować<br>Odpowiednio według kłamstwa nienawiści szatańskiego</strong></p>



<figure class="wp-block-image size-large"><a href="https://hubertpietka.bialystok.pl/wp-content/uploads/2025/02/IMG-20250210-WA0014.jpg"><img loading="lazy" decoding="async" width="768" height="1024" src="https://hubertpietka.bialystok.pl/wp-content/uploads/2025/02/IMG-20250210-WA0014-768x1024.jpg" alt="" class="wp-image-9115" srcset="https://hubertpietka.bialystok.pl/wp-content/uploads/2025/02/IMG-20250210-WA0014-768x1024.jpg 768w, https://hubertpietka.bialystok.pl/wp-content/uploads/2025/02/IMG-20250210-WA0014-225x300.jpg 225w, https://hubertpietka.bialystok.pl/wp-content/uploads/2025/02/IMG-20250210-WA0014-1152x1536.jpg 1152w, https://hubertpietka.bialystok.pl/wp-content/uploads/2025/02/IMG-20250210-WA0014.jpg 1200w" sizes="auto, (max-width: 768px) 100vw, 768px" /></a></figure>



<p><em>Na zdj. Święty Michał Archanioł<br>Z mieczem Bożej prawdy<br>Ja może nie zawsze<br>Wszystko wyrażę jasno<br>Ale kto ma dobre intencje<br>Prawdę Bożą w tym odnajdzie<br>Wbrew nienawiści szatańskiej<br>I kłamstwom ideologicznym wszelkim<br>Które serwują ci bandyci wszędzie</em></p>



<p><em>A czyż to wszystko<br>U nich i ch podobnych<br>Nie według nienawiści<br>Byleby tylko zło<br>Nam naszym i naszemu<br>Ale nie tylko<br>A czyż to oskarżenie<br>O mowę nienawiści<br>W słusznej obronie prawdy niewinnych<br>Też z nienawiści właśnie<br>Tu nie wypływa<br>Nienawiść w praktycy tych bandytów<br>Ma bronić nienawiść<br>W oskarżaniu za słowa prawdy<br>Zła nazywanie<br>Jakżeż to nie jest szataństwo<br>Skoro zło ma bronić zła<br>Przeciwko niewinnym w prawdzie<br>Także bandycki system zła totalności<br>Według szatana ma się dobrze<br>Zło ma przecież zło bronić<br>I byleby tylko wszystko<br>Służyło złu przeciwko niewinnym<br>W Bożej prawdzie</em></p>



<p class="has-text-align-center"><strong><em><a href="https://youtu.be/U7bLuJ7jyJI?si=sZKhhC2CVT8zn11j">Strachy na Lachy feet. Itsmisslilly &#8211; Obłąkany obłok </a></em></strong></p>



<p class="has-text-align-right"><strong><em><a href="https://youtu.be/AWeOym5QaXM?si=NhLQs9xjgvHVg0la">Łukasz Łyczkowski &amp; 5 Rano &#8211; Taki los</a></em></strong></p>

<p>Jakżeż oni nie są chorzyNa nienawiść ci bandyciSkoro mnie może nas nagrywająW miejscach gdzieChodzenie nie jest żadnym przestępstwemA tak to tymBandyckim misiom przedstawiająBy ci mieli&hellip; </p>
