{"id":9119,"date":"2025-02-14T09:00:26","date_gmt":"2025-02-14T09:00:26","guid":{"rendered":"https:\/\/hubertpietka.bialystok.pl\/?page_id=9119"},"modified":"2025-02-14T09:00:26","modified_gmt":"2025-02-14T09:00:26","slug":"mala-budowla-tej-milosci-idzie-w-parze-z-swiata-tego-gmachem","status":"publish","type":"page","link":"https:\/\/hubertpietka.bialystok.pl\/?page_id=9119","title":{"rendered":"Ma\u0142a budowla tej mi\u0142o\u015bci \/ idzie w parze \/\/ z \u015bwiata tego gmachem"},"content":{"rendered":"\n<p>Moja droga *<strong>Walen-tynko<\/strong>*<br>Dla ciebie *<strong>wal\u0119 tynki<\/strong>*<br>Gmachu \u015bwiata tego wszelkiej<br>Ob\u0142udy bandyckiej i k\u0142amstw szata\u0144skich<br>Jestem *<strong>walkiem<\/strong>* tego<br>I zawsze o mi\u0142o\u015b\u0107 nasz\u0105<br>B\u0119d\u0119 *<strong>walczy\u0142<\/strong>* nawet z<br>\u015awiatem ca\u0142ym a zw\u0142aszcza<br>Z t\u0105 przewrotno\u015bci\u0105 wszelk\u0105 szata\u0144sk\u0105<\/p>\n\n\n\n<p>B\u00f3g tak\u017ce jest *<strong>Walkiem<\/strong>*<br>Jest Obro\u0144c\u0105 tej mi\u0142o\u015bci<br>Przed \u015bwiatem ca\u0142ym tym bandyckim<br>I je\u015bli oni i im r\u00f3\u017cni podobni<br>T\u0105 mi\u0142o\u015b\u0107 zniszcz\u0105<br>To B\u00f3g ten \u015bwiat zburzy<br>Wedle zreszt\u0105 po\u017c\u0105da\u0144 szata\u0144skich<br>Zniszczenie tej mi\u0142o\u015bci b\u0119dzie te\u017c<br>Zniszczeniem \u015bwiata tego<br>Szatan do tego zmierza<br>Przez tych r\u00f3\u017cnych bandyt\u00f3w<br>I tak si\u0119 stanie<br>Wedle tego \u017ce ludzie<br>To b\u0119d\u0105 mieli co wybieraj\u0105<\/p>\n\n\n\n<figure class=\"wp-block-gallery has-nested-images columns-default is-cropped wp-block-gallery-1 is-layout-flex wp-block-gallery-is-layout-flex\">\n<figure class=\"wp-block-image size-large\"><a href=\"https:\/\/hubertpietka.bialystok.pl\/wp-content\/uploads\/2025\/02\/IMG-20250213-WA0011.jpg\"><img loading=\"lazy\" decoding=\"async\" width=\"768\" height=\"1024\" data-id=\"9120\" src=\"https:\/\/hubertpietka.bialystok.pl\/wp-content\/uploads\/2025\/02\/IMG-20250213-WA0011-768x1024.jpg\" alt=\"\" class=\"wp-image-9120\" srcset=\"https:\/\/hubertpietka.bialystok.pl\/wp-content\/uploads\/2025\/02\/IMG-20250213-WA0011-768x1024.jpg 768w, https:\/\/hubertpietka.bialystok.pl\/wp-content\/uploads\/2025\/02\/IMG-20250213-WA0011-225x300.jpg 225w, https:\/\/hubertpietka.bialystok.pl\/wp-content\/uploads\/2025\/02\/IMG-20250213-WA0011-1152x1536.jpg 1152w, https:\/\/hubertpietka.bialystok.pl\/wp-content\/uploads\/2025\/02\/IMG-20250213-WA0011.jpg 1200w\" sizes=\"auto, (max-width: 768px) 100vw, 768px\" \/><\/a><\/figure>\n<\/figure>\n\n\n\n<p><em>Na zdj. Skromna \u015bw. Faustyna<br>W Soko\u0142owie Podlaskim<br>W Bo\u017cego Mi\u0142osierdzia sanktuarium<br>B\u00f3g wybiera to co ma\u0142e<br>By by\u0142o dla \u015bwiata znakiem<br>I to mimo nawet<br>R\u00f3\u017cnych naszych b\u0142\u0119d\u00f3w i s\u0142abo\u015bci<br>Bo nie o nie tu bynajmniej chodzi<br>Lecz o post\u0119powanie<br>\u015awiata wobec tych ma\u0142ych<br>Kt\u00f3rzy z upodobania Bo\u017cego<br>Tym dla \u015bwiata si\u0119 stali<br>Czym si\u0119 stali<\/em><\/p>\n","protected":false},"excerpt":{"rendered":"<p>Moja droga *Walen-tynko*Dla ciebie *wal\u0119 tynki*Gmachu \u015bwiata tego wszelkiejOb\u0142udy bandyckiej i k\u0142amstw szata\u0144skichJestem *walkiem* tegoI zawsze o mi\u0142o\u015b\u0107 nasz\u0105B\u0119d\u0119 *walczy\u0142* nawet z\u015awiatem ca\u0142ym a zw\u0142aszczaZ&hellip; <\/p>\n","protected":false},"author":1,"featured_media":0,"parent":0,"menu_order":0,"comment_status":"closed","ping_status":"closed","template":"","meta":{"footnotes":""},"class_list":["post-9119","page","type-page","status-publish","hentry"],"_links":{"self":[{"href":"https:\/\/hubertpietka.bialystok.pl\/index.php?rest_route=\/wp\/v2\/pages\/9119","targetHints":{"allow":["GET"]}}],"collection":[{"href":"https:\/\/hubertpietka.bialystok.pl\/index.php?rest_route=\/wp\/v2\/pages"}],"about":[{"href":"https:\/\/hubertpietka.bialystok.pl\/index.php?rest_route=\/wp\/v2\/types\/page"}],"author":[{"embeddable":true,"href":"https:\/\/hubertpietka.bialystok.pl\/index.php?rest_route=\/wp\/v2\/users\/1"}],"replies":[{"embeddable":true,"href":"https:\/\/hubertpietka.bialystok.pl\/index.php?rest_route=%2Fwp%2Fv2%2Fcomments&post=9119"}],"version-history":[{"count":1,"href":"https:\/\/hubertpietka.bialystok.pl\/index.php?rest_route=\/wp\/v2\/pages\/9119\/revisions"}],"predecessor-version":[{"id":9121,"href":"https:\/\/hubertpietka.bialystok.pl\/index.php?rest_route=\/wp\/v2\/pages\/9119\/revisions\/9121"}],"wp:attachment":[{"href":"https:\/\/hubertpietka.bialystok.pl\/index.php?rest_route=%2Fwp%2Fv2%2Fmedia&parent=9119"}],"curies":[{"name":"wp","href":"https:\/\/api.w.org\/{rel}","templated":true}]}}