{"id":9134,"date":"2025-02-23T17:35:13","date_gmt":"2025-02-23T17:35:13","guid":{"rendered":"https:\/\/hubertpietka.bialystok.pl\/?page_id=9134"},"modified":"2025-02-23T17:47:18","modified_gmt":"2025-02-23T17:47:18","slug":"aneksy-do-bandyckich-opowiesci","status":"publish","type":"page","link":"https:\/\/hubertpietka.bialystok.pl\/?page_id=9134","title":{"rendered":"Aneksy \/ do bandyckich opowie\u015bci"},"content":{"rendered":"\n<p>To jest najciekawsze<br>\u017be to bandyctwo traktuje nas<br>Jako szalonych<br>Gdy chcemy Bo\u017cych warto\u015bci broni\u0107<br>Sami mog\u0105 oni<br>I r\u00f3\u017cni im podobni<br>Czyni\u0107 najgorsze \u0142ajdactwa<br>Czytaj wszelkie zbrodnie i k\u0142amstwa<br>Na nas naszych i naszym<br>Ale i na innych tak\u017ce<br>Po szata\u0144sku totalnie<br>Ale oni szaleni w z\u0142u<br>Nie s\u0105 wcale<br>Podobnie jak Hitler i Stalin<br>Swe porz\u0105dki w \u015bwiecie zaprowadzali<br>Tak\u017ce k\u0142amstwem i wszelkimi zbrodniami<br>Ale oni nie byli szaleni<br>I im podobni<br>Mamy przecie\u017c historyczny rewizjonizm<br>Szaleni przecie\u017c byli ci<br>Kt\u00f3rzy przed tym z\u0142em szata\u0144skim<br>Si\u0119 bronili<br>Podobnie i my jeste\u015bmy szaleni<br>Wobec bandyctwa tego<br>Kt\u00f3re ma przecie\u017c monopol<br>Podobnie zreszt\u0105 jaki mieli<br>Hitlerowscy Niemcy i Ruscy sowieccy<br>Na wszelk\u0105 przemoc<br>I \u015brodki ku temu dost\u0119pne<\/p>\n\n\n\n<p>A do tych dziewczynek r\u00f3\u017cnych<br>I im podobnych tyle powiem<br>Nie dzielcie sk\u00f3ry na nied\u017awiedziu<br>R\u00f3\u017cne se takie tam roszcz\u0105<br>Prawa i zastrze\u017cenia<br>Mam je gdzie\u015b<br>Powiedzia\u0142em i tego nie zmieni\u0119<br>Je\u015bli co\u015b si\u0119 stanie \u017conie<br>Nie b\u0119dzie \u017cadnych dziewczynek<br>Ani prosz\u0119 wybaczy\u0107 por\u00f3wnanie ciotek<br>I gdzie\u015b mam te\u017c<br>Wszelkie rankingi pierwsze\u0144stwa wasze<br>Tak\u017ce swe zastrze\u017cenia<br>Niech takie r\u00f3\u017cne zachowaj\u0105<br>Dla samych siebie<\/p>\n\n\n\n<p>I nie wa\u017cne jak jest<br>Mi\u0119dzy mn\u0105 a \u017con\u0105<br>Powiedzia\u0142em i nie zmieni\u0119 tego<br>Je\u015bli co\u015b si\u0119 jej stanie<br>To ju\u017c nie b\u0119dzie<br>Co zbiera\u0107 po tym \u015bwiecie<\/p>\n\n\n\n<p>A do tej szacownej przedstawicielki<br>Tej rodziny mojej powiem te\u017c<br>Niech se bierze t\u0105 wie\u015b<br>I p\u0142aci kredyt<br>Skoro wa\u017cniejsze s\u0105 przecie\u017c<br>R\u00f3\u017cne prawa do maj\u0105tk\u00f3w<br>Ni\u017c po prostu cz\u0142owiek<\/p>\n\n\n\n<p><em>Dzi\u015b b\u0142. Wicka *<strong>Frelich-owskiego<\/strong>*<br>Gdzie\u015b mam te wszystkie maj\u0105tki<br>Mog\u0119 chodzi\u0107 i w drelichu<br>A byle zosta\u0107 Bogu wiernym<br>Ni\u017c w garniturze najdro\u017cszym<br>Upapranym we krwi ludzkiej<\/em><\/p>\n\n\n\n<figure class=\"wp-block-gallery has-nested-images columns-default is-cropped wp-block-gallery-1 is-layout-flex wp-block-gallery-is-layout-flex\">\n<figure class=\"wp-block-image size-large\"><a href=\"https:\/\/hubertpietka.bialystok.pl\/wp-content\/uploads\/2025\/02\/IMG-20250221-WA0008.jpg\"><img loading=\"lazy\" decoding=\"async\" width=\"768\" height=\"1024\" data-id=\"9135\" src=\"https:\/\/hubertpietka.bialystok.pl\/wp-content\/uploads\/2025\/02\/IMG-20250221-WA0008-768x1024.jpg\" alt=\"\" class=\"wp-image-9135\" srcset=\"https:\/\/hubertpietka.bialystok.pl\/wp-content\/uploads\/2025\/02\/IMG-20250221-WA0008-768x1024.jpg 768w, https:\/\/hubertpietka.bialystok.pl\/wp-content\/uploads\/2025\/02\/IMG-20250221-WA0008-225x300.jpg 225w, https:\/\/hubertpietka.bialystok.pl\/wp-content\/uploads\/2025\/02\/IMG-20250221-WA0008-1152x1536.jpg 1152w, https:\/\/hubertpietka.bialystok.pl\/wp-content\/uploads\/2025\/02\/IMG-20250221-WA0008.jpg 1200w\" sizes=\"auto, (max-width: 768px) 100vw, 768px\" \/><\/a><\/figure>\n<\/figure>\n\n\n\n<p><strong>Na zdj. A ci bandyci r\u00f3\u017cni<br>I im podobni lubi\u0105 przecie\u017c<br>Goni\u0107 m\u00f3j cie\u0144<br>Cho\u0107by ta podwija tak si\u0119<br>Po bandycku uwija<br>Nic \u017ce skompromitowany<br>Pupilek bandycki wszystko mo\u017ce<br>Jak ma bandyt\u00f3w za plecami<br>Podobnie te r\u00f3wnie pieprzone k\u0142amstwami<br>Bandyckie misie czy inni s\u0142u\u017cbi\u015bci<br>Trzeba przecie\u017c spe\u0142nia\u0107<br>Szata\u0144skie zap\u0119dy bandyctwa tego<br>Czy tam zreszt\u0105 i jacy<br>Maj\u0105 przecie\u017c na swych us\u0142ugach<br>R\u00f3\u017cnych pod\u0142ug nich bandyt\u00f3w<\/strong><\/p>\n\n\n\n<p class=\"has-text-align-right\">( <strong><em><a href=\"https:\/\/youtu.be\/_vVAvBmnmPw?si=7svOisg1jlYdek7l\">T.Love &#8211; Na bruku<\/a><\/em> <\/strong>)<\/p>\n","protected":false},"excerpt":{"rendered":"<p>To jest najciekawsze\u017be to bandyctwo traktuje nasJako szalonychGdy chcemy Bo\u017cych warto\u015bci broni\u0107Sami mog\u0105 oniI r\u00f3\u017cni im podobniCzyni\u0107 najgorsze \u0142ajdactwaCzytaj wszelkie zbrodnie i k\u0142amstwaNa nas naszych&hellip; <\/p>\n","protected":false},"author":1,"featured_media":0,"parent":0,"menu_order":0,"comment_status":"closed","ping_status":"closed","template":"","meta":{"footnotes":""},"class_list":["post-9134","page","type-page","status-publish","hentry"],"_links":{"self":[{"href":"https:\/\/hubertpietka.bialystok.pl\/index.php?rest_route=\/wp\/v2\/pages\/9134","targetHints":{"allow":["GET"]}}],"collection":[{"href":"https:\/\/hubertpietka.bialystok.pl\/index.php?rest_route=\/wp\/v2\/pages"}],"about":[{"href":"https:\/\/hubertpietka.bialystok.pl\/index.php?rest_route=\/wp\/v2\/types\/page"}],"author":[{"embeddable":true,"href":"https:\/\/hubertpietka.bialystok.pl\/index.php?rest_route=\/wp\/v2\/users\/1"}],"replies":[{"embeddable":true,"href":"https:\/\/hubertpietka.bialystok.pl\/index.php?rest_route=%2Fwp%2Fv2%2Fcomments&post=9134"}],"version-history":[{"count":3,"href":"https:\/\/hubertpietka.bialystok.pl\/index.php?rest_route=\/wp\/v2\/pages\/9134\/revisions"}],"predecessor-version":[{"id":9140,"href":"https:\/\/hubertpietka.bialystok.pl\/index.php?rest_route=\/wp\/v2\/pages\/9134\/revisions\/9140"}],"wp:attachment":[{"href":"https:\/\/hubertpietka.bialystok.pl\/index.php?rest_route=%2Fwp%2Fv2%2Fmedia&parent=9134"}],"curies":[{"name":"wp","href":"https:\/\/api.w.org\/{rel}","templated":true}]}}