{"id":9150,"date":"2025-02-26T12:58:45","date_gmt":"2025-02-26T12:58:45","guid":{"rendered":"https:\/\/hubertpietka.bialystok.pl\/?page_id=9150"},"modified":"2025-02-26T12:58:45","modified_gmt":"2025-02-26T12:58:45","slug":"bandyctwo-i-im-podobni-z-wszech-miar-podlosc","status":"publish","type":"page","link":"https:\/\/hubertpietka.bialystok.pl\/?page_id=9150","title":{"rendered":"Bandyctwo i im podobni \/ z wszech miar pod\u0142o\u015b\u0107"},"content":{"rendered":"\n<p>Co oni zrobili<br>Z tym naszym \u017cyciem<br>Ci i im podobni bandyci<br>Co pr\u00f3buj\u0105 robi\u0107 ci\u0105gle<br>Po szata\u0144sku perfidnie<\/p>\n\n\n\n<p>Kiedy nawet rozmawiam z drugim cz\u0142owiekiem<br>To dla nich jest pretekst<br>Bo jak rozmawiam z kobiet\u0105<br>To mo\u017ce j\u0105 naprawd\u0119 kocham<br>Zreszt\u0105 jak\u0105kolwiek<br>Jak z m\u0119\u017cczyzn\u0105<br>To a mo\u017ce i wcale jestem peda\u0142em<br>A jak z dzieckiem<br>To wiadomo \u017ce pedofil<br>Odsun\u0105\u0107 nas chc\u0105 od wszystkich<br>W ten te\u017c spos\u00f3b<br>Nie mo\u017cesz wyrazi\u0107 zwyk\u0142ej sympatii<br>Po ludzku po prostu<br>Bo dla tych bandyt\u00f3w<br>To oczywi\u015bcie pretekst<br>Do zdrady \u017cony jaki\u015b<br>Lub \u017ce mam czy chc\u0119<br>By\u0107 z kim\u015b innym<br>Tak czy inaczej<br>Wszystko ma s\u0142u\u017cy\u0107 szata\u0144skiemu celowi<br>Zabicia czy zniewolenia \u017cony<br>I w ten te\u017c spos\u00f3b<br>Mo\u017cna nas alienowa\u0107 ze \u015brodowiska<br>Bo przecie\u017c tak czy inaczej<br>Przeciwko nam to wszystko<\/p>\n\n\n\n<p>I ka\u017cde nasze miejsca<br>Niby \u017ce \u017ale wybieramy<br>Albo b\u0142\u0105d nasz jaki\u015b<br>Byleby tylko utrudni\u0107 a raczej<br>Uniemo\u017cliwi\u0107 nam pobyt najlepiej gdziekolwiek<br>Nie tylko w naszych miejscach<\/p>\n\n\n\n<p>Tak z t\u0105 wsi\u0105 pierwsz\u0105<br>Ju\u017c si\u0119 nie da\u0142o<br>Tak rozp\u0119tali nienawi\u015b\u0107<br>W cz\u0142owieku wielkim i s\u0105siedztwie<br>Mimo \u017ce my nic z\u0142ego<br>Ani tam ani nigdzie<br>Nie robili\u015bmy wcale<br>Tak podobnie na tej wsi<br>I tutaj<br>Rozp\u0119tali do nas nienawi\u015b\u0107 prawos\u0142awnych<br>Podobnie i w bloku<br>Podwijka przecie\u017c spe\u0142nia bandyckie po\u017c\u0105dania<br>Zawsze w podskoku<br>I wsz\u0119dzie bandyckie misie<br>I wok\u00f3\u0142 i jak co\u015b<br>Tam i wsz\u0119dzie te\u017c<br>Czy zreszt\u0105 i jacy<br>Psychopaci czy bandyccy s\u0142u\u017calcy<br>Skoro to wszystko<br>Z nienawi\u015bci jest zwyk\u0142ej<\/p>\n\n\n\n<p>I nawet na tej dzia\u0142ce<br>No zobacz jak zrobili sprytnie<br>Nie mo\u017cna tu psom<br>\u017be nie wspomn\u0119 o absurdzie<br>Tego przepisu<br>I bezprawiu tak naprawd\u0119<br>Przecie\u017c znajd\u0105 si\u0119 zawsze<br>Denuncjatorzy donosiciele kt\u00f3rzy<br>Gdzie trzeba zg\u0142osz\u0105<br>By napada\u0107 mog\u0142y nas<br>Te\u017c i tu te r\u00f3\u017cne<br>Bandyckie s\u0142u\u017cby<br>Tak\u017ce wsz\u0119dzie mo\u017cna przecie\u017c<br>W nas uderza\u0107<br>Bo to si\u0119 bandytom podoba<br>A oni wszystkim pod\u0142ug nich<br>Zapewniaj\u0105 pewne bandyckie plecy<br>Je\u015bli tylko co\u015b nam przeciwko<br>Albo inne korzy\u015bci<\/p>\n\n\n\n<p class=\"has-text-align-center\">( <strong><em><a href=\"https:\/\/youtu.be\/WAIHX-J_XOk?si=7mLxWCbiU3KXi5DE\">After Blues &#8211; To tylko dom<\/a><\/em><\/strong> )<\/p>\n\n\n\n<p>I na tych bandyckich wy\u015bcigach<br>Jak by\u015b nie jecha\u0142<br>Zawsze masz \u015bwiat\u0142o czerwone<br>Przecie\u017c ul\u017cy\u0107 se musz\u0105 bandyci<br>W swych szata\u0144skich zap\u0119dach<br>A mo\u017cna i powodowa\u0107<br>Poza podk\u0142adaniem zatrutego paliwa<br>Tak\u017ce niemo\u017cno\u015b\u0107 tankowania jak wczoraj<br>Kiedy ci bandyci<br>Gdzie\u015b sobie tam co\u015b przegrywaj\u0105<br>I innych argument\u00f3w nie maj\u0105<br>Tak\u017ce pod\u0142ug bandyckich misi\u00f3w<br>Czy tam innych s\u0142u\u017cb<br>Na us\u0142ugach bandyckich ich<\/p>\n\n\n\n<p>Bo oni na ka\u017cde szata\u0144stwo<br>Maj\u0105 gorsze je\u015bli co\u015b<br>Nie idzie pod\u0142ug ich my\u015bli<br>I plan\u00f3w nienawistnych i z\u0142owrogich<br>Zawsze mo\u017cna przecie\u017c<br>Dowali\u0107 jakie\u015b z\u0142o gdzie\u015b<br>A nawet mocniej ob\u0142udniej podlej<br>Tak\u017ce na ka\u017cde k\u0142amstwo<br>Maj\u0105 w obronie 100 innych<br>Wszystko ma by\u0107 przecie\u017c<br>Po szata\u0144sku czytaj po bandycku<br>Byleby tylko w nas<br>Naszych i nasze uderza\u0107 jako\u015b<\/p>\n\n\n\n<figure class=\"wp-block-gallery has-nested-images columns-default is-cropped wp-block-gallery-1 is-layout-flex wp-block-gallery-is-layout-flex\">\n<figure class=\"wp-block-image size-large\"><a href=\"https:\/\/hubertpietka.bialystok.pl\/wp-content\/uploads\/2025\/02\/IMG-20250225-WA0029-1.jpg\"><img loading=\"lazy\" decoding=\"async\" width=\"768\" height=\"1024\" data-id=\"9151\" src=\"https:\/\/hubertpietka.bialystok.pl\/wp-content\/uploads\/2025\/02\/IMG-20250225-WA0029-1-768x1024.jpg\" alt=\"\" class=\"wp-image-9151\" srcset=\"https:\/\/hubertpietka.bialystok.pl\/wp-content\/uploads\/2025\/02\/IMG-20250225-WA0029-1-768x1024.jpg 768w, https:\/\/hubertpietka.bialystok.pl\/wp-content\/uploads\/2025\/02\/IMG-20250225-WA0029-1-225x300.jpg 225w, https:\/\/hubertpietka.bialystok.pl\/wp-content\/uploads\/2025\/02\/IMG-20250225-WA0029-1-1152x1536.jpg 1152w, https:\/\/hubertpietka.bialystok.pl\/wp-content\/uploads\/2025\/02\/IMG-20250225-WA0029-1.jpg 1200w\" sizes=\"auto, (max-width: 768px) 100vw, 768px\" \/><\/a><\/figure>\n<\/figure>\n\n\n\n<p><em>Na zdj. \u015aw. J\u00f3zef za kratkami<br>Tego nawet Herod nie zrobi\u0142<br>Czy inni tyrani po nim<br>Ale ty za obron\u0119<br>\u017bycia niewinnego swojej \u017cony<br>To masz dosta\u0107 od tych<br>Bandyt\u00f3w wszelkich i tych pod\u0142ug nich<br>A te zatrute niby leki<br>Powinny by\u0107 przecie\u017c<br>W tak du\u017cej dawce<br>\u017beby\u015b nie m\u00f3g\u0142 nic robi\u0107<br>My\u015ble\u0107 nawet<br>To by zapewne odpowiada\u0142o tym bandytom<br>Jednak po moim trupie<br>A wtedy \u015bwiat<br>Nie obudzi si\u0119 do \u017cycia<br>Wbrew ich szata\u0144skim k\u0142amstwom kolejnym<br>Chyba \u017ce \u017cycia wiecznego komu<br>I \u015bmierci wiecznej te\u017c komu<br>Wed\u0142ug tego jak post\u0119powali ludzie<br>Czy opowiadali si\u0119 za<br>K\u0142amstwem szata\u0144skim bo im by\u0142o<br>Tak korzystniej i wygodniej<br>Czy za Bogiem<br>Za prawd\u0105 i niewinno\u015bci\u0105 istotn\u0105<\/em><\/p>\n\n\n\n<p>\/<br><strong>Dopisek przedpisek<\/strong><\/p>\n\n\n\n<p>A Ty bandytom w odpowiedzi<br>Na ich k\u0142amstwa szata\u0144skie wszelkie<br>Pr\u00f3by wkr\u0119cania nas w kradzie\u017ce itp<br>Czy cho\u0107by samogon nielegalny tyto\u0144<br>Wypada\u0142oby powiedzie\u0107<br>\u017be niech se w odbyt<br>Wsadz\u0105 to wszystko<br>I samogon i tyto\u0144<br>I podpal\u0105 najlepiej jeszcze<br>Byleby tylko mia\u0142y po\u017cywk\u0119<br>Te r\u00f3wnie pieprzone k\u0142amstwami<br>Bandyckie misie skoro post\u0119puj\u0105<br>\u015aci\u015ble wed\u0142ug tych bandyt\u00f3w<br>Tak to s\u0105 o Panie<br>Oni wszyscy pieprzeni najgorszymi k\u0142amstwami<br>Byleby tylko nas dopa\u015b\u0107 skaza\u0107<br>Zaszkodzi\u0107 jako\u015b cho\u0107by naszej reputacji<br>Szata\u0144stwo to w ca\u0142ej pe\u0142ni<br>Bo k\u0142amliwymi zbrodniami pr\u00f3buj\u0105<br>Nas dopa\u015b\u0107 podle perfidnie<br>I za t\u0105 szata\u0144sk\u0105 premedytacj\u0105<br>Takie jest to bandyctwo ca\u0142e<br>Wszystko u nich na k\u0142amstwach<br>Jak\u017ce\u017c to nie jest szata\u0144stwo<br>Jak to inaczej niby nazwa\u0107<br>Skoro przebiegle na przek\u00f3r prawdzie<\/p>\n\n\n\n<p>A oni i im podobni<br>Przecie\u017c tak wszystko<br>Wobec nas naszych i naszego<br>Ale chyba nie tylko<br>Lecz na pewno g\u0142\u00f3wnie<\/p>\n\n\n\n<p>\/\/\/<\/p>\n\n\n\n<p><strong>Ps.<\/strong> A do tych bandyckich misi\u00f3w<br>Mam s\u0142owo te\u017c<br>Tych pod\u0142ug tych bandyt\u00f3w<br>Czy innych s\u0142u\u017calc\u00f3w bandyckich<br>Tylko ten kto nic<br>Nie robi nie pope\u0142nia b\u0142\u0119d\u00f3w<br>Ale to mo\u017ce jest<br>B\u0142\u0105d najgorszy bo taki<br>Nie \u017cyje ju\u017c wcale chyba<br>A i to te\u017c chodzi tym bandytom<br>By mnie nas uziemi\u0107<br>Wtedy \u0142atwiej b\u0119dzie nas dopa\u015b\u0107<br>Dopa\u015b\u0107 nas przecie\u017c mo\u017cna wsz\u0119dzie<br>A w domu naj\u0142atwiej<br>Gdzie te\u017c gazuj\u0105 odpowiednio cho\u0107by<br>Tak\u017ce do tych misi\u00f3w<br>Mam takie s\u0142owo<br>Nawet je\u015bli zrobi\u0142em gdzie\u015b<br>Jaki\u015b w przepisach b\u0142\u0105d<br>To przecie\u017c pracuj\u0119 zawodowo<br>Jako kierowca w\u0142a\u015bnie<br>I robi\u0119 kilometr\u00f3w<br>Chyba 100 razy wi\u0119cej<br>Ni\u017c przeci\u0119tny kierowca<br>Wi\u0119c mog\u0142o si\u0119<br>Gdzie\u015b tam to zdarzy\u0107 co\u015b<br>Tym bardziej \u017ce ci bandyci<br>Monitoruj\u0105 mnie na bie\u017c\u0105co<br>I nigdy nie pomin\u0105 okazji<br>By tak\u017ce fa\u0142szywie pozornie<br>Mi co\u015b zarzuci\u0107<br>Czy mnie o co\u015b oskar\u017cy\u0107<br>Ale je\u015bli i nawet<br>Misie bandyckie kochane<br>To dobrze przecie\u017c wiecie<br>\u017be to z ich nienawi\u015bci<br>I ka\u017cdy pope\u0142nia b\u0142\u0119dy<br>Bo to jest rzecz ludzka<br>A na cz\u0142owieka wp\u0142ywaj\u0105<br>R\u00f3\u017cne czynniki cho\u0107by to ich<br>Tak\u017ce w samochodzie gazowanie<br>Tak\u017ce drogie misie<br>Darujcie se<br>Chyba \u017ce ju\u017c jeste\u015bcie<br>Prosz\u0119 wybaczy\u0107 tak zepsuci<br>Jak ci bandyci<br>A tak i si\u0119 stanie<br>Je\u015bli b\u0119dziecie zmierzali<br>W ten spos\u00f3b ku temu<br>A m\u00f3wi\u0105c inaczej<br>Macie wzgl\u0105d po bandycku<br>Cho\u0107by na tirowc\u00f3w<br>Podczas tych bandyckich wy\u015bcig\u00f3w<br>To miejcie i na innych<br>Zawodowych kierowc\u00f3w<br>Kt\u00f3rymi chyba jeste\u015bcie sami<br>Sp\u00f3jrzcie w sumienie<br>Zreszt\u0105 i wy wszyscy<br>Czy nigdy nie pope\u0142nili\u015bcie<br>\u017badnych b\u0142\u0119d\u00f3w czy za kierownic\u0105<br>Czy zreszt\u0105 gdziekolwiek<br>I nie b\u0105d\u017acie jak oni<br>Po bandycku do ofiar niewinnych<br>Obludni perfidni i podli<br>A tych b\u0142\u0119d\u00f3w to chyba<br>Nie ma w sumie<br>A\u017c tak wiele<br>Na tym moim koncie<br>Chyba \u017ce wed\u0142ug bandyckich pozor\u00f3w<\/p>\n","protected":false},"excerpt":{"rendered":"<p>Co oni zrobiliZ tym naszym \u017cyciemCi i im podobni bandyciCo pr\u00f3buj\u0105 robi\u0107 ci\u0105glePo szata\u0144sku perfidnie Kiedy nawet rozmawiam z drugim cz\u0142owiekiemTo dla nich jest pretekstBo&hellip; <\/p>\n","protected":false},"author":1,"featured_media":0,"parent":0,"menu_order":0,"comment_status":"closed","ping_status":"closed","template":"","meta":{"footnotes":""},"class_list":["post-9150","page","type-page","status-publish","hentry"],"_links":{"self":[{"href":"https:\/\/hubertpietka.bialystok.pl\/index.php?rest_route=\/wp\/v2\/pages\/9150","targetHints":{"allow":["GET"]}}],"collection":[{"href":"https:\/\/hubertpietka.bialystok.pl\/index.php?rest_route=\/wp\/v2\/pages"}],"about":[{"href":"https:\/\/hubertpietka.bialystok.pl\/index.php?rest_route=\/wp\/v2\/types\/page"}],"author":[{"embeddable":true,"href":"https:\/\/hubertpietka.bialystok.pl\/index.php?rest_route=\/wp\/v2\/users\/1"}],"replies":[{"embeddable":true,"href":"https:\/\/hubertpietka.bialystok.pl\/index.php?rest_route=%2Fwp%2Fv2%2Fcomments&post=9150"}],"version-history":[{"count":1,"href":"https:\/\/hubertpietka.bialystok.pl\/index.php?rest_route=\/wp\/v2\/pages\/9150\/revisions"}],"predecessor-version":[{"id":9152,"href":"https:\/\/hubertpietka.bialystok.pl\/index.php?rest_route=\/wp\/v2\/pages\/9150\/revisions\/9152"}],"wp:attachment":[{"href":"https:\/\/hubertpietka.bialystok.pl\/index.php?rest_route=%2Fwp%2Fv2%2Fmedia&parent=9150"}],"curies":[{"name":"wp","href":"https:\/\/api.w.org\/{rel}","templated":true}]}}