{"id":9162,"date":"2025-03-04T11:50:20","date_gmt":"2025-03-04T11:50:20","guid":{"rendered":"https:\/\/hubertpietka.bialystok.pl\/?page_id=9162"},"modified":"2025-03-04T11:50:20","modified_gmt":"2025-03-04T11:50:20","slug":"maz-i-zona-a-szatanskie-tego-bandyctwa-dazenia","status":"publish","type":"page","link":"https:\/\/hubertpietka.bialystok.pl\/?page_id=9162","title":{"rendered":"M\u0105\u017c i \u017cona \/ a szatanskie tego bandyctwa d\u0105\u017cenia"},"content":{"rendered":"\n<p>&#8222;Dla czystego wszystko jest czyste<br>A dla brudnego brudne&#8221;<br>Jak m\u00f3wi S\u0142owo Bo\u017ce<br>W takim sensie \u017ce dobrzy<br>Nie doszukuj\u0105 si\u0119<br>Z\u0142a w kim\u015b i to<br>Tylko po to by<br>Komu\u015b uczyni\u0107 swe zbrodnie<br>Z tendencyjno\u015bci\u0105 szata\u0144sk\u0105 k\u0142amliwie ob\u0142udn\u0105<br>Jak ci bandyci i r\u00f3\u017cni pod\u0142ug nich<br>Ale staraj\u0105 si\u0119 widzie\u0107 wszystko<br>W prawdzie Bo\u017cej dobrzy<br>Wed\u0142ug intencji serca czystej<\/p>\n\n\n\n<p>A jak z tym bandyctwem<br>I im podobnymi wszelkimi<br>Oni *<strong>\u017ce ona \u017ce ona<\/strong>* ci\u0105gle<br>Albo \u017ce *<strong>m\u0105\u017c<\/strong>* to *<strong>w\u0105\u017c<\/strong>*<br>Tak oni nieustannie<br>Tylko po to by spe\u0142nia\u0107<br>Swe szata\u0144skie zamiary na nas<br>By uderza\u0107 w nas naszych i nasze<br>Mie\u0107 do swych zbrodni<br>Niby jaki\u015b pretekst pod\u0142y<\/p>\n\n\n\n<p>Kilka dni temu<br>By\u0142o wspomnienie \u015bw. Hilarego<br>W poezji dzieci\u0119cej to posta\u0107<br>Od okular\u00f3w jest<br>By widzie\u0107 wszystko wyra\u017aniej ja\u015bniej<br>A oni ci\u0105gle pr\u00f3buj\u0105<br>Nas przedstawia\u0107 w zniekszta\u0142conej optyce<br>Oczernia\u0107 nas z\u0142em<br>Oblepia\u0107 wszelkim najgorszym b\u0142otem<br>W kt\u00f3rym ci\u0105gle si\u0119 babraj\u0105<br>Oni zreszt\u0105 ci\u0105gle z\u0142o czyni\u0105<br>I chc\u0105 czyni\u0107 dalej nieustannie<br>A byleby tylko mie\u0107 jakie\u015b<br>Niby usprawiedliwienie dla swoich zbrodni<br>B\u0119d\u0105 zawsze wykrzywia\u0107 wszystko<br>Po szata\u0144sku byleby tylko<br>Skompromitowa\u0107 zohydzi\u0107 zeszpeci\u0107 nas<br>Wobec \u015bwiata i ludzi<br>Po to by spe\u0142nia\u0107 swe<br>Najgorsze intencje<br>Na nas naszych i naszym<br>Ale nie tylko i przecie\u017c<\/p>\n\n\n\n<figure class=\"wp-block-gallery has-nested-images columns-default is-cropped wp-block-gallery-1 is-layout-flex wp-block-gallery-is-layout-flex\">\n<figure class=\"wp-block-image size-large\"><a href=\"https:\/\/hubertpietka.bialystok.pl\/wp-content\/uploads\/2025\/03\/IMG-20250225-WA0039.jpg\"><img loading=\"lazy\" decoding=\"async\" width=\"768\" height=\"1024\" data-id=\"9163\" src=\"https:\/\/hubertpietka.bialystok.pl\/wp-content\/uploads\/2025\/03\/IMG-20250225-WA0039-768x1024.jpg\" alt=\"\" class=\"wp-image-9163\" srcset=\"https:\/\/hubertpietka.bialystok.pl\/wp-content\/uploads\/2025\/03\/IMG-20250225-WA0039-768x1024.jpg 768w, https:\/\/hubertpietka.bialystok.pl\/wp-content\/uploads\/2025\/03\/IMG-20250225-WA0039-225x300.jpg 225w, https:\/\/hubertpietka.bialystok.pl\/wp-content\/uploads\/2025\/03\/IMG-20250225-WA0039-1152x1536.jpg 1152w, https:\/\/hubertpietka.bialystok.pl\/wp-content\/uploads\/2025\/03\/IMG-20250225-WA0039.jpg 1200w\" sizes=\"auto, (max-width: 768px) 100vw, 768px\" \/><\/a><\/figure>\n<\/figure>\n\n\n\n<p><em>Na zdj. \u015aw. Krzysztof<br>Trzeba na wzajem siebie nie\u015b\u0107<br>Wbrew tej z\u0142o\u015bci szata\u0144skiej z\u0142owrogiej<br>M\u0105\u017c wspomaga \u017con\u0119<br>I te\u017c na odwr\u00f3t<br>Ludzie dobrej woli siebie wzajemnie<br>Wbrew tym bandytom wszystkim<br>Kt\u00f3rzy pr\u00f3buj\u0105 skompromitowa\u0107 ka\u017cde dobro<br>Wed\u0142ug szatana \u015bci\u015ble w\u0142a\u015bnie<br>Bo on tak dzia\u0142a<br>I tylko po to<br>By m\u00f3c niby spokojnie<br>Czyni\u0107 dalej swe zbrodnie najci\u0119\u017csze<\/em><\/p>\n\n\n\n<p><em>Podobnie zreszt\u0105 dzia\u0142a\u0142 te\u017c szatan<br>Przy grzechu pierwszych rodzic\u00f3w<br>Kiedy pr\u00f3bowa\u0142 wzbudzi\u0107 u nich<br>Wobec Boga postaw\u0119 w\u0105tpliwo\u015bci podwa\u017cania<br>Jego dobroci i mi\u0142o\u015bci<br>Tak samo oni<br>I wszelcy w z\u0142u te\u017c im podobni<br>Szemrz\u0105c nam przeciwko we wszystkim<br>Podwa\u017caj\u0105c nasze kompetencje i intencje<br>\u017bycia w prawdzie w Bogu<br>I wierno\u015bci sobie wzajemnie<\/em><\/p>\n\n\n\n<p><strong><em><a href=\"https:\/\/youtu.be\/rBnsVPWNpbc?si=RPozqZjqtTjAuY95\">Wojownik Chrystusa <\/a><\/em><\/strong><\/p>\n\n\n\n<p class=\"has-text-align-center\">\/<\/p>\n\n\n\n<p class=\"has-text-align-right\"><strong><em><a href=\"https:\/\/youtu.be\/SEOagbF0wlo?si=stPB6KVgQ3QksveQ\">Bo\u017ca Armia<\/a><\/em><\/strong><\/p>\n","protected":false},"excerpt":{"rendered":"<p>&#8222;Dla czystego wszystko jest czysteA dla brudnego brudne&#8221;Jak m\u00f3wi S\u0142owo Bo\u017ceW takim sensie \u017ce dobrzyNie doszukuj\u0105 si\u0119Z\u0142a w kim\u015b i toTylko po to byKomu\u015b uczyni\u0107&hellip; <\/p>\n","protected":false},"author":1,"featured_media":0,"parent":0,"menu_order":0,"comment_status":"closed","ping_status":"closed","template":"","meta":{"footnotes":""},"class_list":["post-9162","page","type-page","status-publish","hentry"],"_links":{"self":[{"href":"https:\/\/hubertpietka.bialystok.pl\/index.php?rest_route=\/wp\/v2\/pages\/9162","targetHints":{"allow":["GET"]}}],"collection":[{"href":"https:\/\/hubertpietka.bialystok.pl\/index.php?rest_route=\/wp\/v2\/pages"}],"about":[{"href":"https:\/\/hubertpietka.bialystok.pl\/index.php?rest_route=\/wp\/v2\/types\/page"}],"author":[{"embeddable":true,"href":"https:\/\/hubertpietka.bialystok.pl\/index.php?rest_route=\/wp\/v2\/users\/1"}],"replies":[{"embeddable":true,"href":"https:\/\/hubertpietka.bialystok.pl\/index.php?rest_route=%2Fwp%2Fv2%2Fcomments&post=9162"}],"version-history":[{"count":1,"href":"https:\/\/hubertpietka.bialystok.pl\/index.php?rest_route=\/wp\/v2\/pages\/9162\/revisions"}],"predecessor-version":[{"id":9164,"href":"https:\/\/hubertpietka.bialystok.pl\/index.php?rest_route=\/wp\/v2\/pages\/9162\/revisions\/9164"}],"wp:attachment":[{"href":"https:\/\/hubertpietka.bialystok.pl\/index.php?rest_route=%2Fwp%2Fv2%2Fmedia&parent=9162"}],"curies":[{"name":"wp","href":"https:\/\/api.w.org\/{rel}","templated":true}]}}