{"id":9224,"date":"2025-04-03T11:14:18","date_gmt":"2025-04-03T11:14:18","guid":{"rendered":"https:\/\/hubertpietka.bialystok.pl\/?page_id=9224"},"modified":"2025-04-03T11:14:18","modified_gmt":"2025-04-03T11:14:18","slug":"przemoc-bandycka-szatanska-bezposrednia-i-zawaluowana-im-podobnych-w-klamstwach-i-wszelkich-zbrodniach","status":"publish","type":"page","link":"https:\/\/hubertpietka.bialystok.pl\/?page_id=9224","title":{"rendered":"Przemoc bandycka szata\u0144ska \/ bezpo\u015brednia i zawaluowana im podobnych \/ w k\u0142amstwach i wszelkich zbrodniach"},"content":{"rendered":"\n<p>1.<br>B\u00f3g zna intencje serc<br>Mo\u017cna mami\u0107 ludzi<br>Ale Boga nie mo\u017cna<br>Tak lubi\u0105 to ci bandyci<br>I wszelcy im podobni<br>W z\u0142u szata\u0144skim pod\u0142ug nich<br>Byleby tylko co\u015b z\u0142ego<br>Dla nas naszych i naszego<br>Dlatego tacy w\u0142a\u015bnie tak lubi\u0105<br>Te wszelkie bandyckie niby przypadki<br>Byleby tylko jakkolwiek<br>Co\u015b ze szkod\u0105 dla nas<br>Takie niby przypadki s\u0105 ok<br>Takie lubi\u0105 te\u017c tak\u017ce zawsze<br>Odpowiednio wed\u0142ug pokr\u0119tno\u015bci diabelskiej wyt\u0142umacz\u0105<br>Ale przypadki z dobrem<br>Dla nas naszego i naszych<br>Nie powinny si\u0119 zdarza\u0107<br>Takie s\u0105 &#8222;be&#8221; trzeba kara\u0107<br>Wtedy takich kt\u00f3rzy si\u0119<br>&#8222;Dopuszczaj\u0105&#8221; dobra dla nas<br>A z kolei wynagradza\u0107 chwali\u0107<br>Takich kt\u00f3rzy produkuj\u0105 te wszystkie<br>Niby przypadki bandyckie<br>Te s\u0105 ok a tamte nawet bardzo &#8222;fe&#8221;<br>Tak to wszystko pokr\u0119tnie szata\u0144sko<br>U tego ca\u0142ego bandyctwa<br>I wszelkich w k\u0142amliwym z\u0142u<br>Pod\u0142ug nich<br>Byleby tylko nam jako\u015b zaszkodzi\u0107<\/p>\n\n\n\n<p>A teraz czy\u017c<br>Nie ka\u017cdy kt\u00f3ry si\u0119<br>Dopuszcza szata\u0144stw we wsp\u00f3\u0142pracy<br>Z tym bandyctwem<br>Wprost czy te\u017c niby<br>Tym cho\u0107by niby przypadkiem bandyckim<br>Czy\u017c ka\u017cdy taki indywidualny strukturalny<br>S\u0142u\u017cbowy prywatny psychopatyczny<br>Czy\u017c taki ka\u017cdy<br>Nie odpowie kiedy\u015b za to<br>Za ka\u017cde szata\u0144stwo kt\u00f3rego si\u0119<br>Tak w\u0142a\u015bnie dopuszcza\u0142 pod\u0142ug<br>Tego w\u0142a\u015bnie piekielnego bandyctwa<br>\u017be o nich o bandytach<br>Ju\u017c nawet nie wspomn\u0119<br>Ci wprost nawet czasem<br>Bezczelnie i perfidnie czyni\u0105 zbrodnie<br>I w k\u0142amstwach si\u0119 lubuj\u0105<br>Wiem \u017ce was to teraz<br>Nie wzrusza zbytnio<br>&#8222;Jedzmy pijmy&#8221; szata\u0144stwa pope\u0142niamy<br>P\u00f3ki \u017cyjemy przecie\u017c<br>Ale kiedy\u015b was to wzruszy<br>I przeniknie na wskro\u015b nawet<br>Wtedy dojdzie do was<br>Pe\u0142na istota ka\u017cdego szata\u0144stwa<br>Nie chcia\u0142bym by\u0107 wtedy<br>Na miejscu waszym<br>Za \u017cadne skarby \u015bwiata<br>Kt\u00f3rymi te\u017c lubi\u0105 sprzedawczy bandyci<br>P\u0142aci\u0107 za swoje zbrodnie<br>Wsp\u00f3\u0142prac\u0119 z nimi<br>I ich k\u0142amstwami wszelkimi<br>Upomni si\u0119 kiedy\u015b szatan<br>O ka\u017cdego kt\u00f3ry pope\u0142nia\u0142 szata\u0144stwa<br>Lub cho\u0107by tylko<br>Wsp\u00f3\u0142pracowa\u0142 z nimi<br>Na nie si\u0119 godzi\u0142<br>Lub by\u0142 oboj\u0119tny<br>Na wszelk\u0105 krzywd\u0119 niewinnych<br>Bo zale\u017cno\u015b\u0107 jest prosta<br>Szata\u0144stwa p\u0142yn\u0105 z otwarcia si\u0119<br>I percepcji wszelkiego z\u0142a szata\u0144skiego<br>Ludziom mog\u0105 oczy mydli\u0107<br>Ale nie zamydl\u0105 Bogu<br>Ka\u017cdy nie tylko za swoje<br>Czyny ale i intencje odpowie<br>Bo ze z\u0142ych intencji<br>P\u0142ynie czynno\u015b\u0107 szata\u0144ska wszelka<br>Nawet je\u015bli pr\u00f3buje przybra\u0107 pozory<br>Inne zgo\u0142a<br>Ludzi mo\u017ce oszukacie bandyci<br>I wszelcy im podobni<br>Ale nie oszukacie Boga<br>A szatan si\u0119 o was te\u017c upomni<br>Je\u015bli si\u0119 nie nawr\u00f3cicie<br>I nie odst\u0105picie od szata\u0144stw<br>Zreszt\u0105 wszelkich tak\u017ce tego bandyctwa<br>To trzeba by\u0142o powiedzie\u0107<br>Po prostu w zgodzie<br>Z Bogiem i czyst\u0105 moralno\u015bci\u0105<br>Dodam tylko jeszcze<br>\u017be niekt\u00f3rzy \u0142ykaj\u0105 szata\u0144stwa<br>&#8222;Jak ryby chlebow\u0105 papk\u0119&#8221;<br>I wszelkie pokr\u0119tne szata\u0144skie k\u0142amstwa<br>Bo tak jest wygodniej \u0142atwiej<\/p>\n\n\n\n<p>2.<br>A teraz<br>Oni i im podobni<br>Mog\u0105 dzia\u0142a\u0107 wszelk\u0105 z\u0142owrog\u0105 przemoc\u0105<br>I z ukrycia i te\u017c wprost<br>Ale ty nie powiniene\u015b<br>Si\u0119 broni\u0107 i swojego swoich<br>Nawet s\u0142owem<br>Bo to bardzo przeszkadza<br>Tym r\u00f3\u017cnym bandytom<br>Spe\u0142nia\u0107 r\u00f3\u017cne szata\u0144skie swoje<br>Przemocowe w\u0142a\u015bnie po\u017c\u0105dania<br>Ku z\u0142u dla nas<br>Oni i im podobni<br>Mog\u0105 czyni\u0107 wszelkie zbrodnie<br>Na nas naszych i naszym<br>I nie tylko przecie\u017c<br>I w ten spos\u00f3b<br>Niby przypadkowy po bandycku<br>Ale ty nie powiniene\u015b<br>Si\u0119 broni\u0107 przecie\u017c<br>Nie powiniene\u015b odpowiada\u0107 nawet s\u0142owem<br>Na ich wszelkie szata\u0144skie r\u00f3\u017cne dzia\u0142ania przenocowe<br>Oni czyni\u0107 przemoc mog\u0105 przecie\u017c<br>Bo s\u0105 tzw. lepsi<br>A twoje s\u0142owa s\u0105 przemocowe<br>Bo utrudniaj\u0105 bandytom r\u00f3\u017cnym wszelkim<br>Czyni\u0107 swobodnie ich zbrodnie<br>Zapewne w\u0142a\u015bnie w tych s\u0142owach<br>Jest agresja kt\u00f3ra nie pozwala<br>Bandytom i wszelkim pod\u0142ug nich<br>Na zadawanie \u015bmierci zniewolenia zniszczenia<br>Nam najpierw naszemu i naszym<br>Takie to przemocowe agresywne s\u0142owa<br>Kt\u00f3re na przek\u00f3r tym bandytom<br>Przed ich wszelkim zbrodniami szata\u0144skimi<br>Broni\u0105 nas naszych nasze jako\u015b<br>Ale i innych tak\u017ce<br>Bandytom przecie\u017c przeszkadza wszystko<br>Co im utrudnia realizowanie<br>\u017b\u0105dz zbrodniczych r\u00f3\u017cnych<br>Najpierw na nas pod\u0142ug szatana<br>I na wszystko te\u017c maj\u0105<br>Odpowiednie cho\u0107by takie k\u0142amstwo szata\u0144skie<br>Sprawiedliw\u0105 obron\u0119 nazywaj\u0105 przemoc\u0105<br>Bo nie mog\u0105 realizowa\u0107 swobodnie<br>Wszelkich szata\u0144skich zbrodni swoich<br>Lubi\u0105 oni przecie\u017c<br>Po szata\u0144sku przeinacza\u0107 wszystko<br>Byleby tylko by\u0142o<br>Po szata\u0144sku czyli po bandycku<br>A teraz s\u0142owo<br>Czy r\u00f3\u017cne czyny szata\u0144sko przemocowe<\/p>\n\n\n\n<p><strong>I ani mi Ani<br>Z nami naszymi i naszym<br>Wbrew tym zap\u0119dom zbrodniczym wszelkim<br>Bandyt\u00f3w r\u00f3\u017cnych szata\u0144skim<br>I niech spadaj\u0105 r\u00f3\u017cni<br>Bandyckiego z\u0142a poplecznicy zawodowi prywatni<br>A ta podwija to ju\u017c chyba zas\u0142u\u017cy\u0142a<br>Na pe\u0142noprawny tytu\u0142 bandycki<br>Mo\u017ce by\u0107 z siebie dumna<br>To jest dopiero pi\u0119kna sprawa<br>Sta\u0107 si\u0119 tak szata\u0144ski<br>Jak ci bandyci<br>Zreszt\u0105 i inni psychopaci tak\u017ce<br>D\u0105\u017c\u0105 do tego nieustannie<br>A te bandyckie misie<br>Czy inni bandyccy s\u0142u\u017calcy<br>Bo na us\u0142ugach tych bandyt\u00f3w<br>Nie inaczej a szata\u0144skich<br>Te ich ustawki to jakie<br>Te\u017c niby przypadkowe<br>A mo\u017ce jednak przemoc strukturalna<br>Pod\u0142ug tych bandyt\u00f3w wprost realizowana<br>Wobec niewinnych i bezbronnych<br>R\u00f3\u017cnych dzieci Bo\u017cych<br>Kt\u00f3re maj\u0105 tylko s\u0142owo<br>Na swoj\u0105 obron\u0119<br>I to te\u017c oczywi\u015bcie jest za du\u017co<br>Bo przeszkadza bandytom<br>I pod\u0142ug nich w szata\u0144stwie<br>Spe\u0142nia\u0107 r\u00f3\u017cne zbrodnicze przemocowe zamiary<br>A niesprawiedliwa przemoc przecie\u017c zawsze<br>Potrzebuje k\u0142amstw ob\u0142udnych wszelkiego podparcia<br>A tym ma\u0142ym trzeba wytr\u0105ci\u0107 z r\u0105k przecie\u017c<br>&#8222;Ostatni\u0105 desk\u0119 ratunku&#8221;<br>Czyli s\u0142owa kt\u00f3rymi mog\u0105<br>Si\u0119 broni\u0107 przed t\u0105<br>Szata\u0144sk\u0105 przemoc\u0105 tego wszelkiego bandyctwa<br>Przemoc szata\u0144ska musi by\u0107 przecie\u017c<br>Swobodnie i dowolnie realizowana<br>By zadowolony by\u0142 szatan<br>I to bandyctwo pod\u0142ug niego<\/strong><\/p>\n\n\n\n<figure class=\"wp-block-gallery has-nested-images columns-default is-cropped wp-block-gallery-1 is-layout-flex wp-block-gallery-is-layout-flex\">\n<figure class=\"wp-block-image size-large\"><a href=\"https:\/\/hubertpietka.bialystok.pl\/wp-content\/uploads\/2025\/04\/Resized_20250401_235045.jpeg\"><img loading=\"lazy\" decoding=\"async\" width=\"1008\" height=\"756\" data-id=\"9225\" src=\"https:\/\/hubertpietka.bialystok.pl\/wp-content\/uploads\/2025\/04\/Resized_20250401_235045.jpeg\" alt=\"\" class=\"wp-image-9225\" srcset=\"https:\/\/hubertpietka.bialystok.pl\/wp-content\/uploads\/2025\/04\/Resized_20250401_235045.jpeg 1008w, https:\/\/hubertpietka.bialystok.pl\/wp-content\/uploads\/2025\/04\/Resized_20250401_235045-300x225.jpeg 300w, https:\/\/hubertpietka.bialystok.pl\/wp-content\/uploads\/2025\/04\/Resized_20250401_235045-768x576.jpeg 768w\" sizes=\"auto, (max-width: 1008px) 100vw, 1008px\" \/><\/a><\/figure>\n<\/figure>\n\n\n\n<p><em>Na zdj. Pieski znowu wczoraj si\u0119 u\u0142o\u017cy\u0142y<br>W &#8222;V&#8221; zwyci\u0119stwa symbol<br>A oni lubi\u0105 przekr\u0119ca\u0107 wszystko<br>Byleby tylko z\u0142o bandyckie<br>&#8222;By\u0142o na wierzchu&#8221;<br>Sprawiedliwe s\u0142owa obrony b\u0119d\u0105 nazywa\u0107<br>Nieproporcjonaln\u0105 przemoc\u0105 i to zobacz<br>W stosunku do ich wszelkich<br>K\u0142amstw i zbrodni<br>D\u0105\u017ce\u0144 nieustannych ku z\u0142u<br>Dla nas naszych i naszego<br>\u015amierci zniewolenia gwa\u0142tu zniszczenia<br>Oni tak pokr\u0119tnie i ob\u0142udnie<br>Lubi\u0105 po szata\u0144sku wszystko odwraca\u0107<br>Z &#8222;V&#8221; zrobi\u0107 &#8222;uuu&#8221;<br>Na przyk\u0142ad dla nas<br>Przekr\u0119ca\u0107 nieustannie przys\u0142owiowego &#8222;kota<br>Do g\u00f3ry ogonem&#8221;<br>Byleby tylko po szata\u0144sku<br>M\u00f3c spe\u0142nia\u0107 wszelkie zbrodnie swoje<br>Niby przypadkowo tak jak lubi\u0105 chyba najbardziej<br>Czy te\u017c wprost<br>Przez r\u00f3\u017cne swoje cho\u0107by<br>Bandyckie ich s\u0142u\u017cbist\u00f3w k\u0142amliwe ustawki<br>Wszystko musi by\u0107 przecie\u017c<br>Pod\u0142ug szatana w\u0142a\u015bnie<br>Ich wszelkie zbrodnie i k\u0142amstwa<br>A wt\u00f3ruj\u0105 im w tym przecie\u017c r\u00f3\u017cni niecni<br>Ustrukturyzowani czy indywidualni<br>Kimkolwiek by nie byli zreszt\u0105<br>Byleby tylko po szata\u0144sku<br>Czyli po bandycku wszystko<br>Zw\u0142aszcza wobec nas naszych naszego<br>Ale przecie\u017c nie tylko<br>Jezu ufam Tobie<br>Wbrew tym wszystkim pokr\u0119tnym k\u0142amstwom<br>I wszelkiej zbrodniczej przemocy<br>Tej wprost i przypadkowej niby<br>Byleby pod\u0142ug szatana wszystko<br>Ku z\u0142u to sens ich<\/em><\/p>\n","protected":false},"excerpt":{"rendered":"<p>1.B\u00f3g zna intencje sercMo\u017cna mami\u0107 ludziAle Boga nie mo\u017cnaTak lubi\u0105 to ci bandyciI wszelcy im podobniW z\u0142u szata\u0144skim pod\u0142ug nichByleby tylko co\u015b z\u0142egoDla nas naszych&hellip; <\/p>\n","protected":false},"author":1,"featured_media":0,"parent":0,"menu_order":0,"comment_status":"closed","ping_status":"closed","template":"","meta":{"footnotes":""},"class_list":["post-9224","page","type-page","status-publish","hentry"],"_links":{"self":[{"href":"https:\/\/hubertpietka.bialystok.pl\/index.php?rest_route=\/wp\/v2\/pages\/9224","targetHints":{"allow":["GET"]}}],"collection":[{"href":"https:\/\/hubertpietka.bialystok.pl\/index.php?rest_route=\/wp\/v2\/pages"}],"about":[{"href":"https:\/\/hubertpietka.bialystok.pl\/index.php?rest_route=\/wp\/v2\/types\/page"}],"author":[{"embeddable":true,"href":"https:\/\/hubertpietka.bialystok.pl\/index.php?rest_route=\/wp\/v2\/users\/1"}],"replies":[{"embeddable":true,"href":"https:\/\/hubertpietka.bialystok.pl\/index.php?rest_route=%2Fwp%2Fv2%2Fcomments&post=9224"}],"version-history":[{"count":1,"href":"https:\/\/hubertpietka.bialystok.pl\/index.php?rest_route=\/wp\/v2\/pages\/9224\/revisions"}],"predecessor-version":[{"id":9226,"href":"https:\/\/hubertpietka.bialystok.pl\/index.php?rest_route=\/wp\/v2\/pages\/9224\/revisions\/9226"}],"wp:attachment":[{"href":"https:\/\/hubertpietka.bialystok.pl\/index.php?rest_route=%2Fwp%2Fv2%2Fmedia&parent=9224"}],"curies":[{"name":"wp","href":"https:\/\/api.w.org\/{rel}","templated":true}]}}