{"id":9234,"date":"2025-04-06T09:37:06","date_gmt":"2025-04-06T09:37:06","guid":{"rendered":"https:\/\/hubertpietka.bialystok.pl\/?page_id=9234"},"modified":"2025-04-06T09:37:06","modified_gmt":"2025-04-06T09:37:06","slug":"diaboliczne-odwrocenie-moralnego-odwiecznego-porzadku-kto-jest-ofiara-niewinna-a-kto-napastliwym-agresorem","status":"publish","type":"page","link":"https:\/\/hubertpietka.bialystok.pl\/?page_id=9234","title":{"rendered":"Diaboliczne odwr\u00f3cenie moralnego odwiecznego porz\u0105dku \/ kto jest ofiar\u0105 niewinn\u0105 \/ a kto napastliwym agresorem"},"content":{"rendered":"\n<p>Ludzie czy wy naprawd\u0119<br>Tego nie rozumiecie<br>Nie rozeznajecie odpowiednio podstawowych rzeczy<br>Czy to ja jestem \u015blepy<br>Czy mo\u017ce wy raczej<br>To znaczy ci kt\u00f3rzy<br>Nie wiem mo\u017ce z\u0142e intencje maj\u0105 jakie\u015b<br>Bo dlaczego prawid\u0142owo nie rozr\u00f3\u017cniacie<br>Kto jest katem<br>A kto odpowiednio ofiar\u0105<\/p>\n\n\n\n<p>Bo kto jest agresorem<br>My czy mo\u017ce jednak oni<br>I wszyscy im podobni<br>Kt\u00f3rzy chyba chc\u0105<br>By przemoc szata\u0144ska rz\u0105dzi\u0142a \u015bwiatem<br>Czy naprawd\u0119 nie rozr\u00f3\u017cniacie<br>Tych kt\u00f3rzy przemocowo atakuj\u0105<br>Od tych kt\u00f3rzy<br>Si\u0119 tylko broni\u0105 po prostu<\/p>\n\n\n\n<p>Po szata\u0144sku ob\u0142udnie perfidnie podle<br>Pr\u00f3buj\u0105 z nas zrobi\u0107 agresor\u00f3w<br>Ci kt\u00f3rym chyba zale\u017cy<br>Na tym by mogli<br>Bez przeszk\u00f3d realizowa\u0107 bandyck\u0105 przemoc<br>Oskar\u017caj\u0105 mnie w ten spos\u00f3b<br>Fa\u0142szywie i manipulacyjnie<br>\u017be ja jestem agresywny<br>W s\u0142owie cho\u0107by<br>Podczas gdy oni nieustannie<br>Chc\u0105 realizowa\u0107 na nas<br>I pr\u00f3buj\u0105 przemoc bynajmniej<br>Nie werbaln\u0105 tylko<br>Ku \u015bmierci zniewoleniu i zniszczeniu<br>Oskar\u017caj\u0105 nas tak naprawd\u0119<br>Po szata\u0144sku \u017ce wiernie trwamy<br>Na swym stanowisku<br>Pod\u0142ug uniwersalnych Bo\u017cych warto\u015bci<br>Po to by m\u00f3c spokojnie<br>Realizowa\u0107 dalej swoje zbrodnie<br>Najlepiej ju\u017c bez \u017cadnych przeszk\u00f3d<br>Kt\u00f3r\u0105 my dla tych bandyt\u00f3w<br>Im podobnych i dla szatana<br>Ci\u0105gle jeste\u015bmy<br>I wyrzutem chyba te\u017c<br>Przy okazji dla \u015bwiata<br>Kt\u00f3ry ma by\u0107 pod\u0142ug szata\u0144skich<br>Za\u0142o\u017ce\u0144 tych wszelkich bandyt\u00f3w<\/p>\n\n\n\n<p>Czy my jeste\u015bmy agresorami<br>Czy ta podwija cho\u0107by<br>Kt\u00f3ra ma mnie nieustannie napada\u0107<br>Pod\u0142ug zas\u0142ug oddawanych tym bandytom<br>Podobnie te misie bandyckie<br>Czy\u017c oni nie maj\u0105 czasem<br>Realizowa\u0107 k\u0142amliwie tej bandyckiej przemocy<br>Po to te\u017c w\u0142a\u015bnie<br>Na niewinnych i bezbronnych<br>By mog\u0142a bez przeszk\u00f3d<br>Przemoc bandycka zapanowa\u0107 wsz\u0119dzie<br>Zreszt\u0105 i tam jacy gdziekolwiek<br>Bandyccy s\u0142u\u017calcy psychopaci r\u00f3\u017cni podobnie<br>I czy my nie mamy<br>Ju\u017c prawa by si\u0119 broni\u0107<br>Przed t\u0105 wszelk\u0105 bandyck\u0105 przemoc\u0105<br>Cho\u0107by tylko s\u0142owem<\/p>\n\n\n\n<p>Wreszcie czy to my<br>Chcemy zabija\u0107 zniewala\u0107 z\u0142em kogokolwiek<\/p>\n\n\n\n<p>Wreszcie czy my jeste\u015bmy napastliwi<br>Czy my wkraczamy bez pardonu<br>W czyjekolwiek \u017cycie<br>A sk\u0105d oni si\u0119 tu wzi\u0119li wszyscy<br>Bo jako\u015b kiedy\u015b ich tu nie by\u0142o<br>Z kosmosu i co oni tu<br>Bezustannie robi\u0105<br>My napastliwi kt\u00f3rzy si\u0119 bronimy<br>Czy oni kt\u00f3rzy napastliwie<br>Chc\u0105 realizowa\u0107 ci\u0105gle<br>Wszelkie swe szata\u0144skie zbrodnie<br>A sk\u0105d niby tyle<br>Ju\u017c niewinnych ofiar tego bandyctwa<br>Z mi\u0142o\u015bci ich do nich<br>Czy mo\u017ce jednak<br>Z napastliwo\u015bci tych bandyt\u00f3w wszelkich<br>I ich nieopanowanej agresji<br>I pr\u00f3buj\u0105 tak dzia\u0142a\u0107<br>Po szata\u0144sku w zbrodniach dalej<br>Do nas naszych i naszego<br>Ale jak wida\u0107 nie tylko<\/p>\n\n\n\n<p>Wed\u0142ug ob\u0142\u0119du po szata\u0144sku<br>Tych bandyt\u00f3w i im podobnych<br>Napastnicy s\u0105 niewinni<br>A agresorami s\u0105 ofiary<br>Ob\u0142udne przestawienie szata\u0144skie<br>Kt\u00f3rego \u017ar\u00f3d\u0142em jest manipulacja<br>Wszelkich podstaw w\u0142a\u015bciwego rozumienia<br>Na takiej te\u017c zasadzie<br>\u017be kto jest<br>Agresorem a kto ofiar\u0105<br>Rosja kt\u00f3ra napad\u0142a Ukrain\u0119<br>Czy ci kt\u00f3rzy si\u0119 broni\u0105<br>Zreszt\u0105 s\u0142usznie sprawiedliwie przed nimi<br>Izrael czy ten kt\u00f3ry<br>Na niego napada bez pardonu<br>Kto jest agresorem<br>A kto ofiar\u0105<br>Czy ten \u015bwiat zatraci\u0142 ju\u017c<br>Rozumienie fundamentalnych prawd i zasad<br>I wszelkich moralnych zdroworozs\u0105dkowych podstaw<\/p>\n\n\n\n<p>I dalej czy te cho\u0107by<br>Psy nasze s\u0105 agresorami<br>Tak bo przeszkadzaj\u0105 utrudniaj\u0105 jako\u015b<br>T\u0105 przemoc szata\u0144sk\u0105 bandyt\u00f3w<br>I im podobnych na nas<br>Ten m\u0142ody piesek no c\u00f3\u017c<br>To oni zreszt\u0105 go skrzywili<br>I pr\u00f3buj\u0105 to teraz wykorzysta\u0107<br>Ale my go jeszcze ustawimy<br>A przeszkadza im bardzo<br>W ich bandyckich zbrodniach<br>Bo ju\u017c jest godnym obro\u0144c\u0105<br>Zreszt\u0105 ci bandyci<br>I wszelcy pod\u0142ug nich<br>Pr\u00f3bowali nawet z Dumki<br>Kt\u00f3ra jest psem anio\u0142em terapeut\u0105<br>Zrobi\u0107 psa agresywnego przypomnijcie sobie<br>Wi\u0119c tak\u0105 sam\u0105 taktyk\u0119<br>Po szata\u0144sku realizuj\u0105 te\u017c tutaj<br>Byleby m\u00f3c spokojnie<br>Spe\u0142nia\u0107 agresywn\u0105 przemoc w istocie<br>Na nas czyli swoich ofiarach<br>Szata\u0144stwo w pe\u0142ni<br>Wszelkie odwr\u00f3cenie w\u0142a\u015bciwego rozumienia poj\u0119\u0107<br>I odwiecznego Bo\u017cego porz\u0105dku<br>Kto jest agresorem<br>A kto jest ofiar\u0105<br>Sp\u00f3jrzcie w prawdzie<br>Kto jest katem a kto jest niewinny<br>I do swej przemocy<br>Kto d\u0105\u017cy na wszelkie sposoby<br>Po szata\u0144sku k\u0142amstwami ku zbrodniom<\/p>\n\n\n\n<figure class=\"wp-block-gallery has-nested-images columns-default is-cropped wp-block-gallery-1 is-layout-flex wp-block-gallery-is-layout-flex\">\n<figure class=\"wp-block-image size-large\"><a href=\"https:\/\/hubertpietka.bialystok.pl\/wp-content\/uploads\/2025\/04\/IMG-20241223-WA0039.jpg\"><img loading=\"lazy\" decoding=\"async\" width=\"768\" height=\"1024\" data-id=\"9235\" src=\"https:\/\/hubertpietka.bialystok.pl\/wp-content\/uploads\/2025\/04\/IMG-20241223-WA0039-768x1024.jpg\" alt=\"\" class=\"wp-image-9235\" srcset=\"https:\/\/hubertpietka.bialystok.pl\/wp-content\/uploads\/2025\/04\/IMG-20241223-WA0039-768x1024.jpg 768w, https:\/\/hubertpietka.bialystok.pl\/wp-content\/uploads\/2025\/04\/IMG-20241223-WA0039-225x300.jpg 225w, https:\/\/hubertpietka.bialystok.pl\/wp-content\/uploads\/2025\/04\/IMG-20241223-WA0039-1152x1536.jpg 1152w, https:\/\/hubertpietka.bialystok.pl\/wp-content\/uploads\/2025\/04\/IMG-20241223-WA0039.jpg 1200w\" sizes=\"auto, (max-width: 768px) 100vw, 768px\" \/><\/a><\/figure>\n<\/figure>\n\n\n\n<p><em>Na zdj. \u015aw. Stanis\u0142aw m\u0119czennik<br>Czy on by\u0142 agresorem<br>\u017be biednych broni\u0142<br>Przed wszelk\u0105 przemoc\u0105 w\u0142adzy<br>Czy jednak ofiar\u0105<br>Agresywnej w\u0142adzy<br>Kt\u00f3ra totalnie chce sprawowa\u0107<br>Zap\u0119dy bezmierne swoje<br>Tak by\u0142o w historii<br>A jak jest dzisiaj<br>Historia lubi si\u0119 powtarza\u0107<br>Sami wyci\u0105gnijcie odpowiednie wnioski<br>Kto jest katem agresorem niewymownym<br>A kto niewinn\u0105 ofiar\u0105<br>Przemocy bandyckiej wszelkiej po szata\u0144sku<\/em><\/p>\n\n\n\n<p class=\"has-text-align-center\">( <strong><em><a href=\"https:\/\/youtu.be\/jY2Jk1YMhI8?si=5S_gpz0t0QJ0pis4\">Deep Purple &#8211; When A Blind Man Cries <\/a><\/em><\/strong> )<\/p>\n\n\n\n<p class=\"has-text-align-right\"><strong><em><a href=\"https:\/\/youtu.be\/5bt7kAVxKfs?si=9V0W6wWV-mxWFifJ\">Metallica &#8211; The Unforgiven (II)<\/a><\/em><\/strong><\/p>\n","protected":false},"excerpt":{"rendered":"<p>Ludzie czy wy naprawd\u0119Tego nie rozumiecieNie rozeznajecie odpowiednio podstawowych rzeczyCzy to ja jestem \u015blepyCzy mo\u017ce wy raczejTo znaczy ci kt\u00f3rzyNie wiem mo\u017ce z\u0142e intencje maj\u0105&hellip; <\/p>\n","protected":false},"author":1,"featured_media":0,"parent":0,"menu_order":0,"comment_status":"closed","ping_status":"closed","template":"","meta":{"footnotes":""},"class_list":["post-9234","page","type-page","status-publish","hentry"],"_links":{"self":[{"href":"https:\/\/hubertpietka.bialystok.pl\/index.php?rest_route=\/wp\/v2\/pages\/9234","targetHints":{"allow":["GET"]}}],"collection":[{"href":"https:\/\/hubertpietka.bialystok.pl\/index.php?rest_route=\/wp\/v2\/pages"}],"about":[{"href":"https:\/\/hubertpietka.bialystok.pl\/index.php?rest_route=\/wp\/v2\/types\/page"}],"author":[{"embeddable":true,"href":"https:\/\/hubertpietka.bialystok.pl\/index.php?rest_route=\/wp\/v2\/users\/1"}],"replies":[{"embeddable":true,"href":"https:\/\/hubertpietka.bialystok.pl\/index.php?rest_route=%2Fwp%2Fv2%2Fcomments&post=9234"}],"version-history":[{"count":1,"href":"https:\/\/hubertpietka.bialystok.pl\/index.php?rest_route=\/wp\/v2\/pages\/9234\/revisions"}],"predecessor-version":[{"id":9236,"href":"https:\/\/hubertpietka.bialystok.pl\/index.php?rest_route=\/wp\/v2\/pages\/9234\/revisions\/9236"}],"wp:attachment":[{"href":"https:\/\/hubertpietka.bialystok.pl\/index.php?rest_route=%2Fwp%2Fv2%2Fmedia&parent=9234"}],"curies":[{"name":"wp","href":"https:\/\/api.w.org\/{rel}","templated":true}]}}