{"id":9267,"date":"2025-04-23T22:14:32","date_gmt":"2025-04-23T22:14:32","guid":{"rendered":"https:\/\/hubertpietka.bialystok.pl\/?page_id=9267"},"modified":"2025-04-23T22:14:32","modified_gmt":"2025-04-23T22:14:32","slug":"kur-stwo-a-szatana-krolestwo","status":"publish","type":"page","link":"https:\/\/hubertpietka.bialystok.pl\/?page_id=9267","title":{"rendered":"Kur&#8230;stwo \/ a szatana kr\u00f3lestwo"},"content":{"rendered":"\n<p>Ju\u017c mnie i to<br>Troch\u0119 roz\u015bmiesza nawet<br>Taki troch\u0119 \u015bmiech przez \u0142zy<br>Kolejne miejsce i kolejne<br>Pod \u015bcian\u0105 maj\u0105ce by\u0107 spalone<br>Bandycko przez ich kolejnych<br>Jedynie s\u0142usznych przydupas\u00f3w bandyckich<\/p>\n\n\n\n<p>Mia\u0142a by\u0107 oaza<br>A teraz chc\u0105 nam<br>I j\u0105 zabra\u0107<br>Nienasycone szata\u0144sko jest to ca\u0142e<br>Wszelakie bandyctwo z\u0142owrog\u0105 nienawi\u015bci\u0105<br>Nigdy nienasyceni oni<br>I im podobni z\u0142em<br>Dla nas jakimkolwiek<br>Szata\u0144stwo totalne ma panowa\u0107<br>Przecie\u017c wsz\u0119dzie m\u00f3wi\u0105c s\u0142owem jednym<\/p>\n\n\n\n<p>Tak nam t\u0105 wie\u015b spalili<br>W cudzys\u0142owiu oczywi\u015bcie<br>W ka\u017cdym razie p\u00f3ki co<br>Przez tego wielkiego cz\u0142owieka<br>I tam ich s\u0142ugas\u00f3w bandyckich<br>Tak nam spalili drug\u0105 wie\u015b<br>W konszachtach zb\u00f3jeckich<br>Z tym ta\u0142atajstwem tam prymitywnym<br>Tak nam pal\u0105 nieustannie<br>To nasze skromne mieszkanie<br>Cho\u0107by przez t\u0105 podwij\u0119<br>Pal\u0105 nam grunt pod nogami<br>Szata\u0144sko nieustannie oni chyba<br>W tym maj\u0105 jak\u0105\u015b<br>Sadystyczn\u0105 rozkosz bestialsk\u0105<br>Oni i im podobni<br>I tak ta rodowka tutaj<br>Nie doczekamy chyba tu wody<br>Pod\u0142ug te\u017c po\u017c\u0105da\u0144 bandyckich odpowiednich<br>Teraz i tu na nasze<br>Psy si\u0119 zarzuci\u0142y r\u00f3\u017cne osy<br>Ma\u0142o by\u0142o temu szata\u0144stwu wszelkiemu<br>Cho\u0107by tam na<br>Ko\u0142o naszego bloku na wybiegu<br>Szata\u0144stwo permanentne ma nas dopada\u0107<br>Zawsze przecie\u017c i wsz\u0119dzie<\/p>\n\n\n\n<p>Kur\u2026stwo pospolite uprawiaj\u0105ce nierz\u0105d<br>Z tym bandyctwem jest przecie\u017c<br>Zapewne wsz\u0119dzie<br>Tam tam taram<br>Tam podwija tam ta\u0142atajstwo tam<br>Ten wielki cz\u0142owiek z tym<br>S\u0105siedzkim cho\u0107by nierz\u0105dem<br>A i tu oczywi\u015bcie<br>Cho\u0107by jaki\u015b stary ubek<br>A mo\u017ce tylko komuch<br>Czy tam jak zreszt\u0105<br>Byleby wszystko by\u0142o po szata\u0144sku<br>Czyli po bandycku<br>Byleby i tu nas niszczy\u0107<br>Byleby wykurzy\u0107 jako\u015b<br>Dopa\u015b\u0107 jak nie nas<br>To te zwierz\u0119ta chocia\u017c<br>Wtedy i do nas b\u0119dzie<br>Przecie\u017c otwarta droga dla szata\u0144stwa<br>A wsz\u0119dzie wok\u00f3\u0142 i pomi\u0119dzy<br>I w specjalnym akcencie<br>Te\u017c po szata\u0144sku bandyckie misie<br>Czy inni bandyccy s\u0142u\u017calcy<br>Totalizm z\u0142a szata\u0144skiego na nas<br>Ma by\u0107 przecie\u017c totalny totalitarny<br>Z ka\u017cdej strony<br>I najlepiej przez wszystkich<br>Szata\u0144stwo wybitne<\/p>\n\n\n\n<figure class=\"wp-block-image size-large\"><a href=\"https:\/\/hubertpietka.bialystok.pl\/wp-content\/uploads\/2025\/04\/20250423_234111-scaled.jpg\"><img loading=\"lazy\" decoding=\"async\" width=\"768\" height=\"1024\" src=\"https:\/\/hubertpietka.bialystok.pl\/wp-content\/uploads\/2025\/04\/20250423_234111-768x1024.jpg\" alt=\"\" class=\"wp-image-9268\" srcset=\"https:\/\/hubertpietka.bialystok.pl\/wp-content\/uploads\/2025\/04\/20250423_234111-768x1024.jpg 768w, https:\/\/hubertpietka.bialystok.pl\/wp-content\/uploads\/2025\/04\/20250423_234111-225x300.jpg 225w, https:\/\/hubertpietka.bialystok.pl\/wp-content\/uploads\/2025\/04\/20250423_234111-1152x1536.jpg 1152w, https:\/\/hubertpietka.bialystok.pl\/wp-content\/uploads\/2025\/04\/20250423_234111-1536x2048.jpg 1536w, https:\/\/hubertpietka.bialystok.pl\/wp-content\/uploads\/2025\/04\/20250423_234111-scaled.jpg 1920w\" sizes=\"auto, (max-width: 768px) 100vw, 768px\" \/><\/a><\/figure>\n\n\n\n<p><em>Na zdj. Pewnie przyjdzie nam<br>Po\u017cegna\u0107 i to miejsce<br>Przecie\u017c wed\u0142ug szata\u0144stwa<br>Nie powinno by\u0107 miejsca \u017cadnego<br>Nigdzie dla nas<br>I cho\u0107 nikomu<br>Nic z\u0142ego nie zrobili\u015bmy<br>To czy to wa\u017cne<br>Skoro oni si\u0119 na nas<br>Szata\u0144sko z\u0142owrogo zawzi\u0119li<\/em><\/p>\n\n\n\n<p><em>A co do tego ca\u0142ego<br>Wybitnego kur\u2026stwa bandyckiego<br>Wszelakich ich s\u0142u\u017calcach<br>W zbrodniach i wszelkich k\u0142amstwach<br>W perfidii i ob\u0142udzie pod\u0142ej<br>Tyle powiem<br>Odziedziczycie to o co<br>Z dzie\u0107mi Bo\u017cymi walczycie<br>Odziedziczycie ca\u0142kowite i totalne kur\u2026stwo<br>Kt\u00f3re i was dopadnie odpowiednio<br>Wed\u0142ug tego co \u017ce\u015bcie wyznawali<br>To was te\u017c dopadnie<br>Kur\u2026stwo i bynajmniej to<br>Nie b\u0119dzie \u017cadne kr\u00f3lestwo<br>A ju\u017c na pewno<br>Nie to Bo\u017ce<br>Nie wierzycie w Boga przecie\u017c<br>Bo by\u015bcie inaczej czynili<br>To was dopadnie kr\u00f3lestwo szatana<br>W ca\u0142ej totalnej totalitarnej rozci\u0105g\u0142o\u015bci<br>Wed\u0142ug tego o co walczyli\u015bcie<br>Z r\u00f3\u017cnymi Bo\u017cymi dzie\u0107mi<br>Komuchy czy tam jacy zreszt\u0105<br>Takie czy inne kur\u2026stwo<\/em><\/p>\n\n\n\n<p>+<br><strong>Przypisek &#8211; przedpisek<\/strong><\/p>\n\n\n\n<p>Ju\u017c si\u0119 znalaz\u0142 komuch odpowiedni<br>Pod\u0142ug tych bandyt\u00f3w<br>D\u0142ugo nie trzeba by\u0142o czeka\u0107<br>Stan\u0105\u0142 pod bramk\u0105 i wykrzykuje<br>&#8222;\u017be tak nie mo\u017ce by\u0107<br>\u017beby psy tak szczeka\u0142y&#8221;<br>Niech idzie na pustynie<br>Ten komuch stary<br>Jak mu oznaki \u017cycia przeszkadzaj\u0105<br>Albo niech si\u0119 w grobie na przyk\u0142ad po\u0142o\u017cy<br>Tam b\u0119dzie mia\u0142 spok\u00f3j<br>Od wszelkich \u017cycia odg\u0142os\u00f3w<br>Przed chwil\u0105 taka sytuacja<br>A ja po prostu psy nasze zabra\u0142em<\/p>\n\n\n\n<p>Ju\u017c si\u0119 znalaz\u0142 komuch<br>Zreszt\u0105 m\u0142ody czy stary<br>Czy tam kto i zreszt\u0105<br>Przecie\u017c trzeba nas wykurzy\u0107<br>Z tej rod\u00f3wki naszej<\/p>\n\n\n\n<p>M\u00f3wi S\u0142owo Bo\u017ce<br>&#8222;Nie zawi\u0105\u017cesz pyska m\u0142uc\u0105cemu wo\u0142owi&#8221;<br>Podobnie psu stru\u017cuj\u0105cemu pilnuj\u0105cemu<br>Nie zaka\u017cesz szczeka\u0107<br>Tak m\u00f3wi zwyk\u0142a nawet logika<br>Chyba \u017ce dzia\u0142asz pod\u0142ug bandyt\u00f3w<br>Wtedy ci b\u0119dzie przeszkadza\u0107 wszystko<br>Co jest akurat na r\u0119k\u0119<br>Temu ca\u0142emu bandyctwu<br>Komuna przecie\u017c wszelaka walczy\u0142a zawsze<br>Z dzie\u0107mi Bo\u017cymi<br>I tak jest i dzisiaj<\/p>\n\n\n\n<p>Taka sytuacja sprzed jakie\u015b chwili<br>Tu dzisiaj<br>Z jednym z przydupas\u00f3w bandyckich<br>Nie dali nam tu<br>Zbyt d\u0142ugo spokoju<br>Trzeba przyzna\u0107 ju\u017c po tygodniu<\/p>\n\n\n\n<p>Taj w\u0142a\u015bnie z nimi zawsze<br>A tu szybko si\u0119 znalaz\u0142a<br>Odpowiednia pod\u0142ug bandyt\u00f3w menda<br>W jedynie s\u0142usznej szata\u0144stwa odmianie<br>Byleby tylko w nas uderza\u0107<br>W naszych i nasze<br>Pewnie b\u0119dzie tu i wi\u0119cej<br>Takich bo to przecie\u017c tutaj<br>By\u0142y raczej chyba komuch\u00f3w rod\u00f3wki <\/p>\n\n\n\n<p>Wsz\u0119dzie si\u0119 przecie\u017c odpowiednio znajdzie<br>Kto\u015b komu pod\u0142ug tych bandyt\u00f3w<br>Co\u015b b\u0119dzie przeszkadza\u0107 odpowiednio<br>Nam przeciez nie mo\u017cna da\u0107<br>Zwyk\u0142ego ludzkiego spokoju<br>Czy komuch zreszt\u0105 czy tam<br>I jaki pod\u0142ug bandyctwo tego<br>Zap\u0119d\u00f3w szata\u0144skich<br>Kt\u00f3ry si\u0119 zaprzeda\u0142 kur\u2026sko<br>S\u0142u\u017cy\u0107 temu ca\u0142emu bandyctwu w tym z\u0142u <\/p>\n","protected":false},"excerpt":{"rendered":"<p>Ju\u017c mnie i toTroch\u0119 roz\u015bmiesza nawetTaki troch\u0119 \u015bmiech przez \u0142zyKolejne miejsce i kolejnePod \u015bcian\u0105 maj\u0105ce by\u0107 spaloneBandycko przez ich kolejnychJedynie s\u0142usznych przydupas\u00f3w bandyckich Mia\u0142a by\u0107&hellip; <\/p>\n","protected":false},"author":1,"featured_media":0,"parent":0,"menu_order":0,"comment_status":"closed","ping_status":"closed","template":"","meta":{"footnotes":""},"class_list":["post-9267","page","type-page","status-publish","hentry"],"_links":{"self":[{"href":"https:\/\/hubertpietka.bialystok.pl\/index.php?rest_route=\/wp\/v2\/pages\/9267","targetHints":{"allow":["GET"]}}],"collection":[{"href":"https:\/\/hubertpietka.bialystok.pl\/index.php?rest_route=\/wp\/v2\/pages"}],"about":[{"href":"https:\/\/hubertpietka.bialystok.pl\/index.php?rest_route=\/wp\/v2\/types\/page"}],"author":[{"embeddable":true,"href":"https:\/\/hubertpietka.bialystok.pl\/index.php?rest_route=\/wp\/v2\/users\/1"}],"replies":[{"embeddable":true,"href":"https:\/\/hubertpietka.bialystok.pl\/index.php?rest_route=%2Fwp%2Fv2%2Fcomments&post=9267"}],"version-history":[{"count":1,"href":"https:\/\/hubertpietka.bialystok.pl\/index.php?rest_route=\/wp\/v2\/pages\/9267\/revisions"}],"predecessor-version":[{"id":9269,"href":"https:\/\/hubertpietka.bialystok.pl\/index.php?rest_route=\/wp\/v2\/pages\/9267\/revisions\/9269"}],"wp:attachment":[{"href":"https:\/\/hubertpietka.bialystok.pl\/index.php?rest_route=%2Fwp%2Fv2%2Fmedia&parent=9267"}],"curies":[{"name":"wp","href":"https:\/\/api.w.org\/{rel}","templated":true}]}}