{"id":9279,"date":"2025-05-04T07:44:04","date_gmt":"2025-05-04T07:44:04","guid":{"rendered":"https:\/\/hubertpietka.bialystok.pl\/?page_id=9279"},"modified":"2025-05-04T07:44:04","modified_gmt":"2025-05-04T07:44:04","slug":"dlaczego-pytania-bez-odpowiedzi","status":"publish","type":"page","link":"https:\/\/hubertpietka.bialystok.pl\/?page_id=9279","title":{"rendered":"Dlaczego \/ pytania bez odpowiedzi"},"content":{"rendered":"\n<p>Dlaczego zawzi\u0119li si\u0119<br>By zniszczy\u0107 t\u0105 mi\u0142o\u015b\u0107<br>By zniszczy\u0107 nam \u017cycie<br>By zniszczy\u0107 wszystko i wszystkich<br>Wok\u00f3\u0142 nas<\/p>\n\n\n\n<p>Dlaczego \u015bwiat godzi si\u0119<br>Na to z\u0142o szata\u0144skie<br>Dlaczego \u015bwiat godzi si\u0119<br>Przyzwala na wszelkie zbrodnie k\u0142amstwa<br>Dlaczego bardziej wierzy przemocy z\u0142a<br>Ni\u017c dobru czystemu<br>Dlaczego godzi si\u0119 by kto\u015b<br>Niszczy\u0142 komu\u015b \u017cycie niszczy\u0142 wszystko<\/p>\n\n\n\n<p>Dlaczego wybieraj\u0105 z\u0142o nie dobro<br>Dlaczego bardziej wierz\u0105 szatanowi<br>I jego s\u0142ugom ni\u017c<br>Bogu i Jego dzieciom<\/p>\n\n\n\n<p>Nie mo\u017cna si\u0119 godzi\u0107<br>Nawet na jedn\u0105 zbrodnie<br>Nawet jedno niesprawiedliwie odebrane<br>Komu\u015b \u017cycie g\u0142o\u015bno wo\u0142a<br>Do Boga a co dopiero<br>W obliczu bestialstwa takiego<br>Niesprawiedliwie mordowanych rzeszy niewinnych<\/p>\n\n\n\n<figure class=\"wp-block-gallery has-nested-images columns-default is-cropped wp-block-gallery-1 is-layout-flex wp-block-gallery-is-layout-flex\">\n<figure class=\"wp-block-image size-large\"><a href=\"https:\/\/hubertpietka.bialystok.pl\/wp-content\/uploads\/2025\/05\/1000001895.jpg\"><img loading=\"lazy\" decoding=\"async\" width=\"771\" height=\"1024\" data-id=\"9280\" src=\"https:\/\/hubertpietka.bialystok.pl\/wp-content\/uploads\/2025\/05\/1000001895-771x1024.jpg\" alt=\"\" class=\"wp-image-9280\" srcset=\"https:\/\/hubertpietka.bialystok.pl\/wp-content\/uploads\/2025\/05\/1000001895-771x1024.jpg 771w, https:\/\/hubertpietka.bialystok.pl\/wp-content\/uploads\/2025\/05\/1000001895-226x300.jpg 226w, https:\/\/hubertpietka.bialystok.pl\/wp-content\/uploads\/2025\/05\/1000001895-768x1021.jpg 768w, https:\/\/hubertpietka.bialystok.pl\/wp-content\/uploads\/2025\/05\/1000001895-1156x1536.jpg 1156w, https:\/\/hubertpietka.bialystok.pl\/wp-content\/uploads\/2025\/05\/1000001895.jpg 1204w\" sizes=\"auto, (max-width: 771px) 100vw, 771px\" \/><\/a><\/figure>\n<\/figure>\n\n\n\n<p><em>Na zdj. To bandyctwo ca\u0142e<br>I wszelcy pod\u0142ug nich<br>Stawiaj\u0105 na szali \u017cycie \u015bwiata<br>Chc\u0105 wstrz\u0105sn\u0105\u0107 bry\u0142\u0105 \u015bwiata<br>A \u015bwiat patrzy biernie oboj\u0119tnie<br>My\u015bli \u017ce pod\u0142ug k\u0142amstw szata\u0144skich<br>Nic mu nie b\u0119dzie<br>Mimo \u017ce B\u00f3g powiedzia\u0142<br>Ale oni \u0142atwiej wierz\u0105 szatanowi<br>I wszelkim s\u0142ugom jego<br>Akceptuj\u0105 ich zbrodnie przyklaskuj\u0105 k\u0142amstwom<br>Poniewa\u017c nie wybieraj\u0105 dobra<br>Lecz z\u0142o i za tym si\u0119 opowiadaj\u0105<br>To samo te\u017c ich spotka<br>\u015awiat ten ca\u0142y<br>Wtedy podzi\u0119kuj\u0105 szata\u0144skiemu bandyctwu<br>I te\u017c szatanowi<br>\u017be bry\u0142\u0105 \u015bwiata wstrz\u0105sn\u0119li<br>Ku jego ko\u0144cowi<br>Bo nie zareagowali w\u0142a\u015bciwie<br>Kiedy to si\u0119 godzi\u0142o<br>Cho\u0107 ja m\u00f3wi\u0142em m\u00f3wi\u0142em<br>I B\u00f3g te\u017c powiedzia\u0142<\/em><\/p>\n\n\n\n<p class=\"has-text-align-left\"><strong><em><a href=\"https:\/\/youtu.be\/wXKH9BV1oWQ\">Houk &#8211; Why<\/a><\/em><\/strong><\/p>\n\n\n\n<p class=\"has-text-align-right\"><strong><em><a href=\"https:\/\/youtu.be\/Vn43UUM0J_s\">Houk &#8211; Prostytutki i z\u0142odzieje <\/a><\/em><\/strong><\/p>\n","protected":false},"excerpt":{"rendered":"<p>Dlaczego zawzi\u0119li si\u0119By zniszczy\u0107 t\u0105 mi\u0142o\u015b\u0107By zniszczy\u0107 nam \u017cycieBy zniszczy\u0107 wszystko i wszystkichWok\u00f3\u0142 nas Dlaczego \u015bwiat godzi si\u0119Na to z\u0142o szata\u0144skieDlaczego \u015bwiat godzi si\u0119Przyzwala na&hellip; <\/p>\n","protected":false},"author":1,"featured_media":0,"parent":0,"menu_order":0,"comment_status":"closed","ping_status":"closed","template":"","meta":{"footnotes":""},"class_list":["post-9279","page","type-page","status-publish","hentry"],"_links":{"self":[{"href":"https:\/\/hubertpietka.bialystok.pl\/index.php?rest_route=\/wp\/v2\/pages\/9279","targetHints":{"allow":["GET"]}}],"collection":[{"href":"https:\/\/hubertpietka.bialystok.pl\/index.php?rest_route=\/wp\/v2\/pages"}],"about":[{"href":"https:\/\/hubertpietka.bialystok.pl\/index.php?rest_route=\/wp\/v2\/types\/page"}],"author":[{"embeddable":true,"href":"https:\/\/hubertpietka.bialystok.pl\/index.php?rest_route=\/wp\/v2\/users\/1"}],"replies":[{"embeddable":true,"href":"https:\/\/hubertpietka.bialystok.pl\/index.php?rest_route=%2Fwp%2Fv2%2Fcomments&post=9279"}],"version-history":[{"count":1,"href":"https:\/\/hubertpietka.bialystok.pl\/index.php?rest_route=\/wp\/v2\/pages\/9279\/revisions"}],"predecessor-version":[{"id":9281,"href":"https:\/\/hubertpietka.bialystok.pl\/index.php?rest_route=\/wp\/v2\/pages\/9279\/revisions\/9281"}],"wp:attachment":[{"href":"https:\/\/hubertpietka.bialystok.pl\/index.php?rest_route=%2Fwp%2Fv2%2Fmedia&parent=9279"}],"curies":[{"name":"wp","href":"https:\/\/api.w.org\/{rel}","templated":true}]}}