{"id":9301,"date":"2025-05-11T05:47:25","date_gmt":"2025-05-11T05:47:25","guid":{"rendered":"https:\/\/hubertpietka.bialystok.pl\/?page_id=9301"},"modified":"2025-05-11T06:21:07","modified_gmt":"2025-05-11T06:21:07","slug":"zdrada-gada-ze-mozna-wszystko-kazda-podlosc-kazde-swinstwo","status":"publish","type":"page","link":"https:\/\/hubertpietka.bialystok.pl\/?page_id=9301","title":{"rendered":"Zdrada gada \/ \u017ce mo\u017cna wszystko \/ ka\u017cd\u0105 pod\u0142o\u015b\u0107 ka\u017cde \u015bwi\u0144stwo"},"content":{"rendered":"\n<p>Mo\u017ce by\u0107 dumna ta podwija<br>Bandyckie misie i inni<br>S\u0142u\u017calcy bandyccy tudzie\u017c psychopaci<br>W z\u0142u dla nas bezwzgl\u0119dnym<\/p>\n\n\n\n<p>Mog\u0105 by\u0107 dumni<br>Ze zdrad o \u015bwicie<br>W nocy i te\u017c za<br>Bia\u0142ego dnia<br>Ze zdrad Boga i cz\u0142owiecze\u0144stwa<br>Pod\u0142ug szata\u0144stw tego bandyctwa<br>I wszyscy kt\u00f3rzy s\u0142u\u017c\u0105<br>Takim zdradom szata\u0144skim r\u00f3\u017cnym<br>Nie tylko wobec nas<br>Naszego i naszych<br>W stopniu przecie\u017c r\u00f3\u017cnym<\/p>\n\n\n\n<p>Mo\u017ce by\u0107 dumna ta podwija<br>Misie bandyckie i tak dalej<br>\u017be w tych zdradach podst\u0119pnych<br>Si\u0119 do tego bandyctwa szata\u0144skiego<br>Ca\u0142kowicie upodabniaj\u0105<br>Bo spe\u0142niaj\u0105 po\u017c\u0105dania te\u017c diab\u0142a<\/p>\n\n\n\n<p>A z drugiej strony<br>Mog\u0105 sobie oni wszyscy<br>Nadal gra\u0107 g\u0142up\u00f3w<br>\u017be oni niby nic wszyscy<br>Albo \u017ce nie tak<br>Ale tylko byle jak byleby<br>Spe\u0142nia\u0107 po\u017c\u0105dania szata\u0144skie<br>Tego ca\u0142ego bandyctwa<\/p>\n\n\n\n<p>Byleby tylko realizowa\u0107<br>Wszelkie ich zbrodnie przecie\u017c<br>Od \u015bmierci zniewolenia gwa\u0142tu po zniszczenie<br>Tego staj\u0105 si\u0119 s\u0142ugami<br>Mimo \u017ce g\u0142up\u00f3w walaj\u0105<br>\u017be oni nic wcale<br>Albo przypadkowo wszystko<br>A byleby tylko realizowa\u0107<br>Po\u017c\u0105dania szata\u0144skie tego bandyctwa<\/p>\n\n\n\n<p>( I wszystko jedno tak naprawd\u0119<br>Pod jakim pozorem czyni\u0105 zdrady<br>Poz\u00f3r szata\u0144ski zawsze sobie znajd\u0105<br>Pod\u0142ug po\u017c\u0105da\u0144 tych bandyt\u00f3w jaki\u015b<br>Kt\u00f3ry by realizowa\u0142 ich k\u0142amstwa<br>W zdradzie s\u0142u\u017calc\u00f3w zniewolenia \u015bmierci<br>I zniszczenia jakichkolwiek zreszt\u0105 )<\/p>\n\n\n\n<p>Mog\u0105 by\u0107 dumni ze zdrad<br>Judaszowych i kainowych zar\u00f3wno<br>Mog\u0105 by\u0107 dumni<br>Z wszechogarniaj\u0105cego szata\u0144stwa wszelkiego<br>W tych atrybutach diabelskich<br>I w k\u0142amstwach ob\u0142udzie wszelkiej<\/p>\n\n\n\n<figure class=\"wp-block-gallery has-nested-images columns-default is-cropped wp-block-gallery-1 is-layout-flex wp-block-gallery-is-layout-flex\">\n<figure class=\"wp-block-image size-large\"><a href=\"https:\/\/hubertpietka.bialystok.pl\/wp-content\/uploads\/2025\/05\/1000003221.jpg\"><img loading=\"lazy\" decoding=\"async\" width=\"1024\" height=\"771\" data-id=\"9302\" src=\"https:\/\/hubertpietka.bialystok.pl\/wp-content\/uploads\/2025\/05\/1000003221-1024x771.jpg\" alt=\"\" class=\"wp-image-9302\" srcset=\"https:\/\/hubertpietka.bialystok.pl\/wp-content\/uploads\/2025\/05\/1000003221-1024x771.jpg 1024w, https:\/\/hubertpietka.bialystok.pl\/wp-content\/uploads\/2025\/05\/1000003221-300x226.jpg 300w, https:\/\/hubertpietka.bialystok.pl\/wp-content\/uploads\/2025\/05\/1000003221-768x578.jpg 768w, https:\/\/hubertpietka.bialystok.pl\/wp-content\/uploads\/2025\/05\/1000003221-1536x1156.jpg 1536w, https:\/\/hubertpietka.bialystok.pl\/wp-content\/uploads\/2025\/05\/1000003221.jpg 1600w\" sizes=\"auto, (max-width: 1024px) 100vw, 1024px\" \/><\/a><\/figure>\n<\/figure>\n\n\n\n<p><em>Na zdj. Promowa\u0107 m\u0142ode talenty<br>Tych kt\u00f3rzy d\u0105\u017c\u0105 do warto\u015bci<br>Cho\u0107 wiadomo \u017ce mo\u017ce to<br>R\u00f3\u017cnie czasem wychodzi\u0107<br>Isaak Goldenberg kapela<br>Wczoraj w Sze\u015bcianie obok te\u017c<br>Innych kapel<br>Czasem lubi\u0119 zrobi\u0107 sobie wypad<br>By pozna\u0107 co\u015b nowego<br>Nie tylko na muzycznym rynku<br>Podobnie z klubami pi\u0142karskimi<br>W ni\u017cszych ligach<br>Szczeg\u00f3lnie \u017ce sam mia\u0142em przecie\u017c<br>Takie do\u015bwiadczenia<\/em><\/p>\n\n\n\n<p><em>A po co to wszystko<br>By \u015bwiata nie ogarnia\u0142<br>Wszechpot\u0119\u017cny blichtr powierzchowno\u015bci bez warto\u015bci<br>By zazna\u0107 troch\u0119 normalno\u015bci<br>Jako odskocznia niejako<br>Cho\u0107by pod\u0142ug zdrad wszelakich<br>Kt\u00f3re funduje to szata\u0144skie bandyctwo<br>Poprzez us\u0142u\u017cnych zbrodniczemu z\u0142u<br>Wobec nas naszych i naszego<br>Ale nie tylko<br>By szuka\u0107 \u015bwie\u017co\u015bci i otwarto\u015bci<br>Jednocze\u015bnie te\u017c bez dezawuowania<br>R\u00f3\u017cnych uznanych autorytet\u00f3w swoich<br>W dziedzinach r\u00f3\u017cnych<br>Cho\u0107 te bywaj\u0105 te\u017c czasem<br>Dost\u0119pne du\u017co trudniej<\/em><\/p>\n\n\n\n<p><em>Taka odtrutka na jad<br>Szata\u0144ski wszelkich zdrad po bandycku<br>A troch\u0119 inaczej fundamentalnie<br>Tym te\u017c jest<br>Ko\u015bci\u00f3\u0142 i modlitwa dla mnie<\/em><\/p>\n\n\n\n<p><strong><em><a href=\"https:\/\/youtu.be\/0cRLUKD-sPE\">Isaak Goldenberg &#8211; Tak ju\u017c jest<\/a><\/em><\/strong><\/p>\n\n\n\n<p class=\"has-text-align-right\"><strong><em><a href=\"https:\/\/youtu.be\/zgnqq3JuB5U\">Kawa o P\u00f3\u0142nocy &#8211; Napraw mnie <\/a><\/em><\/strong><\/p>\n\n\n\n<p class=\"has-text-align-right\"><strong><em><a href=\"https:\/\/youtu.be\/fxPHOxWEWhs\">Zesp\u00f3\u0142 Zepsu\u0142 &#8211; Peron <\/a><\/em><\/strong><\/p>\n","protected":false},"excerpt":{"rendered":"<p>Mo\u017ce by\u0107 dumna ta podwijaBandyckie misie i inniS\u0142u\u017calcy bandyccy tudzie\u017c psychopaciW z\u0142u dla nas bezwzgl\u0119dnym Mog\u0105 by\u0107 dumniZe zdrad o \u015bwicieW nocy i te\u017c zaBia\u0142ego&hellip; <\/p>\n","protected":false},"author":1,"featured_media":0,"parent":0,"menu_order":0,"comment_status":"closed","ping_status":"closed","template":"","meta":{"footnotes":""},"class_list":["post-9301","page","type-page","status-publish","hentry"],"_links":{"self":[{"href":"https:\/\/hubertpietka.bialystok.pl\/index.php?rest_route=\/wp\/v2\/pages\/9301","targetHints":{"allow":["GET"]}}],"collection":[{"href":"https:\/\/hubertpietka.bialystok.pl\/index.php?rest_route=\/wp\/v2\/pages"}],"about":[{"href":"https:\/\/hubertpietka.bialystok.pl\/index.php?rest_route=\/wp\/v2\/types\/page"}],"author":[{"embeddable":true,"href":"https:\/\/hubertpietka.bialystok.pl\/index.php?rest_route=\/wp\/v2\/users\/1"}],"replies":[{"embeddable":true,"href":"https:\/\/hubertpietka.bialystok.pl\/index.php?rest_route=%2Fwp%2Fv2%2Fcomments&post=9301"}],"version-history":[{"count":3,"href":"https:\/\/hubertpietka.bialystok.pl\/index.php?rest_route=\/wp\/v2\/pages\/9301\/revisions"}],"predecessor-version":[{"id":9306,"href":"https:\/\/hubertpietka.bialystok.pl\/index.php?rest_route=\/wp\/v2\/pages\/9301\/revisions\/9306"}],"wp:attachment":[{"href":"https:\/\/hubertpietka.bialystok.pl\/index.php?rest_route=%2Fwp%2Fv2%2Fmedia&parent=9301"}],"curies":[{"name":"wp","href":"https:\/\/api.w.org\/{rel}","templated":true}]}}