{"id":9311,"date":"2025-05-13T09:29:10","date_gmt":"2025-05-13T09:29:10","guid":{"rendered":"https:\/\/hubertpietka.bialystok.pl\/?page_id=9311"},"modified":"2025-05-13T09:29:10","modified_gmt":"2025-05-13T09:29:10","slug":"nowy-wspanialy-swiat-po-bandycku-podlug-wszelkiej-obludy-dla-nas-naszego-i-naszych","status":"publish","type":"page","link":"https:\/\/hubertpietka.bialystok.pl\/?page_id=9311","title":{"rendered":"Nowy wspania\u0142y \u015bwiat \/ po bandycku &#8211; pod\u0142ug wszelkiej ob\u0142udy \/ dla nas naszego i naszych"},"content":{"rendered":"\n<p>Wyimki dyskryminacyjne<br>Szata\u0144skiej niby sprawiedliwo\u015bci bandyckiej<br>Pod\u0142ug ob\u0142udy najgorszej brzmi\u0105 nast\u0119puj\u0105co<\/p>\n\n\n\n<p>Zatrudniono co prawda moj\u0105 \u017con\u0119<br>W szkole ale oczywi\u015bcie<br>Po szata\u0144sku i po bandycku<br>Mimo \u017ce jest nauczycielem<br>De facto na niepe\u0142nych prawach<br>Wynikaj\u0105cych z nauczyciela karty<br>Bo do po\u0142owy etatu<br>Kt\u00f3re by jej da\u0142o te prawa<br>Zabrak\u0142o jej 1,5h<br>I to mimo \u017ce tak naprawd\u0119 w istocie<br>Ma tych godzin du\u017co wi\u0119cej<br>Wobec czego nie dano jej<br>Oczywi\u015bcie dodatku dla pocz\u0105tkuj\u0105cych nauczycieli<br>Pomija si\u0119 j\u0105 w premiach<br>Cho\u0107by na \u015bwi\u0119ta<br>Bo przecie\u017c nie ma<br>Tak zwanych pe\u0142nych praw nauczyciela<br>A maj\u0105 je zapewne<br>Portierzy i sprz\u0105taczki<br>Bo oni pewnie premie dostaj\u0105<br>Zapewne te\u017c mimo \u017ce<br>Obiecano jej pensum<br>Od nowego roku szkolnego<br>To przez wakacje b\u0119dzie<br>W tak zwanym zapewne zawieszeniu<br>Czyli jej nie dadz\u0105 wyp\u0142aty<br>Za odpoczynek wakacyjny<br>I jak s\u0105 egzaminy o\u015bmioklasisty<br>To zobacz co za paradoks<br>Mimo \u017ce nie ma<br>Tak zwanych pe\u0142nych praw nauczyciela<br>To nie przeszkadza jej<br>Przez te trzy dni<br>Ich trwania zaabsorbowa\u0107 ca\u0142kowicie<br>Najlepiej na wiele godzin<br>I za darmo<br>Jakby do tego nie by\u0142o<br>Nauczycieli tak zwanych prawdziwych<br>Tak szata\u0144skie jest to bandyctwo<br>Permanentnie i perfidnie dyskryminuje<br>Cho\u0107by moj\u0105 \u017con\u0119<br>W tym powy\u017cszym przypadku<br>A m\u00f3wi ob\u0142udnie<br>O jakiej\u015b nowej niby sprawiedliwo\u015bci<br>Tak po szata\u0144sku czyli bandyckiej<br>Oczywi\u015bcie mimo wszystko<br>Dyrekcji tej szko\u0142y nale\u017cy si\u0119<br>Pewna wdzi\u0119czno\u015b\u0107 za zatrudnienie \u017cony<br>Ale nawet jak ju\u017c<br>Do tego dosz\u0142o<br>To oczywi\u015bcie pod\u0142ug szata\u0144stw bandyckich<br>Po szata\u0144sku ma by\u0107 dalej<br>Zapewne i wszystko<br>Jak zreszt\u0105 wida\u0107 po powy\u017cszym<br>Wed\u0142ug szanta\u017cy ulubionej metody dzia\u0142a\u0144<br>Tych szata\u0144skich bandyt\u00f3w<\/p>\n\n\n\n<p>Zreszt\u0105 to tylko sytuacja jedna<br>A my tej niby sprawiedliwo\u015bci nowej<br>Po szata\u0144sku po bandycku<br>Mamy na p\u0119czki chyba<br>Pod\u0142ug ob\u0142udy chyba najgorszej<br>Bo pod pozorem niby dobra<br>Dla kogo\u015b nam naszemu naszym<br>Mo\u017cna przecie\u017c wyrz\u0105dza\u0107 szata\u0144stwa wszelakie<\/p>\n\n\n\n<p>Obrazek ilustruj\u0105cy bandyck\u0105 perfidi\u0119 ob\u0142udn\u0105<br>Jest cho\u0107by nast\u0119puj\u0105cy<br>Niby co lubi\u0105 opatrznie<br>Interpretowa\u0107 ci bandyci<br>&#8222;Wolno\u015b\u0107 jednej osoby ko\u0144czy si\u0119<br>Tam gdzie zaczyna drugiej&#8221;<br>Ju\u017c to pomin\u0119<br>\u017be nie przeszkadza im to<br>Nic a nic cho\u0107by zabija\u0107<br>Tak s\u0105 ob\u0142udni podle<br>Ale to szczeg\u00f3lnie si\u0119 tyczy<br>Nas naszego i naszych w\u0142a\u015bnie<br>Jak pies na przyk\u0142ad zaszczeka<br>To zabi\u0107 pieska<br>Bo przecie\u017c komu\u015b mo\u017ce<br>Przeszkadza\u0107 to szczekanie<br>Tak s\u0105 ob\u0142udni szata\u0144sko<br>\u017be udaj\u0105 \u017ce nie dostrzegaj\u0105<br>R\u00f3\u017cnicy pomi\u0119dzy materi\u0105 lekk\u0105<br>Jak\u0105 jest psa szczekanie<br>A materi\u0105 ci\u0119\u017ck\u0105 czyli zabijaniem<br>I wt\u0142\u0105czaj\u0105 ludziom szata\u0144sko<br>To nowe bandyckie niby porz\u0105dki<br>I ich niby nowe prawa<br>Oczywi\u015bcie kosztem nas<\/p>\n\n\n\n<p>A str\u00f3\u017ce tych niby porz\u0105dk\u00f3w<br>Po szata\u0144sku czyli po bandycku<br>Cho\u0107by bandyckie misie<br>Czy inni bandyccy s\u0142u\u017calcy<br>Cho\u0107by szata\u0144skiego zniewolenia<br>Wspaniale si\u0119 wpisuj\u0105<br>W t\u0105 ob\u0142ud\u0119 bandyck\u0105 perfidn\u0105<br>I cudnie s\u0142u\u017c\u0105 szata\u0144stwom<br>Wszelkim tych bandyt\u00f3w<br>Oczywi\u015bcie wobec nas naszego naszych<br>Z premedytacj\u0105 zbrodni i k\u0142amstw<br>To wszystko najpierw<br>Pod\u0142ug ob\u0142udy szata\u0144skiej bandyt\u00f3w najgorszej<\/p>\n\n\n\n<p>Inne ilustracje tak zwanych<br>Nowych niby porz\u0105dk\u00f3w bandyckich<br>Pod\u0142ug ob\u0142udy szata\u0144skiej<br>Ty spr\u00f3buj tylko nie przepu\u015bci\u0107<br>Pieszego na przej\u015bciu<br>To zaraz ci\u0119 dro\u0144stwem dopadn\u0105<br>Ale ciebie was wasze<br>To mo\u017cna rozjecha\u0107 przecie\u017c<br>Najlepiej szata\u0144skim walcem<br>Tacy porz\u0105dni wi\u0119c ku temu<br>Zabrali prawie wszystkie \u015bmietniki<br>Na tym osiedlu<br>Co im te\u017c nie przeszkadza<br>Bawi\u0107 si\u0119 w \u015bmieciowe detale<br>Inspektorzy bandyccy \u015bmieciowi<br>Przecedz\u0105 przecie\u017c ka\u017cdy papierek itp<br>Oczywi\u015bcie od nas<br>Czy trafi\u0142 w odpowiednie miejsce<br>Tak szata\u0144skie w ob\u0142udzie pod\u0142ej<br>Jest to ca\u0142e bandyctwo<br>I wszelcy pod\u0142ug nich<br>To tylko kilka ilustracji<br>Ale my to mamy<br>Chyba na kroku ka\u017cdym<br>Mentalno\u015b\u0107 szata\u0144sk\u0105 bandyt\u00f3w obrazuj\u0105 dobrze<br>Te s\u0142owo<br>Jak Kali ukra\u015b\u0107 zabi\u0107 itp<br>To jest ok<br>A jak Kalemu to zemsta<br>W najgorsze chyba<br>Nie wiem czemu ale<br>Mi to przypomina<br>Mentalno\u015b\u0107 hitlerowc\u00f3w za okupacji<br>Albo komunist\u00f3w w PRL-u<br>\u017be pod\u0142ug bandyctwa<br>S\u0105 lepsi i lepsiejsi<br>\u017be im i ich przydupasom<br>Mo\u017cna wszystko<br>Ale ich wrogom<br>Pod\u0142ug nienawi\u015bci szata\u0144skiej nic zgo\u0142a<br>I takich trzeba na ka\u017cdym<br>Chyba kroku prze\u015bladowa\u0107 i n\u0119ka\u0107<br>I to niby w imi\u0119<br>Sprawiedliwo\u015bci i spo\u0142ecznego porz\u0105dku<br>Tak po szata\u0144sku po bandycku<br>M\u00f3wi\u0105c inaczej<br>Oni wszelkie z\u0142o czyni\u0107 mog\u0105<br>Podpieraj\u0105c to k\u0142amstwem ob\u0142udnym zawsze<br>A ty si\u0119 pilnuj ci\u0105gle<br>By nie wpa\u015b\u0107 w szpony<br>Ob\u0142udy po szata\u0144sku bandyckiej<br>Kt\u00f3ra si\u0119 oczywi\u015bcie wi\u0105\u017ce<br>Ze \u015bmierci\u0105 zniewoleniem i zniszczeniem<br>Dla nas i dla tych<br>Kt\u00f3rzy ob\u0142udzie szata\u0144skiej bandyckiej<br>Jako\u015b tak podpadli<br>Szata\u0144stwo pe\u0142ne totalne tego bandyctwa<br>Pod\u0142ug ob\u0142udy kt\u00f3ra ma<br>Wszelkie zbrodnie usprawiedliwia\u0107<\/p>\n\n\n\n<p>I jeszcze jedno s\u0142owo<br>Nie zablokuj\u0119 tych gwiazd r\u00f3\u017cnych<br>Na FB ale tylko<br>Z tego powodu \u017ce wiem<br>\u017be ob\u0142uda i nienawi\u015b\u0107 bandycka<br>Mo\u017ce si\u0119 obr\u00f3ci\u0107 na nie<br>I ani mi Ani<br>Z nami naszymi i naszym<br>I niech spadaj\u0105 babdyckie szata\u0144stwo<br>I wszelcy ich przydupasy<br>S\u0142ugi ob\u0142udy prywatni i s\u0142u\u017cbowi<br>Od tej podwiji przez innych<br>Po tak\u017ce a jak\u017ce by inaczej tych<br>Bandyckich misi\u00f3w<br>Kt\u00f3rzy nas na drodze<br>\u015aledz\u0105 niemal na ka\u017cdym kroku<br>Czyhaj\u0105c na nawet najmniejszy b\u0142\u0105d<br>Pod\u0142ug ob\u0142udy bandyckiej<br>\u017be ich przydupasy mog\u0105 \u0142ama\u0107<br>Wszelkie drogowe przepisy<br>Ale ty si\u0119 strze\u017c<br>Nawet najmniejszego wykroczenia<\/p>\n\n\n\n<figure class=\"wp-block-image size-large\"><a href=\"https:\/\/hubertpietka.bialystok.pl\/wp-content\/uploads\/2025\/05\/1000003630.jpg\"><img loading=\"lazy\" decoding=\"async\" width=\"771\" height=\"1024\" src=\"https:\/\/hubertpietka.bialystok.pl\/wp-content\/uploads\/2025\/05\/1000003630-771x1024.jpg\" alt=\"\" class=\"wp-image-9312\" srcset=\"https:\/\/hubertpietka.bialystok.pl\/wp-content\/uploads\/2025\/05\/1000003630-771x1024.jpg 771w, https:\/\/hubertpietka.bialystok.pl\/wp-content\/uploads\/2025\/05\/1000003630-226x300.jpg 226w, https:\/\/hubertpietka.bialystok.pl\/wp-content\/uploads\/2025\/05\/1000003630-768x1020.jpg 768w, https:\/\/hubertpietka.bialystok.pl\/wp-content\/uploads\/2025\/05\/1000003630-1157x1536.jpg 1157w, https:\/\/hubertpietka.bialystok.pl\/wp-content\/uploads\/2025\/05\/1000003630.jpg 1536w\" sizes=\"auto, (max-width: 771px) 100vw, 771px\" \/><\/a><\/figure>\n\n\n\n<p><em>Na zdj. Matka Bo\u017ca Fatimska dzi\u015b wspominana<br>I \u015awi\u0119ta Rodzina<br>A czemu to szatan<br>Poprzez ob\u0142ud\u0119 bandyck\u0105 i<br>Ich wszelkie cele z\u0142a zbrodniczego<br>Tak w nas uderza<br>Przecie\u017c szatan nie uderza<br>P\u00f3ki co w tych<br>Kt\u00f3rzy mu s\u0142u\u017c\u0105<br>Lecz w przeciwnik\u00f3w swoich<br>W Boga i jego dzieci<br>Czy wy tego naprawd\u0119<br>Nie widzicie tak za\u015blepieni jeste\u015bcie<br>\u017be nie widzicie<br>\u017be ka\u017cde z\u0142o k\u0142amstwa zbrodnie<br>Od szatana pochodz\u0105 w\u0142a\u015bnie<br>I ci kt\u00f3rzy temu s\u0142u\u017c\u0105<br>S\u0105 dzie\u0107mi szatana nie Boga<br>Pod\u0142ug szata\u0144stw wszelkich najgorszych pod\u0142ych<br>Wobec nas naszego i naszych<br>I innych tak\u017ce<br>A nasza rodzina obrazuje wybitnie<br>Te trendy walki szatana<br>I wszelkich s\u0142ug jego<br>Z Bo\u017cymi dzie\u0107mi<\/em><\/p>\n\n\n\n<p><strong><em><a href=\"https:\/\/youtu.be\/yk0X4USMbds\">Maryja, \u015bliczna Pani<\/a><\/em><\/strong><\/p>\n\n\n\n<p class=\"has-text-align-center\"><strong><em><a href=\"https:\/\/youtu.be\/NUs8XGEBj4E\">Po g\u00f3rach, dolinach <\/a><\/em><\/strong><\/p>\n","protected":false},"excerpt":{"rendered":"<p>Wyimki dyskryminacyjneSzata\u0144skiej niby sprawiedliwo\u015bci bandyckiejPod\u0142ug ob\u0142udy najgorszej brzmi\u0105 nast\u0119puj\u0105co Zatrudniono co prawda moj\u0105 \u017con\u0119W szkole ale oczywi\u015bciePo szata\u0144sku i po bandyckuMimo \u017ce jest nauczycielemDe facto&hellip; <\/p>\n","protected":false},"author":1,"featured_media":0,"parent":0,"menu_order":0,"comment_status":"closed","ping_status":"closed","template":"","meta":{"footnotes":""},"class_list":["post-9311","page","type-page","status-publish","hentry"],"_links":{"self":[{"href":"https:\/\/hubertpietka.bialystok.pl\/index.php?rest_route=\/wp\/v2\/pages\/9311","targetHints":{"allow":["GET"]}}],"collection":[{"href":"https:\/\/hubertpietka.bialystok.pl\/index.php?rest_route=\/wp\/v2\/pages"}],"about":[{"href":"https:\/\/hubertpietka.bialystok.pl\/index.php?rest_route=\/wp\/v2\/types\/page"}],"author":[{"embeddable":true,"href":"https:\/\/hubertpietka.bialystok.pl\/index.php?rest_route=\/wp\/v2\/users\/1"}],"replies":[{"embeddable":true,"href":"https:\/\/hubertpietka.bialystok.pl\/index.php?rest_route=%2Fwp%2Fv2%2Fcomments&post=9311"}],"version-history":[{"count":1,"href":"https:\/\/hubertpietka.bialystok.pl\/index.php?rest_route=\/wp\/v2\/pages\/9311\/revisions"}],"predecessor-version":[{"id":9313,"href":"https:\/\/hubertpietka.bialystok.pl\/index.php?rest_route=\/wp\/v2\/pages\/9311\/revisions\/9313"}],"wp:attachment":[{"href":"https:\/\/hubertpietka.bialystok.pl\/index.php?rest_route=%2Fwp%2Fv2%2Fmedia&parent=9311"}],"curies":[{"name":"wp","href":"https:\/\/api.w.org\/{rel}","templated":true}]}}