{"id":9330,"date":"2025-05-22T12:08:26","date_gmt":"2025-05-22T12:08:26","guid":{"rendered":"https:\/\/hubertpietka.bialystok.pl\/?page_id=9330"},"modified":"2025-05-22T12:08:26","modified_gmt":"2025-05-22T12:08:26","slug":"zlajdaczyc-sie-zeszmacic-coz-tam-takiego-dla-takich","status":"publish","type":"page","link":"https:\/\/hubertpietka.bialystok.pl\/?page_id=9330","title":{"rendered":"Z\u0142ajdaczy\u0107 si\u0119 zeszmaci\u0107 \/ c\u00f3\u017c tam takiego dla takich"},"content":{"rendered":"\n<p>Co oni zrobili<br>Z tym \u015bwiatem ci bandyci<br>Z tym krajem<br>\u017be wszyscy si\u0119 maj\u0105<br>Po bandycku z\u0142ajdaczy\u0107<br>A kto jest prawy wierny<br>Kto si\u0119 tak nie z\u0142ajdaczy<br>Ma by\u0107 traktowany<br>Jak w przybli\u017ceniu tr\u0119dowaty<\/p>\n\n\n\n<p>Nawet te bandyckie misie cho\u0107by wczoraj<br>Na stacji benzynowej od razu<br>Jak si\u0119 pojawi\u0142em tam<br>Tak i oni<br>Pewnie mia\u0142o mi si\u0119 nie uda\u0107 tam<br>Zap\u0142aci\u0107 kart\u0105 i \u017ce niby<br>U mnie fa\u0142szywa mamona<br>(Kt\u00f3ra nawiasem m\u00f3wi\u0105c ta bandycka<br>Mami wielu)<br>Nawet misie bandyckie czy<br>Inne s\u0142u\u017cby tzw. porz\u0105dku publicznego<br>Maj\u0105 si\u0119 \u0142ajdaczy\u0107 po bandycku<br>Uczestniczy\u0107 w ich k\u0142amliwych \u015bciemach<br>Byleby tylko osi\u0105gn\u0105\u0107 tak po\u017c\u0105dany<br>Efekt bandycki mnie zniewolenia uziemienia<br>Zreszt\u0105 na wszelkie mo\u017cliwe sposoby<br>To co dopiero inni<br>Skoro w ob\u0142udnych k\u0142amstwach<br>Mog\u0105 spokojnie sobie oni uczestniczy\u0107<br>To co dopiero inni<br>Tak znieprawili ten kraj<br>Ca\u0142kowicie po szata\u0144sku ci bandyci<br>Byleby tylko spe\u0142ni\u0107 po\u017c\u0105dania swoje<br>R\u00f3\u017cnych pod\u0142ug k\u0142amstw najgorszych zbrodni<br>Bo na niewinnych to wszystko<br>W najwa\u017cniejszym sensie tym moralnym<\/p>\n\n\n\n<p>I tak na wszelkie sposoby<br>Oni misie bandyckie inne s\u0142u\u017cby<br>Nawet w szata\u0144skich napa\u015bciach podwiji<br>Maj\u0105 uczestniczy\u0107 odpowiednio<br>Bo przecie\u017c efekt ma by\u0107<br>Jedynie s\u0142uszny tego zniewolenie mnie<br>To co dopiero r\u00f3\u017cni pomniejsi<br>Kt\u00f3rzy jednak tak\u017ce w tych<br>K\u0142amstwach bandyckich ku zbrodniom<br>Uczestnicz\u0105 ch\u0119tnie jak cho\u0107by dzi\u015b<br>Tu si\u0119 ustawi\u0142y z pieskami<br>By\u015b ty nie m\u00f3g\u0142<br>Przej\u015b\u0107 ze swoimi<br>A z drugiej strony<br>Trzeba wypu\u015bci\u0107 g\u00f3wniark\u0119 na rolkach<br>Mo\u017ce pies ten m\u0142ody skoczy<br>I b\u0119dzie ju\u017c pow\u00f3d<br>Do oskar\u017cenia odpowiedni<br>Tym bardziej je\u015bli w tym<br>W tej ustawce uczestnicz\u0105<br>Nieprawi tacy \u015bwiadkowie w\u0142a\u015bnie<br>Kt\u00f3rzy wiadomo \u017ce jakby co<br>Zeznaj\u0105 w spos\u00f3b jedynie s\u0142uszny<br>Wed\u0142ug po\u017c\u0105da\u0144 bandyckich<br>Bo po c\u00f3\u017c oni si\u0119<br>Tam w\u0142a\u015bnie ustawili<br>A gdzie indziej<br>Czy z innej strony<br>Mo\u017cna zawsze pu\u015bcisz hulajnog\u0119 rower<br>Czy i jak tam byleby i tylko<br>Mog\u0142y si\u0119 spe\u0142ni\u0107 po\u017c\u0105dania szata\u0144skie<br>Tych bandyt\u00f3w<\/p>\n\n\n\n<p>Maj\u0105 oni przecie\u017c r\u00f3\u017cnych<br>Nieprawych i niecnych<br>Tak \u0142atwo mo\u017cna si\u0119 zeszmaci\u0107<br>Przecie\u017c w z\u0142u dla nas<br>Naszego i naszych<br>R\u00f3\u017cnych bandyckich zbrodni<br>\u015amierci zniewolenia i zniszczenia<br>Szczeg\u00f3lnie gdy bandycka mamona<br>Za\u015bwieci odpowiednio w d\u0142oniach<br>Lub gdy ci maj\u0105 szanta\u017c<br>Kt\u00f3rego mog\u0105 u\u017cy\u0107 te\u017c odpowiednio<br>Tak \u0142atwo si\u0119 z\u0142ajdaczy\u0107 zeszmaci\u0107<br>Jest przecie\u017c<br>Szczeg\u00f3lnie gdy w tego ramach<br>Jest korzy\u015b\u0107 odpowiednia bandycka jaka\u015b<br>A \u017ce si\u0119 stajesz przest\u0119pc\u0105<br>Wobec Bo\u017cego prawa<br>Bo uczestniczysz w bandyckich wszelkich<br>Zbrodniach i k\u0142amstwach<br>A to zawsze tak jako\u015b idzie w parze<br>To co tam<br>Jakie\u015b tam eschatologie kiedy\u015b<br>Kiedy tu mo\u017cna korzysta\u0107 odpowiednio<br>To nic \u017ce i szata\u0144sko<br>Inni \u017cyj\u0105 a te\u017c \u0142ajdacz\u0105<\/p>\n\n\n\n<p>I jeszcze jedna medalu strona<br>Zwi\u0105zana z \u0142ajdaczeniem odpowiednich<br>Trzeba przecie\u017c wyeliminowa\u0107 \u015bwiadk\u00f3w<br>Tym bardziej tych koronnych<br>Bandyctw cho\u0107by tej podwiji<br>Tych kt\u00f3rzy co on<br>Tu robi mogli widzie\u0107<br>Tak si\u0119 pana Henia wyeliminowa\u0142o<br>To teraz pani\u0105 Zosi\u0119 koniecznie<br>Trzeba wyeliminowa\u0107 przecie\u017c wszystko<br>Co si\u0119 nie zgadza<br>Z narracj\u0105 szata\u0144sk\u0105 bandyck\u0105<br>\u017be ta podwija to przecie\u017c<br>Mo\u017ce w afekcie ale sprawiedliwie<br>Ma napada\u0107 na nas czy na mnie<br>To mo\u017ce jeszcze t\u0105 te\u017c<br>Z do\u0142u s\u0105siadk\u0119 bo wiem<br>\u017be ona te\u017c widzia\u0142a<br>Z na przeciwka wyj\u015bcia jego<br>Na akcje bandyckie<br>A mo\u017ce tych w spu\u015bci\u017anie<br>Po pani Leokadii<br>Oni te\u017c co\u015b mogli przecie\u017c<br>I widzie\u0107 co nie pasuje<br>Z narracj\u0105 szata\u0144sk\u0105 tej podwiji<br>I tych bandyt\u00f3w<br>Zatraconych w ob\u0142udzie ich wszystkich<\/p>\n\n\n\n<p><strong>Dzi\u015b \u015bw. Rity<br>Patronki spraw raczej beznadziejnych<br>Sam widzisz Panie<br>Co oni wszyscy tu wyprawiaj\u0105<br>Ci bandyci i wszelcy<br>Pod\u0142ug nich prywatni zawodowi s\u0142u\u017cbowi<br>W k\u0142amstwach ob\u0142udnych i wszelkich<br>D\u0105\u017ceniach do zbrodni na niewinnych<br>Czy wobec nas mnie \u017cony<br>Tych zwierz\u0105t bliskich<br>Ale jak wida\u0107 i innych<br>Wszystko przecie\u017c co si\u0119<br>Nie zgadza z szata\u0144stwem bandyckim<br>Ma by\u0107 wyeliminowane<br>Ma panowa\u0107 przecie\u017c jedynie s\u0142uszna<br>Doktryna szata\u0144ska tego bandyctwa<br>Te\u017c w \u015bmierci zniewoleniu i zniszczeniu<br>Dla wszystkich kt\u00f3rzy si\u0119 sprzeciwiaj\u0105<br>Szata\u0144stwom wszelkim bandyt\u00f3w<\/strong><\/p>\n\n\n\n<figure class=\"wp-block-image size-large\"><a href=\"https:\/\/hubertpietka.bialystok.pl\/wp-content\/uploads\/2025\/05\/1000005046.jpg\"><img loading=\"lazy\" decoding=\"async\" width=\"771\" height=\"1024\" src=\"https:\/\/hubertpietka.bialystok.pl\/wp-content\/uploads\/2025\/05\/1000005046-771x1024.jpg\" alt=\"\" class=\"wp-image-9331\" srcset=\"https:\/\/hubertpietka.bialystok.pl\/wp-content\/uploads\/2025\/05\/1000005046-771x1024.jpg 771w, https:\/\/hubertpietka.bialystok.pl\/wp-content\/uploads\/2025\/05\/1000005046-226x300.jpg 226w, https:\/\/hubertpietka.bialystok.pl\/wp-content\/uploads\/2025\/05\/1000005046-768x1021.jpg 768w, https:\/\/hubertpietka.bialystok.pl\/wp-content\/uploads\/2025\/05\/1000005046-1156x1536.jpg 1156w, https:\/\/hubertpietka.bialystok.pl\/wp-content\/uploads\/2025\/05\/1000005046.jpg 1204w\" sizes=\"auto, (max-width: 771px) 100vw, 771px\" \/><\/a><\/figure>\n\n\n\n<p><em>Na zdj. Nawet pokrzywa ma bia\u0142e kwiaty<br>Cho\u0107 mo\u017ce czasem poparzy\u0107<br>A ja zapewne powinienem<br>Potakiwa\u0107 \u0142agodnie i mile<br>Na wszelkie zbrodnie i k\u0142amstwa<br>Tych bandyt\u00f3w i tych kt\u00f3rzy<br>Si\u0119 z\u0142ajdaczyli zeszmacili pod\u0142ug nich<br>Cho\u0107by tylko w warto\u015bciach moralnych<br>Ale przecie\u017c to wszystko<br>Ma s\u0142u\u017cy\u0107 wszelkim przest\u0119pstwom bandyckim<br>Cho\u0107 niby w \u015bwietle prawa<br>A k\u0142amliwie ob\u0142udnie i podle<br>I wszystko to na nas<br>Naszych i nasze<br>Ta ca\u0142a przemoc r\u00f3\u017cnych<br>Tak po szata\u0144sku zorganizowana<br>A przecie\u017c te dwie sceny<br>To tylko ma\u0142y wyimek<br>Wszelkich dzia\u0142a\u0144 bandyckich<br>I im podobnych ka\u017cdego dnia<br>I w r\u00f3\u017cnych miejscach<br>Znieprawia\u0107 mo\u017cna przecie\u017c wszystkich<br>I to ju\u017c od najmniejszych<\/em><\/p>\n\n\n\n<p>Ps. I nawet na boisku<br>Kt\u00f3re ma by\u0107 przecie\u017c<br>Z za\u0142o\u017cenia stref\u0105 relaksu<br>Zorganizowali sobie r\u00f3\u017cnych aspirant\u00f3w<br>Kt\u00f3rzy zareagowa\u0107 jakby co<br>Maj\u0105 odpowiednio a jak\u017ce<br>Na mnie sprowokowanie<br>Do tego ju\u017c tam maj\u0105<br>Zreszt\u0105 r\u00f3\u017cnych od do\u015b\u0107 dawna<br>We mnie w nas trzeba<br>Przecie\u017c wsz\u0119dzie po szata\u0144sku bandycko<br>Odpowiednio uderza\u0107 byleby tylko<br>Spe\u0142ni\u0142y si\u0119 w ko\u0144cu<br>Wszelkie po\u017c\u0105dania szata\u0144skie tych bandyt\u00f3w<br>I wszelakich znieprawionych z\u0142ajdaczonych zeszmaconych<br>Pod\u0142ug nich cho\u0107by w sensie moralnym<br>Li tylko ale przecie\u017c nie<\/p>\n\n\n\n<p class=\"has-text-align-right\">Tak szata\u0144skie totalnie<br>Jest to bandyctwo wszelkie ca\u0142e<br>I ci pod\u0142ug nich<br>W z\u0142u k\u0142amstw i zbrodni<br>I jak nie<br>Jak tak \u017cesz jest w\u0142a\u015bnie<\/p>\n","protected":false},"excerpt":{"rendered":"<p>Co oni zrobiliZ tym \u015bwiatem ci bandyciZ tym krajem\u017be wszyscy si\u0119 maj\u0105Po bandycku z\u0142ajdaczy\u0107A kto jest prawy wiernyKto si\u0119 tak nie z\u0142ajdaczyMa by\u0107 traktowanyJak w&hellip; <\/p>\n","protected":false},"author":1,"featured_media":0,"parent":0,"menu_order":0,"comment_status":"closed","ping_status":"closed","template":"","meta":{"footnotes":""},"class_list":["post-9330","page","type-page","status-publish","hentry"],"_links":{"self":[{"href":"https:\/\/hubertpietka.bialystok.pl\/index.php?rest_route=\/wp\/v2\/pages\/9330","targetHints":{"allow":["GET"]}}],"collection":[{"href":"https:\/\/hubertpietka.bialystok.pl\/index.php?rest_route=\/wp\/v2\/pages"}],"about":[{"href":"https:\/\/hubertpietka.bialystok.pl\/index.php?rest_route=\/wp\/v2\/types\/page"}],"author":[{"embeddable":true,"href":"https:\/\/hubertpietka.bialystok.pl\/index.php?rest_route=\/wp\/v2\/users\/1"}],"replies":[{"embeddable":true,"href":"https:\/\/hubertpietka.bialystok.pl\/index.php?rest_route=%2Fwp%2Fv2%2Fcomments&post=9330"}],"version-history":[{"count":1,"href":"https:\/\/hubertpietka.bialystok.pl\/index.php?rest_route=\/wp\/v2\/pages\/9330\/revisions"}],"predecessor-version":[{"id":9332,"href":"https:\/\/hubertpietka.bialystok.pl\/index.php?rest_route=\/wp\/v2\/pages\/9330\/revisions\/9332"}],"wp:attachment":[{"href":"https:\/\/hubertpietka.bialystok.pl\/index.php?rest_route=%2Fwp%2Fv2%2Fmedia&parent=9330"}],"curies":[{"name":"wp","href":"https:\/\/api.w.org\/{rel}","templated":true}]}}