{"id":9338,"date":"2025-05-25T08:21:46","date_gmt":"2025-05-25T08:21:46","guid":{"rendered":"https:\/\/hubertpietka.bialystok.pl\/?page_id=9338"},"modified":"2025-05-25T08:21:46","modified_gmt":"2025-05-25T08:21:46","slug":"kazdy-jasny-prawdy-promyk-pochodzi-z-wartosciom-wiernosci","status":"publish","type":"page","link":"https:\/\/hubertpietka.bialystok.pl\/?page_id=9338","title":{"rendered":"Ka\u017cdy jasny prawdy promyk \/ pochodzi z warto\u015bciom wierno\u015bci"},"content":{"rendered":"\n<p>Drodzy moi<br>Chcia\u0142bym wam da\u0107 i te\u017c<br>Troch\u0119 \u015bwiat\u0142a<br>Jak dzisiejszy ciep\u0142y promie\u0144 wiosenny<br>To nie jest przecie\u017c tak<br>\u017be we mnie w nas<br>Jest tylko ciemno\u015b\u0107 czy szaro\u015b\u0107<br>Co prawda nas do tego<br>Zmuszaj\u0105 ci bandyci<br>I im podobni wszelcy<br>Bo musimy broni\u0107 naszego \u017cycia<br>Przed ciemno\u015bci\u0105 w kt\u00f3rej<br>Pr\u00f3buj\u0105 pogr\u0105\u017cy\u0107 nie tylko nas<br>Lecz ca\u0142y \u015bwiat<br>Bo musimy walczy\u0107 o warto\u015bci<br>Z cywilizacj\u0105 ideologizacji i \u015bmierci<\/p>\n\n\n\n<p>Wskaza\u0142 nam Pan t\u0105 stanic\u0119<br>I nawet je\u015bli oni<br>Si\u0119 zawzi\u0119li by zniszczy\u0107<br>Nasze \u017cycie dobra i bliskich<br>I nawet je\u015bli my<br>Nie mo\u017cemy od tego odst\u0105pi\u0107<br>Nie znaczy to wcale<br>\u017be dobra w \u015bwiecie<br>I w innych o intencjach<br>Czystych nie dostrzegamy<br>Cho\u0107 z\u0142o bandyckie pr\u00f3buje nieustannie<br>Wywo\u0142ywa\u0107 wojny w nas samych<br>I pomi\u0119dzy nami<br>Nawet tymi kt\u00f3rzy maj\u0105<br>Zwyk\u0142\u0105 wol\u0119 dobra<br>Z\u0142o jest przecie\u017c<br>Panem wojen \u015bmierci i chaosu<br>To jednak ja pr\u00f3buj\u0119 czasem<br>Mimo ucisku nieustannego<br>Kt\u00f3ry oni nak\u0142adaj\u0105 na to<br>\u017bycie nasze ods\u0142ania\u0107 te\u017c<br>Te przestrzenie ja\u015bniejsze<br>Cho\u0107 mo\u017ce jest tego mniej<br>Bo musimy najpierw skupi\u0107 si\u0119<br>Na walce ze z\u0142em szata\u0144skim<br>A uwierzcie \u017ce to kosztuje<br>Bardzo wiele<br>C\u00f3\u017c byleby\u015bmy tylko<br>Przetrwali te wszystkie napa\u015bci diabelskie<br>W d\u0105\u017ceniach do \u015bmierci<br>Zniewolenia i zniszczenia<br>I przecie\u017c chyba nie<br>Dla nas tylko<\/p>\n\n\n\n<p><strong>Dzi\u015b wspominany \u015bw. <em>Beda Czcigodny<\/em><br>Cho\u0107 \u017cyjemy troch\u0119<br>W takiej w\u0142a\u015bnie <em>biedzie czcigodnej<\/em><br>Bo oni zawsze chc\u0105 nam<br>Wytr\u0105ca\u0107 podpor\u0119 chleba<br>I nie zawsze wystarczy<br>Od tzw. pierwszego do pierwszego<br>Cho\u0107 nawet po\u017cyczki nam utrudniaj\u0105<br>Cho\u0107 uderzaj\u0105 w nasze prace<br>Cho\u0107 pr\u00f3buj\u0105 utopi\u0107 wszelkie<br>Nasze dobra w z\u0142u<br>Ich i im podobnych<br>To jednak trwamy w Panu<br>I dzi\u0119kujemy Bogu za to<br>I za ludzi dobrej woli<br>Kt\u00f3rzy nas wspieraj\u0105<br>W tej misji w walce<br>Ze wszelkim z\u0142em szata\u0144skim<br>Ze \u015bwiatem antywarto\u015bci<br>Nie tylko zreszt\u0105 chrze\u015bcija\u0144skich<br>Ale po prostu og\u00f3lnoludzkich<\/strong><\/p>\n\n\n\n<p class=\"has-text-align-right\"><strong><em><a href=\"https:\/\/youtu.be\/EfWw49bcGQo\">Wolna Grupa Bukowina &#8211; Majster Bieda <\/a><\/em><\/strong><\/p>\n\n\n\n<figure class=\"wp-block-gallery has-nested-images columns-default is-cropped wp-block-gallery-1 is-layout-flex wp-block-gallery-is-layout-flex\">\n<figure class=\"wp-block-image size-large\"><a href=\"https:\/\/hubertpietka.bialystok.pl\/wp-content\/uploads\/2025\/05\/1000005530.jpg\"><img loading=\"lazy\" decoding=\"async\" width=\"1024\" height=\"771\" data-id=\"9339\" src=\"https:\/\/hubertpietka.bialystok.pl\/wp-content\/uploads\/2025\/05\/1000005530-1024x771.jpg\" alt=\"\" class=\"wp-image-9339\" srcset=\"https:\/\/hubertpietka.bialystok.pl\/wp-content\/uploads\/2025\/05\/1000005530-1024x771.jpg 1024w, https:\/\/hubertpietka.bialystok.pl\/wp-content\/uploads\/2025\/05\/1000005530-300x226.jpg 300w, https:\/\/hubertpietka.bialystok.pl\/wp-content\/uploads\/2025\/05\/1000005530-768x578.jpg 768w, https:\/\/hubertpietka.bialystok.pl\/wp-content\/uploads\/2025\/05\/1000005530-1536x1157.jpg 1536w, https:\/\/hubertpietka.bialystok.pl\/wp-content\/uploads\/2025\/05\/1000005530.jpg 1599w\" sizes=\"auto, (max-width: 1024px) 100vw, 1024px\" \/><\/a><\/figure>\n<\/figure>\n\n\n\n<p><strong>Na zdj. Dzi\u015b wspominana te\u017c \u015bw. Magdalena Zofia <em>Barat<\/em><br>Ka\u017cdy dla nas kto dostrzega<br>Dobro w tym \u015bwiecie<br>I chce nim \u017cy\u0107<br>W prawdzie nie w k\u0142amstwie<br>To dla nas siostra <em>brat<\/em><br>Szczeg\u00f3lnie ci kt\u00f3rzy tak \u017cyj\u0105<br>Wbrew z\u0142u wszelkiemu kt\u00f3re chce<br>Zdominowa\u0107 \u015bwiat ten<br>I zniszczy\u0107 go zreszt\u0105<br>Na r\u00f3\u017cne sposoby<br>Ale dop\u00f3ki my \u017cyjemy<br>Z\u0142o nie przemo\u017ce<br>Wbrew jego wszelkim zajad\u0142ym atakom<br>Na \u017cycie wiernych i \u015bwiata<\/strong><\/p>\n\n\n\n<p class=\"has-text-align-center\">Uwaga &#8211; nie dla dzieci!<\/p>\n\n\n\n<p class=\"has-text-align-right\"><strong><em><a href=\"https:\/\/youtu.be\/IFXpFhtHWsE\">Lukasyno &#8211; Bra\u0107 <\/a><\/em><\/strong><\/p>\n","protected":false},"excerpt":{"rendered":"<p>Drodzy moiChcia\u0142bym wam da\u0107 i te\u017cTroch\u0119 \u015bwiat\u0142aJak dzisiejszy ciep\u0142y promie\u0144 wiosennyTo nie jest przecie\u017c tak\u017be we mnie w nasJest tylko ciemno\u015b\u0107 czy szaro\u015b\u0107Co prawda nas&hellip; <\/p>\n","protected":false},"author":1,"featured_media":0,"parent":0,"menu_order":0,"comment_status":"closed","ping_status":"closed","template":"","meta":{"footnotes":""},"class_list":["post-9338","page","type-page","status-publish","hentry"],"_links":{"self":[{"href":"https:\/\/hubertpietka.bialystok.pl\/index.php?rest_route=\/wp\/v2\/pages\/9338","targetHints":{"allow":["GET"]}}],"collection":[{"href":"https:\/\/hubertpietka.bialystok.pl\/index.php?rest_route=\/wp\/v2\/pages"}],"about":[{"href":"https:\/\/hubertpietka.bialystok.pl\/index.php?rest_route=\/wp\/v2\/types\/page"}],"author":[{"embeddable":true,"href":"https:\/\/hubertpietka.bialystok.pl\/index.php?rest_route=\/wp\/v2\/users\/1"}],"replies":[{"embeddable":true,"href":"https:\/\/hubertpietka.bialystok.pl\/index.php?rest_route=%2Fwp%2Fv2%2Fcomments&post=9338"}],"version-history":[{"count":1,"href":"https:\/\/hubertpietka.bialystok.pl\/index.php?rest_route=\/wp\/v2\/pages\/9338\/revisions"}],"predecessor-version":[{"id":9340,"href":"https:\/\/hubertpietka.bialystok.pl\/index.php?rest_route=\/wp\/v2\/pages\/9338\/revisions\/9340"}],"wp:attachment":[{"href":"https:\/\/hubertpietka.bialystok.pl\/index.php?rest_route=%2Fwp%2Fv2%2Fmedia&parent=9338"}],"curies":[{"name":"wp","href":"https:\/\/api.w.org\/{rel}","templated":true}]}}