{"id":9356,"date":"2025-06-01T14:10:06","date_gmt":"2025-06-01T14:10:06","guid":{"rendered":"https:\/\/hubertpietka.bialystok.pl\/?page_id=9356"},"modified":"2025-06-01T14:10:06","modified_gmt":"2025-06-01T14:10:06","slug":"zostajemy-zostaje-choc-chyba-kazdy-zrobilby-inaczej","status":"publish","type":"page","link":"https:\/\/hubertpietka.bialystok.pl\/?page_id=9356","title":{"rendered":"Zostajemy zostaj\u0119 \/ cho\u0107 chyba ka\u017cdy zrobi\u0142by inaczej"},"content":{"rendered":"\n<p>( <strong><em><a href=\"https:\/\/youtu.be\/Bp17OY4WAYo\">Ira &#8211; Zatrzymaj mnie <\/a><\/em><\/strong> )<\/p>\n\n\n\n<p>Chocia\u017c mam tu nieprzejednanych<br>Zaprzysi\u0119\u017conych bandyctwu wrog\u00f3w<br>Cho\u0107by i ta podwija<br>Mimo \u017ce nic nikomu z\u0142ego<br>My nie zrobili\u015bmy<\/p>\n\n\n\n<p>Mimo \u017ce nieustannie chc\u0105<br>Zabi\u0107 mi \u017con\u0119 te zwierz\u0119ta<br>I mnie cho\u0107 udaj\u0105 oczywi\u015bcie<br>\u017be nie a ju\u017c pr\u00f3bowali<br>Mnog\u0105 ilo\u015b\u0107 razy<br>Cho\u0107 funkcjonariusze r\u00f3\u017cni poza<br>Cho\u0107by jak ten wy\u017cej wymieniony<br>Psychopata nas \u015bcigaj\u0105 w obronie<br>R\u00f3\u017cnych bandyckich zbrodni<br>T\u0105 zbrodnie chc\u0105c jeszcze doda\u0107<br>Zniewolenia niewinnych wed\u0142ug po\u017c\u0105da\u0144 nieprawych<\/p>\n\n\n\n<p>Cho\u0107 na wszelkie sposoby<br>Oni i im powolni<br>Uderzaj\u0105 w nas naszych nasze<br>Ja tu zostaj\u0119<br>&#8222;Bo to jest m\u00f3j kraj&#8221;<br>Jak m\u00f3wi\u0142 Jan Pawe\u0142 II<\/p>\n\n\n\n<p>Cho\u0107 mo\u017ce maj\u0105 okantowa\u0107 oni<br>Nas w tym kraju<br>Na tych wyborach podobnie<br>By dalej ten kraj znieprawia\u0107<br>Cho\u0107 demoralizuj\u0105 dzieci i m\u0142odzie\u017c nieustannie<br>Cho\u0107 graj\u0105 nami<br>Bo zawsze my \u017ale wszystko<br>Czy ta\u0144czymy czy si\u0119 smucimy<br>To zawsze mo\u017cna nam dowali\u0107<br>Ja tu zostaj\u0119<br>Cho\u0107 podpor\u0119 chleba \u0142ami\u0105<br>Nam bezwzgl\u0119dnie cho\u0107 oddalaj\u0105<br>Od nas wszystkich wszelk\u0105 \u017cyczliwo\u015b\u0107<\/p>\n\n\n\n<p class=\"has-text-align-center\"><strong><em><a href=\"https:\/\/youtu.be\/r0w4OXz1Th0\">Krzysztof Cugowski &amp; Przyjaciele &#8211; Jest taki samotny dom<\/a><\/em><\/strong><\/p>\n\n\n\n<figure class=\"wp-block-gallery has-nested-images columns-default is-cropped wp-block-gallery-1 is-layout-flex wp-block-gallery-is-layout-flex\">\n<figure class=\"wp-block-image size-large\"><a href=\"https:\/\/hubertpietka.bialystok.pl\/wp-content\/uploads\/2025\/06\/1000006529.jpg\"><img loading=\"lazy\" decoding=\"async\" width=\"771\" height=\"1024\" data-id=\"9357\" src=\"https:\/\/hubertpietka.bialystok.pl\/wp-content\/uploads\/2025\/06\/1000006529-771x1024.jpg\" alt=\"\" class=\"wp-image-9357\" srcset=\"https:\/\/hubertpietka.bialystok.pl\/wp-content\/uploads\/2025\/06\/1000006529-771x1024.jpg 771w, https:\/\/hubertpietka.bialystok.pl\/wp-content\/uploads\/2025\/06\/1000006529-226x300.jpg 226w, https:\/\/hubertpietka.bialystok.pl\/wp-content\/uploads\/2025\/06\/1000006529-768x1021.jpg 768w, https:\/\/hubertpietka.bialystok.pl\/wp-content\/uploads\/2025\/06\/1000006529-1156x1536.jpg 1156w, https:\/\/hubertpietka.bialystok.pl\/wp-content\/uploads\/2025\/06\/1000006529.jpg 1204w\" sizes=\"auto, (max-width: 771px) 100vw, 771px\" \/><\/a><\/figure>\n<\/figure>\n\n\n\n<p><em>Na zdj. Jan Pawe\u0142 II<br>&#8222;To mnie nie mo\u017ce<br>Nie bole\u0107 to wszystko<br>Zrozumcie to wy&#8221;<br>I cho\u0107 sprawiaj\u0105 \u017cycie nasze<br>Niemal niezno\u015bnym prze\u015bladuj\u0105c nas<br>Wsz\u0119dzie i zawsze<br>Przez takich czy innych<br>I na wszelkie sposoby<br>Ja tu zostaj\u0119 my zostajemy<br>Bo to nasz kraj<br>Ta biedna Polska<br>Kt\u00f3r\u0105 podobnie jak nami<br>Chc\u0105 kupczy\u0107 niemi\u0142osiernie r\u00f3\u017cni zaprzedani<\/em><\/p>\n\n\n\n<p class=\"has-text-align-right\"><strong><em><a href=\"https:\/\/youtu.be\/RBB2WSgUEYs\">Jan Pietrzak &#8211; Taki kraj<\/a><\/em><\/strong><\/p>\n","protected":false},"excerpt":{"rendered":"<p>( Ira &#8211; Zatrzymaj mnie ) Chocia\u017c mam tu nieprzejednanychZaprzysi\u0119\u017conych bandyctwu wrog\u00f3wCho\u0107by i ta podwijaMimo \u017ce nic nikomu z\u0142egoMy nie zrobili\u015bmy Mimo \u017ce nieustannie chc\u0105Zabi\u0107&hellip; <\/p>\n","protected":false},"author":1,"featured_media":0,"parent":0,"menu_order":0,"comment_status":"closed","ping_status":"closed","template":"","meta":{"footnotes":""},"class_list":["post-9356","page","type-page","status-publish","hentry"],"_links":{"self":[{"href":"https:\/\/hubertpietka.bialystok.pl\/index.php?rest_route=\/wp\/v2\/pages\/9356","targetHints":{"allow":["GET"]}}],"collection":[{"href":"https:\/\/hubertpietka.bialystok.pl\/index.php?rest_route=\/wp\/v2\/pages"}],"about":[{"href":"https:\/\/hubertpietka.bialystok.pl\/index.php?rest_route=\/wp\/v2\/types\/page"}],"author":[{"embeddable":true,"href":"https:\/\/hubertpietka.bialystok.pl\/index.php?rest_route=\/wp\/v2\/users\/1"}],"replies":[{"embeddable":true,"href":"https:\/\/hubertpietka.bialystok.pl\/index.php?rest_route=%2Fwp%2Fv2%2Fcomments&post=9356"}],"version-history":[{"count":1,"href":"https:\/\/hubertpietka.bialystok.pl\/index.php?rest_route=\/wp\/v2\/pages\/9356\/revisions"}],"predecessor-version":[{"id":9358,"href":"https:\/\/hubertpietka.bialystok.pl\/index.php?rest_route=\/wp\/v2\/pages\/9356\/revisions\/9358"}],"wp:attachment":[{"href":"https:\/\/hubertpietka.bialystok.pl\/index.php?rest_route=%2Fwp%2Fv2%2Fmedia&parent=9356"}],"curies":[{"name":"wp","href":"https:\/\/api.w.org\/{rel}","templated":true}]}}