{"id":9365,"date":"2025-06-08T12:07:28","date_gmt":"2025-06-08T12:07:28","guid":{"rendered":"https:\/\/hubertpietka.bialystok.pl\/?page_id=9365"},"modified":"2025-06-08T12:07:28","modified_gmt":"2025-06-08T12:07:28","slug":"duch-swiety-prawdy-dobra-milosci-sprzeciwia-sie-genetycznie-szatanizmowi-i-duchowi-swiatowemu-podlug-tych-bandytow","status":"publish","type":"page","link":"https:\/\/hubertpietka.bialystok.pl\/?page_id=9365","title":{"rendered":"Duch \u015awi\u0119ty prawdy dobra mi\u0142o\u015bci \/ sprzeciwia si\u0119 genetycznie &#8211; szatanizmowi i duchowi \u015bwiatowemu \/ pod\u0142ug tych bandyt\u00f3w"},"content":{"rendered":"\n<p>Szatanizm wprost sprzeciwia si\u0119<br>Wszelkim dobrom Bo\u017cym<br>W ten spos\u00f3b ci<br>Szata\u0144scy bandyci i im podobni<br>Chc\u0105 mnie pozbawi\u0107 najwi\u0119kszego dobra<br>Tu na ziemi p\u0142yn\u0105cego wprost<br>Z Bo\u017cego sakramentu ma\u0142\u017ce\u0144stwa<br>Bo mojej \u017cony w\u0142a\u015bnie najpierw<br>Potem tych zwierz\u0105t<br>Kt\u00f3re nam s\u0142u\u017c\u0105 naszej ochronie<br>Z Boga<br>Naszych samochod\u00f3w miejsc bliskich pracy<br>To co w Bogu jest<br>Dla nas wa\u017cne<br>W to uderza najch\u0119tniej<br>To ca\u0142e bandyctwo szata\u0144skie<br>Zreszt\u0105 wszelkim z\u0142em<\/p>\n\n\n\n<p>A najlepiej to czyni\u0107 wszystko<br>S\u0142awetnym niby przypadkiem bandyckim<br>Tak mo\u017cna przecie\u017c wyrz\u0105dza\u0107 nam<br>Wszelkie szata\u0144stwa<br>Od zbrodni \u015bmierci zniszczenia<br>Po zniewolenia pod\u0142e<br>Mog\u0105 nas przecie\u017c zabija\u0107 wsz\u0119dzie<br>Maj\u0105 do dyspozycji r\u00f3\u017cne przecie\u017c<br>Aparatury gazownicze wsz\u0119dzie gdzie jeste\u015bmy<br>Maj\u0105 mo\u017cliwo\u015bci te\u017c uk\u0142u\u0107 r\u00f3\u017cnych<br>Tak\u017ce z dystansu przez r\u00f3\u017cnych<br>Swych s\u0142ugas\u00f3w w zbrodniach bandyckich<br>Maj\u0105 mo\u017cliwo\u015bci wreszcie wszelkich tam<br>Niby wypadk\u00f3w<br>Wszystko mo\u017cna zorganizowa\u0107 ku z\u0142u<br>Tym niby przypadkiem bandyckim<br>Wystarczy pretekst tylko odpowiedni<br>Dla tego bandyckiego szata\u0144stwa<\/p>\n\n\n\n<p>Podobnie ze zniewalaniem<br>Wiedz\u0105 to przecie\u017c cho\u0107by<br>Ci bandyccy misie<br>I inni s\u0142u\u017calcy bandyccy tak\u017ce<br>\u017be niewinnie narazili\u015bmy si\u0119<br>Nienawi\u015bci z\u0142owrogiej bandyckiej<br>Wiedz\u0105 to a jednocze\u015bnie<br>Maj\u0105 spe\u0142nia\u0107 szata\u0144stwa bandyckie<br>Postawieni pod jakim\u015b szanta\u017cem<br>I to pod byle pretekstem<br>Tym bandyckim sfingowanym najch\u0119tniej odpowiednio<\/p>\n\n\n\n<p>I wreszcie ci bandyci<br>Maj\u0105 r\u00f3\u017cnych *<strong>by-dla-k\u00f3w<\/strong>*<br>I tu i na rod\u00f3wce<br>I wsz\u0119dzie kt\u00f3rzy maj\u0105 realizowa\u0107<br>Bydlactwa napastliwe na nas nasze<br>Tak by\u0142o jest wsz\u0119dzie<br>I pewnie b\u0119dzie<br>Bo *<strong>by\u0107 dla cwania-k\u00f3w<\/strong>* bandyckich<br>Te wszelkie bydlaki maj\u0105<br>Od tej podwiji tu<br>Po wykoleje\u0144c\u00f3w czy szemranych tam<br>Gdziekolwiek zreszt\u0105 tam czy siam<br>Maj\u0105 oni spe\u0142nia\u0107 bydlactwa najgorsze<br>Perfidne k\u0142amliwe i pod\u0142e<br>Bo za co im<br>P\u0142ac\u0105 bandyci wprost czy przeno\u015bnie<br>Cho\u0107by niby bandyckim spokojem<br>Tak\u017ce tak te\u017c si\u0119 u\u0142o\u017cyli<br>Ci bandyci szata\u0144stwami bydlackimi<br>Nas wsz\u0119dzie obstawili<\/p>\n\n\n\n<p>A teraz duch szata\u0144stwa<br>Byleby tylko ku z\u0142u<br>Dla nas naszego i naszych<br>I duch \u015bwiatowy kt\u00f3ry przecie\u017c<br>Ma akceptowa\u0107 bandyckie zbrodnie<br>Od zabicia \u017cony pozbawienia nas<br>Zwierz\u0105t schronie\u0144 pracy samochod\u00f3w<br>I czy ja na te wszelkie szata\u0144stwa<br>Nie odpowiem<br>Skoro one ur\u0105gaj\u0105 wszelkim<br>Prawom Bo\u017cym i czy\u017c te\u017c<br>B\u00f3g nie odpowie na szata\u0144stwa<br>Te wszelkie ob\u0142\u0119dne ob\u0142udnie<br>Tych bandyt\u00f3w i wszelkich<br>Akceptuj\u0105cych ich z\u0142e czyny<br>Wszelkie k\u0142amstwa i zbrodnie<br>Odpowie za to \u015bwiat<br>Przed Bogiem wbrew szata\u0144skim zapewnieniom<br>&#8222;O pokoju i bezpiecze\u0144stwie&#8221;<br>A tylko pozw\u00f3lcie na<br>Ich wszelkie k\u0142amliwe zbrodnie<br>I to ma by\u0107 warunek<br>Bo\u017cego pokoju<br>Jakby pok\u00f3j Bo\u017cy si\u0119 osi\u0105ga\u0142o<br>Przez zgod\u0119 na zbrodnie szata\u0144skie<br>I wsp\u00f3\u0142prac\u0119 z k\u0142amstwami bandyckimi<\/p>\n\n\n\n<figure class=\"wp-block-image size-large\"><a href=\"https:\/\/hubertpietka.bialystok.pl\/wp-content\/uploads\/2025\/06\/1000007758.jpg\"><img loading=\"lazy\" decoding=\"async\" width=\"771\" height=\"1024\" src=\"https:\/\/hubertpietka.bialystok.pl\/wp-content\/uploads\/2025\/06\/1000007758-771x1024.jpg\" alt=\"\" class=\"wp-image-9366\" srcset=\"https:\/\/hubertpietka.bialystok.pl\/wp-content\/uploads\/2025\/06\/1000007758-771x1024.jpg 771w, https:\/\/hubertpietka.bialystok.pl\/wp-content\/uploads\/2025\/06\/1000007758-226x300.jpg 226w, https:\/\/hubertpietka.bialystok.pl\/wp-content\/uploads\/2025\/06\/1000007758-768x1021.jpg 768w, https:\/\/hubertpietka.bialystok.pl\/wp-content\/uploads\/2025\/06\/1000007758-1156x1536.jpg 1156w, https:\/\/hubertpietka.bialystok.pl\/wp-content\/uploads\/2025\/06\/1000007758.jpg 1204w\" sizes=\"auto, (max-width: 771px) 100vw, 771px\" \/><\/a><\/figure>\n\n\n\n<p><em>Na zdj. Dzi\u015b Zes\u0142anie Ducha \u015awi\u0119tego<br>Mog\u0105 mie\u0107 nawet i Boga<br>Na ustach ci bandyci<br>I im podobni cho\u0107by pacyny<br>Kt\u00f3re je\u015bli wiedzie\u0107 chcecie powoduj\u0105<br>W ko\u015bciele &#8222;ohydy pustk\u0105 ziej\u0105ce&#8221;<br>Bo tak naprawd\u0119 parodiuj\u0105 sakramenty<br>Pr\u00f3buj\u0105c zwie\u015b\u0107 tym lud Bo\u017cy<br>Mog\u0105 mie\u0107 i Boga oni<br>Wszyscy na ustach<br>A we wn\u0119trzu ca\u0142kowite zepsucie<br>I propagowanie zbrodni i k\u0142amstw<br>Wszelkich szata\u0144skich tego bandyctwa<br>Kt\u00f3re zawsze chc\u0105 uderza\u0107<br>W dzieci Bo\u017ce<br>Post\u0119puj\u0105ce wed\u0142ug ducha prawdy Parakleta<br>Niech On nas wspiera pociesza<br>W walce z tym wszelkim<br>Bandyckim szata\u0144stwem<br>Tak nam dopom\u00f3\u017c Panie<br>S\u0142u\u017cy\u0107 Tobie nie bandyckiemu szata\u0144stwu<br>Duchowi \u015bwiatowemu znieprawionemu<br>Ku wszelkim k\u0142amstwom i zbrodniom<br>Dop\u00f3ki tchu Bo\u017cego na ustach<br>Nie spocz\u0105\u0107 dop\u00f3ki nie zostanie<br>Przezwyci\u0119\u017cone moc\u0105 Bo\u017c\u0105 i ludzk\u0105<br>We wsp\u00f3\u0142pracy z prawdziwym Bogiem<br>To wszelkie szata\u0144stwo ob\u0142udne pod\u0142e<\/em><\/p>\n","protected":false},"excerpt":{"rendered":"<p>Szatanizm wprost sprzeciwia si\u0119Wszelkim dobrom Bo\u017cymW ten spos\u00f3b ciSzata\u0144scy bandyci i im podobniChc\u0105 mnie pozbawi\u0107 najwi\u0119kszego dobraTu na ziemi p\u0142yn\u0105cego wprostZ Bo\u017cego sakramentu ma\u0142\u017ce\u0144stwaBo mojej&hellip; <\/p>\n","protected":false},"author":1,"featured_media":0,"parent":0,"menu_order":0,"comment_status":"closed","ping_status":"closed","template":"","meta":{"footnotes":""},"class_list":["post-9365","page","type-page","status-publish","hentry"],"_links":{"self":[{"href":"https:\/\/hubertpietka.bialystok.pl\/index.php?rest_route=\/wp\/v2\/pages\/9365","targetHints":{"allow":["GET"]}}],"collection":[{"href":"https:\/\/hubertpietka.bialystok.pl\/index.php?rest_route=\/wp\/v2\/pages"}],"about":[{"href":"https:\/\/hubertpietka.bialystok.pl\/index.php?rest_route=\/wp\/v2\/types\/page"}],"author":[{"embeddable":true,"href":"https:\/\/hubertpietka.bialystok.pl\/index.php?rest_route=\/wp\/v2\/users\/1"}],"replies":[{"embeddable":true,"href":"https:\/\/hubertpietka.bialystok.pl\/index.php?rest_route=%2Fwp%2Fv2%2Fcomments&post=9365"}],"version-history":[{"count":1,"href":"https:\/\/hubertpietka.bialystok.pl\/index.php?rest_route=\/wp\/v2\/pages\/9365\/revisions"}],"predecessor-version":[{"id":9367,"href":"https:\/\/hubertpietka.bialystok.pl\/index.php?rest_route=\/wp\/v2\/pages\/9365\/revisions\/9367"}],"wp:attachment":[{"href":"https:\/\/hubertpietka.bialystok.pl\/index.php?rest_route=%2Fwp%2Fv2%2Fmedia&parent=9365"}],"curies":[{"name":"wp","href":"https:\/\/api.w.org\/{rel}","templated":true}]}}