{"id":9427,"date":"2025-07-05T08:32:47","date_gmt":"2025-07-05T08:32:47","guid":{"rendered":"https:\/\/hubertpietka.bialystok.pl\/?page_id=9427"},"modified":"2025-07-05T08:32:47","modified_gmt":"2025-07-05T08:32:47","slug":"wiernosc-tych-malych-w-ich-domu-calym-na-przekor-klamstwom-bandyctwa-szatanskim","status":"publish","type":"page","link":"https:\/\/hubertpietka.bialystok.pl\/?page_id=9427","title":{"rendered":"Wierno\u015b\u0107 tych ma\u0142ych \/ w ich domu ca\u0142ym &#8211; na przek\u00f3r k\u0142amstwom \/ bandyctwa szata\u0144skim"},"content":{"rendered":"\n<p>B\u00f3g powiedzia\u0142<br>&#8222;Masz by\u0107 wierny<br>W ca\u0142ym domu twoim&#8221;<br>A teraz czy ja mog\u0119<br>Wykroczy\u0107 przeciwko przekazaniu Bo\u017cemu<br>Powiedzia\u0142 dalej<br>&#8222;Bo po co ci to wszystko uczyni\u0142em<br>Po co ci \u017con\u0119 da\u0142em<br>I to wszystko&#8221;<br>Wierno\u015b\u0107 i czysto\u015b\u0107<br>Nie ta rytualna faryzejska pozorna<br>Lecz serca obrzezanie<\/p>\n\n\n\n<p>I nie jest to<br>Dla mnie problem \u017caden<br>Bo kocham \u017con\u0119 swoj\u0105<br>I wiem i zaufa\u0142em komu<br>I nawet je\u015bli daliby\u015bcie mi<br>W waszym mniemanie<br>Najpi\u0119kniejsz\u0105 gwiazd\u0119 tego \u015bwiata<br>Z wszelkim bogactwem przy okazji<br>To ja na to nie p\u00f3jd\u0119 i koniec<br>Bo ja nie mam post\u0119powa\u0107<br>Wed\u0142ug tego \u015bwiata<br>Lecz zawsze wed\u0142ug Boga<br>I wiernej mi\u0142o\u015bci w czysto\u015bci<\/p>\n\n\n\n<p><strong><em><a href=\"https:\/\/youtu.be\/6qfxrt3s_i0\">Micha\u0142 Bajor &#8211; Nie chc\u0119 wi\u0119cej <\/a><\/em><\/strong><\/p>\n\n\n\n<p>Poza tym m\u00f3wi\u0105 bandyci<br>I m\u00f3wi szatana z\u0142\u00f3\u017c ho\u0142d<br>Moim zbrodniczym zap\u0119dom niesprawiedliwym<br>Przeciwko wszelkim niewinnym<br>Ob\u0142udnie k\u0142amliwie tak m\u00f3wi m\u00f3wi\u0105<br>Z\u0142\u00f3\u017c j\u0105 na o\u0142tarzu zbrodni<br>A dam ci \u015bwiat ca\u0142y<br>A ja m\u00f3wi\u0119 pod\u0142ug Boga<br>\u017be nigdy si\u0119 nie zgodz\u0119 na to<br>I \u017ce ca\u0142y \u015bwiat zap\u0142aci<br>Za szata\u0144stwa zbrodnicze pod\u0142ug szatana<br>I jednocze\u015bnie tych perfidnych bandyt\u00f3w<br>Kuszenie szatana mo\u017ce mie\u0107 przecie\u017c<br>R\u00f3\u017cne wymiary lecz post\u0119powa\u0107 trzeba<br>Wed\u0142ug Bo\u017cej prawdy i mi\u0142o\u015bci<br>Nie szata\u0144sko-bandyckich k\u0142amstw zbrodni<br>I wszelkiego szanta\u017cu terroru przemocowego<br>O \u017ar\u00f3dle te\u017c takim<\/p>\n\n\n\n<p><em>Dzi\u015b \u015bw. *<strong>Cyr-ylii<\/strong>*<br>Ech te bandyckie *<strong>cyrki ich*<\/strong><br>Kt\u00f3re zreszt\u0105 &#8222;ja mam gdzie\u015b&#8221;<br>Z ustawkami parkingowymi<br>Jak by mia\u0142o znaczenie<br>Gdzie si\u0119 parkuje tym bardziej<br>\u017be to oni miejsca parkingowe<br>Podstawiaj\u0105 byleby tylko by\u0142o<br>Po szata\u0144sku i po bandycku<br>Podobnie z tymi ich wy\u015bcigami<br>W mie\u015bcie w kt\u00f3rych ja<br>Nie uczestnicz\u0119 se mog\u0105 ul\u017cy\u0107<br>W pod\u0142o\u015bci swej bandyckiej<br>Nabija\u0107 swe punkty ob\u0142udnie perfidnie<br>Bo poza miastem to raczej<br>&#8222;Dostaj\u0105 odpowiednio po dupie&#8221; tzw<br>Dlatego w\u0142a\u015bnie tak te\u017c walcz\u0105<br>Przeciwko mojej pracy po szata\u0144sku<br>Ob\u0142udnicy a to si\u0119 zreszt\u0105<br>Te\u017c wpisuje z pr\u00f3b\u0105<br>Zamkni\u0119cia mnie przy okazji<br>W r\u00f3\u017cnych szata\u0144skich &#8222;6&#8221;<br>Czy na telefonie czy gdziekolwiek<br>Byleby tylko spe\u0142nia\u0107 po bandycku<br>Swe wszelkie zbrodnie z premedytacj\u0105<br>Takie to totalne jest szata\u0144stwo<\/em><\/p>\n\n\n\n<figure class=\"wp-block-gallery has-nested-images columns-default is-cropped wp-block-gallery-1 is-layout-flex wp-block-gallery-is-layout-flex\">\n<figure class=\"wp-block-image size-large\"><a href=\"https:\/\/hubertpietka.bialystok.pl\/wp-content\/uploads\/2025\/07\/1000011722.jpg\"><img loading=\"lazy\" decoding=\"async\" width=\"771\" height=\"1024\" data-id=\"9428\" src=\"https:\/\/hubertpietka.bialystok.pl\/wp-content\/uploads\/2025\/07\/1000011722-771x1024.jpg\" alt=\"\" class=\"wp-image-9428\" srcset=\"https:\/\/hubertpietka.bialystok.pl\/wp-content\/uploads\/2025\/07\/1000011722-771x1024.jpg 771w, https:\/\/hubertpietka.bialystok.pl\/wp-content\/uploads\/2025\/07\/1000011722-226x300.jpg 226w, https:\/\/hubertpietka.bialystok.pl\/wp-content\/uploads\/2025\/07\/1000011722-768x1021.jpg 768w, https:\/\/hubertpietka.bialystok.pl\/wp-content\/uploads\/2025\/07\/1000011722-1156x1536.jpg 1156w, https:\/\/hubertpietka.bialystok.pl\/wp-content\/uploads\/2025\/07\/1000011722.jpg 1204w\" sizes=\"auto, (max-width: 771px) 100vw, 771px\" \/><\/a><\/figure>\n<\/figure>\n\n\n\n<p><strong>Na zdj. Ta kt\u00f3ra by\u0142a skromn\u0105 zakonnic\u0105<br>Wiern\u0105 swemu powo\u0142aniu<br>T\u0105 B\u00f3g nagrodzi mimo<br>R\u00f3\u017cnych trud\u00f3w \u017cyciowych<br>I tendencjom zbrodniczym<br>Tego ca\u0142ego wszelkiego bandyctwa szata\u0144skiego<br>I im podobnych<br>Na przek\u00f3r te\u017c \u015bwiatu temu<br>Kt\u00f3ry nie chce s\u0142ucha\u0107 Boga<br>I post\u0119powa\u0107 pod\u0142ug pokory czystej<br>Lecz bardziej kolaboruje<br>Z wszelkim k\u0142amstwem ob\u0142udnym bandyckim<br>Kt\u00f3rego celem jedynym jest d\u0105\u017cenie<br>Do zbrodni na wszelkie sposoby<br>Jezu ufam Tobie<\/strong><\/p>\n\n\n\n<p><strong>Ps. A \u017ce mi gro\u017c\u0105 \u015bmierci\u0105 zniewoleniem<br>To przecie\u017c nic nowego<br>D\u0105\u017c\u0105 do tego od dawna<br>Pod\u0142ug szatana<br>A wy zastan\u00f3wcie si\u0119 dobrze<br>Co m\u00f3wi B\u00f3g<br>A co ob\u0142udnie m\u00f3wi\u0105 oni<br>I im podobni<br>I czy warto stawia\u0107<br>Na szali \u017cycie \u015bwiata<br>Pod\u0142ug bandyci i szata\u0144skich jednocze\u015bnie<br>Zbrodni i k\u0142amstw przemocy wszelkiej<br>Tylko zastan\u00f3wcie si\u0119 dobrze<br>Bo ja wiem gdzie b\u0119d\u0119<br>A wy jeste\u015bcie tego pewni<\/strong><\/p>\n","protected":false},"excerpt":{"rendered":"<p>B\u00f3g powiedzia\u0142&#8222;Masz by\u0107 wiernyW ca\u0142ym domu twoim&#8221;A teraz czy ja mog\u0119Wykroczy\u0107 przeciwko przekazaniu Bo\u017cemuPowiedzia\u0142 dalej&#8222;Bo po co ci to wszystko uczyni\u0142emPo co ci \u017con\u0119 da\u0142emI&hellip; <\/p>\n","protected":false},"author":1,"featured_media":0,"parent":0,"menu_order":0,"comment_status":"closed","ping_status":"closed","template":"","meta":{"footnotes":""},"class_list":["post-9427","page","type-page","status-publish","hentry"],"_links":{"self":[{"href":"https:\/\/hubertpietka.bialystok.pl\/index.php?rest_route=\/wp\/v2\/pages\/9427","targetHints":{"allow":["GET"]}}],"collection":[{"href":"https:\/\/hubertpietka.bialystok.pl\/index.php?rest_route=\/wp\/v2\/pages"}],"about":[{"href":"https:\/\/hubertpietka.bialystok.pl\/index.php?rest_route=\/wp\/v2\/types\/page"}],"author":[{"embeddable":true,"href":"https:\/\/hubertpietka.bialystok.pl\/index.php?rest_route=\/wp\/v2\/users\/1"}],"replies":[{"embeddable":true,"href":"https:\/\/hubertpietka.bialystok.pl\/index.php?rest_route=%2Fwp%2Fv2%2Fcomments&post=9427"}],"version-history":[{"count":1,"href":"https:\/\/hubertpietka.bialystok.pl\/index.php?rest_route=\/wp\/v2\/pages\/9427\/revisions"}],"predecessor-version":[{"id":9429,"href":"https:\/\/hubertpietka.bialystok.pl\/index.php?rest_route=\/wp\/v2\/pages\/9427\/revisions\/9429"}],"wp:attachment":[{"href":"https:\/\/hubertpietka.bialystok.pl\/index.php?rest_route=%2Fwp%2Fv2%2Fmedia&parent=9427"}],"curies":[{"name":"wp","href":"https:\/\/api.w.org\/{rel}","templated":true}]}}