{"id":9464,"date":"2025-07-14T22:20:14","date_gmt":"2025-07-14T22:20:14","guid":{"rendered":"https:\/\/hubertpietka.bialystok.pl\/?page_id=9464"},"modified":"2025-07-14T22:20:14","modified_gmt":"2025-07-14T22:20:14","slug":"nedzna-szalupa-ratunkowa-wobec-wielkich-spraw-bozych","status":"publish","type":"page","link":"https:\/\/hubertpietka.bialystok.pl\/?page_id=9464","title":{"rendered":"N\u0119dzna szalupa ratunkowa \/ wobec wielkich spraw Bo\u017cych"},"content":{"rendered":"\n<p>Mili moi<br>Nale\u017c\u0105 wam si\u0119 te\u017c<br>S\u0142owa te dobre<br>Po tych trudnych ale koniecznych<\/p>\n\n\n\n<p>Uwierzcie \u017ce ja naprawd\u0119<br>Nie mam przyjemno\u015bci<br>W tropieniu i prewencji<br>Przeciwko r\u00f3\u017cnym jaduszowym kainowym czynom<br>Ale jest to konieczne<br>Ze wzgl\u0119du na \u015bwiata \u017cycie<br>Ja nie mam te\u017c rado\u015bci<br>W walce z r\u00f3\u017cnymi zbrodniami<br>Tych bandyt\u00f3w i wszelkimi ob\u0142udnymi k\u0142amstwami<br>Wola\u0142bym si\u0119 skupi\u0107<br>Na tak zwanym zwyk\u0142ym \u017cyciu<br>Ale to jest konieczne<br>Bo niestety jest jak jest<br>A walka o \u017cycia warto\u015bci<br>Jest istot\u0105 tre\u015bci\u0105 dzieci Bo\u017cych<\/p>\n\n\n\n<p>Uwierzcie \u017ce \u0142atwiej by\u0142oby mi<br>Nawet podda\u0107 si\u0119 przemocy bandyckiej<br>I spocz\u0105\u0107 w domu Ojca<br>Po tylu codziennych niesprawiedliwych trudach<br>Bo zawzi\u0119\u0142o si\u0119 to bandyctwo<br>Z\u0142owrogo i nienawistnie<br>By nas naszych nasze zniszczy\u0107<br>I bynajmniej nie tylko<\/p>\n\n\n\n<p>Tak\u017ce pewnie \u017ce wola\u0142bym si\u0119<br>Skupi\u0107 na rado\u015bci \u017cycia<br>Ale nie da si\u0119 niestety<br>Z\u0142a wyabstrahow\u0107 z tego \u017cycia<br>Bez walki o Bo\u017ce prawa<br>Niemniej jednak chcia\u0142bym podzi\u0119kowa\u0107 wszystkim<br>Kt\u00f3rzy nas wspieraj\u0105<br>W tym czyni\u0119 nie\u0142atwym<br>Przywracania godno\u015bci Bo\u017cej temu \u015bwiatu<br>Zw\u0142aszcza tym kt\u00f3rzy wspieraj\u0105<br>Nasze ma\u0142\u017ce\u0144stwo w jakikolwiek spos\u00f3b<br>I uwierzcie te\u017c \u017ce wola\u0142bym<br>Zapomnie\u0107 o wszelkich kainach judaszach<br>Tym bandyctwie m\u00f3g\u0142bym to zrobi\u0107<br>W jednej chwili<br>Ale \u017cycie jest takim \u017cyciem<br>I wygl\u0105da jak wygl\u0105da<br>Stety czy niestety<br>I walka niestety jest tu<br>Istot\u0105 i fundamentem<br>Nie tylko naszego by\u0107 zreszt\u0105<\/p>\n\n\n\n<p>Co\u015b jeszcze kochani<br>Ja mo\u017ce i jestem najn\u0119dzniejszym<br>Z dzieci Bo\u017cych<br>Tak si\u0119 czuj\u0119 czasem<br>I m\u00f3wi\u0119 do Boga<br>W jak\u0105 Ty nas wkreci\u0142e\u015b tu kaba\u0142\u0119<br>Z tym bandyctwem ca\u0142ym<br>I mo\u017ce i tak jest i w\u0142a\u015bnie<br>\u017be ja jestem py\u0142em najn\u0119dzniejszym<br>Ale jednak w naszych r\u0119kach<br>B\u00f3g z\u0142o\u017cy\u0142 \u017cycie \u015bwiata<br>W naszym \u017cyciu i tych<br>Kt\u00f3rzy zechc\u0105 zawalczy\u0107<br>O dobro i mi\u0142o\u015b\u0107<br>W prawdzie Bo\u017cej z nami<br>Dlatego te\u017c mo\u017ce i w\u0142a\u015bnie<br>Na nas najbardziej ma<br>Si\u0119 objawia\u0107 Bo\u017ce mi\u0142osierdzie<br>Wobec wszelkiej zreszt\u0105 ludzkiej n\u0119dzy<\/p>\n\n\n\n<p>Cho\u0107 my jeste\u015bmy tylko akcentem<br>R\u00f3\u017cnych spraw Bo\u017cych<br>Jeste\u015bmy raczej te\u017c calem<br>Imi\u0119 Jezus akcentuj\u0105cym<br>Bo On \u015bwiat zbawi\u0142<br>A my tylko marnymi narz\u0119dziami<br>Wygl\u0105da to tak mniej wi\u0119cej<br><em>JEZUS&#8221;<\/em> z <em>calem<\/em> podw\u00f3jnym akcentem<br>Danym ludziom na czasy ostateczne<br>Bo B\u00f3g chce nas<br>Widzie\u0107 razem nasze ma\u0142\u017ce\u0144stwo ca\u0142e<br>Dwa akcenty w ca\u0142o\u015bci<br>Dlatego tak musz\u0119 si\u0119 przeciwstawia\u0107<br>Temu wszelkiemu szata\u0144skiemu zbrodniczemu z\u0142u<br>I mimo n\u0119dzy wszelkiej naszej<br>My tylko \u015bwiadczymy o Jezusie<br>I Bo\u017cej mi\u0142o\u015bci w prawdzie<\/p>\n\n\n\n<figure class=\"wp-block-gallery has-nested-images columns-default is-cropped wp-block-gallery-1 is-layout-flex wp-block-gallery-is-layout-flex\">\n<figure class=\"wp-block-image size-large\"><a href=\"https:\/\/hubertpietka.bialystok.pl\/wp-content\/uploads\/2025\/07\/1000013151.jpg\"><img loading=\"lazy\" decoding=\"async\" width=\"1024\" height=\"771\" data-id=\"9465\" src=\"https:\/\/hubertpietka.bialystok.pl\/wp-content\/uploads\/2025\/07\/1000013151-1024x771.jpg\" alt=\"\" class=\"wp-image-9465\" srcset=\"https:\/\/hubertpietka.bialystok.pl\/wp-content\/uploads\/2025\/07\/1000013151-1024x771.jpg 1024w, https:\/\/hubertpietka.bialystok.pl\/wp-content\/uploads\/2025\/07\/1000013151-300x226.jpg 300w, https:\/\/hubertpietka.bialystok.pl\/wp-content\/uploads\/2025\/07\/1000013151-768x578.jpg 768w, https:\/\/hubertpietka.bialystok.pl\/wp-content\/uploads\/2025\/07\/1000013151-1536x1156.jpg 1536w, https:\/\/hubertpietka.bialystok.pl\/wp-content\/uploads\/2025\/07\/1000013151.jpg 1600w\" sizes=\"auto, (max-width: 1024px) 100vw, 1024px\" \/><\/a><\/figure>\n<\/figure>\n\n\n\n<p><em>Na zdj. Wola\u0142bym by\u0107 bia\u0142ym jachtem<br>P\u0142ywaj\u0105cym po spokojnym oceanie<br>W grupie podobnych bia\u0142ych okr\u0119t\u00f3w<br>A tym czasem musz\u0119 by\u0107<br>Okr\u0119tem wojennym czasem samotnie walcz\u0105cym<br>Na wzburzonym morzu<br>Przeczuwaj\u0105c tylko flot\u0119 marynarek r\u00f3\u017cnych<br>Z nami wsp\u00f3\u0142dzia\u0142aj\u0105cych<br>I dzi\u0119kuj\u0119 \u017ce takie s\u0105<br>Sami nie zrobiliby\u015bmy nic zapewne<br>Tym bardziej<br>Wola\u0142bym dryfowa\u0107 sobie spokojnie<br>W s\u0142o\u0144cu i dobrej pogodzie<br>Albo na pe\u0142nym \u017caglu<br>S\u0142ucha\u0107 muzyki kosztowa\u0107 dobrych pokarm\u00f3w<br>A tymczasem nieustannie walczy\u0107 musz\u0119<br>Na morzu r\u00f3\u017cnych bandyckich zbrodni<br>Wzburzanym te\u017c ci\u0105gle przez nich<br>I im podobnych<br>Ale przeczuwam te bia\u0142e \u017cagle<br>Kt\u00f3re p\u0142yn\u0105 w jednym kierunku<br>Gdzie\u015b z nami i dzi\u0119kuj\u0119<br>\u017be jeste\u015bcie w solidarnym d\u0105\u017ceniu<br>Do zwyci\u0119stwa spraw Bo\u017cych<br>Przeciwko szatanowi w tym \u015bwiecie<\/em><\/p>\n\n\n\n<p><em>Sp\u00f3jrzcie na nas z \u017cyczliwo\u015bci\u0105<br>Bo naprawd\u0119 to nie my<br>Wymy\u015blili\u015bmy ten stan walki \u015bmiertelnej<br>Ze z\u0142em w kompetencji te\u017c<br>Wsp\u00f3\u0142dzia\u0142ania we wszystkim z Bogiem<br>I pomimo te\u017c r\u00f3\u017cnych<br>Naszych s\u0142abo\u015bci i niedomaga\u0144<br>Czasem \u017cagiel si\u0119 porwie<br>A czasem zaleje pok\u0142ad<br>I to nie musi by\u0107<br>Te\u017c zawsze wina nasza<br>Bo\u017cych \u017ceglarzy tak czy inaczej<br>Ca\u0142a naprz\u00f3d ku Bo\u017cym sprawom<br>Jezu ufam Tobie ave Maria<br>Wypisane zawsze na naszych sztandarach<\/em><\/p>\n\n\n\n<p><em>A pewnie \u017ce \u0142atwiej<br>By\u0142oby nie walczy\u0107 ze z\u0142em<br>Po co si\u0119 po\u015bwi\u0119ca\u0107<br>Mo\u017cna si\u0119 pokaraszowa\u0107 przecie\u017c jako\u015b<br>Ale B\u00f3g nas do tej walki<br>Wyznaczy\u0142 dlatego nie spoczniemy<br>Dop\u00f3ki nie padniemy<br>A B\u00f3g i tak zwyci\u0119\u017cy<br>Ale albo przez po\u017car \u015bwiata<br>Albo Bo\u017cej \u0142aski strumieniem<br>Mi\u0142osierdzia i sprawiedliwo\u015bci Jego<br>Kt\u00f3rej my tylko jeste\u015bmy<br>N\u0119dznymi narz\u0119dziami kt\u00f3re mniej bardziej<br>Udanie wymownie staraj\u0105 si\u0119 spe\u0142nia\u0107<br>Bo\u017ce przeznaczenia wszelkie<br>I nie ominie te\u017c<br>W Bogu wszystkich wsp\u00f3\u0142dzia\u0142aj\u0105cych<br>Z Bo\u017cymi sprawami nagroda<br>I tych nam znanych<br>I tych mo\u017ce nie<br>Kt\u00f3rzy dzia\u0142aj\u0105 jak wody gruntowe<br>By na \u015bwiat si\u0119 mog\u0142a<br>Przebija\u0107 wytryska\u0107 w r\u00f3\u017cnych miejscach<br>Ta Bo\u017ca \u0142aska<br>Dzi\u0119kuj\u0119 za wys\u0142uchanie<br>Tych moich rozwa\u017ca\u0144 te\u017c symbolicznych<br>I b\u0105d\u017acie z nami<br>Nawet je\u015bli nie domagamy<br>Bo my naprawd\u0119 nie walczymy<br>Tylko w naszym imieniu<br>Lecz o pe\u0142ni\u0119 Bo\u017cej \u0142aski<br>W tym \u015bwiecie<\/em><\/p>\n\n\n\n<p><strong><em><a href=\"https:\/\/youtu.be\/1CQDKiLKs1Q\">Enej &#8211; 10 w skali Beauforta<\/a><\/em><\/strong><\/p>\n\n\n\n<p class=\"has-text-align-center\"><strong><em><a href=\"https:\/\/youtu.be\/JMVv75dFKL0\">Emigranci &#8211; Na falochronie <\/a><\/em><\/strong><\/p>\n\n\n\n<p><strong><em><a href=\"https:\/\/youtu.be\/WDzJRCgSzyc\">R\u00f3\u017ca wiatr\u00f3w &#8211; Czas kapitana<\/a><\/em><\/strong><\/p>\n\n\n\n<p class=\"has-text-align-right\"><strong><em><a href=\"https:\/\/youtu.be\/H0CLozZo1NI\">Barka &#8211; Ma\u0142a Armia Janosika <\/a><\/em><\/strong><\/p>\n\n\n\n<p><strong><em><a href=\"https:\/\/youtu.be\/FL4f5zz_-Fg\">Klenczon Projekt &#8211; Wr\u00f3\u0107my na jeziora <\/a><\/em><\/strong><\/p>\n","protected":false},"excerpt":{"rendered":"<p>Mili moiNale\u017c\u0105 wam si\u0119 te\u017cS\u0142owa te dobrePo tych trudnych ale koniecznych Uwierzcie \u017ce ja naprawd\u0119Nie mam przyjemno\u015bciW tropieniu i prewencjiPrzeciwko r\u00f3\u017cnym jaduszowym kainowym czynomAle jest&hellip; <\/p>\n","protected":false},"author":1,"featured_media":0,"parent":0,"menu_order":0,"comment_status":"closed","ping_status":"closed","template":"","meta":{"footnotes":""},"class_list":["post-9464","page","type-page","status-publish","hentry"],"_links":{"self":[{"href":"https:\/\/hubertpietka.bialystok.pl\/index.php?rest_route=\/wp\/v2\/pages\/9464","targetHints":{"allow":["GET"]}}],"collection":[{"href":"https:\/\/hubertpietka.bialystok.pl\/index.php?rest_route=\/wp\/v2\/pages"}],"about":[{"href":"https:\/\/hubertpietka.bialystok.pl\/index.php?rest_route=\/wp\/v2\/types\/page"}],"author":[{"embeddable":true,"href":"https:\/\/hubertpietka.bialystok.pl\/index.php?rest_route=\/wp\/v2\/users\/1"}],"replies":[{"embeddable":true,"href":"https:\/\/hubertpietka.bialystok.pl\/index.php?rest_route=%2Fwp%2Fv2%2Fcomments&post=9464"}],"version-history":[{"count":1,"href":"https:\/\/hubertpietka.bialystok.pl\/index.php?rest_route=\/wp\/v2\/pages\/9464\/revisions"}],"predecessor-version":[{"id":9466,"href":"https:\/\/hubertpietka.bialystok.pl\/index.php?rest_route=\/wp\/v2\/pages\/9464\/revisions\/9466"}],"wp:attachment":[{"href":"https:\/\/hubertpietka.bialystok.pl\/index.php?rest_route=%2Fwp%2Fv2%2Fmedia&parent=9464"}],"curies":[{"name":"wp","href":"https:\/\/api.w.org\/{rel}","templated":true}]}}