{"id":9480,"date":"2025-07-20T10:43:04","date_gmt":"2025-07-20T10:43:04","guid":{"rendered":"https:\/\/hubertpietka.bialystok.pl\/?page_id=9480"},"modified":"2025-07-20T10:43:04","modified_gmt":"2025-07-20T10:43:04","slug":"sad-swiata-pomiedzy-bogiem-a-szatanem-pomiedzy-zyciem-miloscia-a-klamstwami-dazen-zbrodniczych-przemocy-tych-bestii-bandyckich-wszelkich-wobec-bozych-dzieci","status":"publish","type":"page","link":"https:\/\/hubertpietka.bialystok.pl\/?page_id=9480","title":{"rendered":"S\u0105d \u015bwiata \/ pomi\u0119dzy Bogiem a szatanem &#8211; pomi\u0119dzy \u017cyciem mi\u0142o\u015bci\u0105 \/ a k\u0142amstwami d\u0105\u017ce\u0144 zbrodniczych przemocy &#8211; tych bestii bandyckich wszelkich \/ wobec Bo\u017cych dzieci"},"content":{"rendered":"\n<p>A teraz rozs\u0105d\u017acie sami<br>Pomi\u0119dzy mn\u0105 nami<br>A tymi bestialskimi bandytami<br>I wszelkimi im s\u0142u\u017c\u0105cymi \u0142ajdakami<\/p>\n\n\n\n<p>Rozs\u0105d\u017acie pomi\u0119dzy szatanem a Bogiem<br>Kt\u00f3rym s\u0142u\u017c\u0105 ci bandyci<br>A kt\u00f3remu analogicznie my s\u0142u\u017cymy<br>Pomi\u0119dzy po\u017c\u0105daniami znieprawionego \u015bwiata<br>A pragnieniami czystymi jasnymi<br>Pomi\u0119dzy po\u017c\u0105daniami zbrodniczymi i k\u0142amstwami<br>A prostym \u017cyciem w prawdzie<\/p>\n\n\n\n<p>Rozs\u0105d\u017acie tylko pod\u0142ug sumienia prawdy<br>Nie iluzji i fa\u0142szu manipulacji<br>Rozs\u0105d\u017acie pomi\u0119dzy d\u0105\u017ceniami<br>Do \u017cycia zwyk\u0142ego w Bogu<br>Pragnieniami pokoju serca<br>A po\u017c\u0105daniami \u015bmierci wojen zniewolenia<br>Wszelkiego zniszczenia rozs\u0105d\u017acie<br>Pomi\u0119dzy d\u0105\u017ceniami do \u017cycia i \u015bmierci<br>Rozs\u0105d\u017acie pomi\u0119dzy ho\u0142dem Bogu<br>Cywilizacji \u017cycia a ho\u0142dem szatanowi<br>Tej ca\u0142ej zideologizowanej cywilizacji \u015bmierci<\/p>\n\n\n\n<p>Rozs\u0105d\u017acie wreszcie pomi\u0119dzy tym<br>Skromnym ma\u0142\u017ce\u0144stwem t\u0105 rodzin\u0105<br>A d\u0105\u017ceniami przemocowymi wszelkimi<br>I tymi kt\u00f3rzy s\u0142u\u017c\u0105<br>Tej przemocy bandyckiej bestialsko<br>Jako wsp\u00f3\u0142uczestnicy w zbrodniach<br>\u015amierci zniewolenia i zniszczenia<br>Rozs\u0105d\u017acie mi\u0119dzy cich\u0105 modlitw\u0105<br>A po\u017c\u0105daniami szata\u0144skimi wszelkich zbrodni<br>Rozs\u0105d\u017acie wreszcie pomi\u0119dzy napastliwo\u015bciami bestialskimi<br>A sprawiedliw\u0105 obron\u0105<br>Przed przemoc\u0105 zindywidualizowan\u0105 i zorganizowan\u0105<br>Tego totalitarnego wielkiego pa\u0144stwa bandyckiego<br>Rozs\u0105d\u017acie mi\u0119dzy pokornymi<br>A zadufanymi w sobie pysznymi<br>Kt\u00f3rym pod\u0142ug manifestacji diabelskich<br>Wydaje si\u0119 \u017ce s\u0105 lepsi<br>Rozs\u0105d\u017acie mi\u0119dzy synami s\u0142ugami diab\u0142a<br>I dzie\u0107mi Bo\u017cymi<br>I pod\u0142ug tego wszystkiego<br>Co z tego wynika<\/p>\n\n\n\n<p>Rozs\u0105d\u017acie wreszcie pomi\u0119dzy tymi<br>Kt\u00f3rzy dysponuj\u0105 wszelkimi \u015brodkami zbrodni<br>A tymi kt\u00f3rych pozbawia si\u0119<br>Jakiejkolwiek obrony bo to niepopularne<br>Wed\u0142ug \u015bwiatowo\u015bci i wszelkich zbrodniczych<br>\u015arodk\u00f3w szanta\u017cu zastraszania przekupstwa przemocy<br>Rozs\u0105d\u017acie<br>A jak szatan rozs\u0105dzi\u0142<br>Pomy\u015blcie te\u017c o tym<br>A jak B\u00f3g rozs\u0105dzi<br>Czy si\u0119 sk\u0142oni ku po\u017c\u0105daniom<br>Szata\u0144skim tych pod\u0142ug zbrodni bestii<br>Czy mo\u017ce jednak postawi kontr\u0119<br>Bo my jeste\u015bmy tylko prostym<br>Wyrazem spraw Bo\u017cych<\/p>\n\n\n\n<p>&#8222;Otwarto ksi\u0119gi<br>I s\u0105d rozpocz\u0119to&#8221;<br>Pod\u0142ug Boga czy szatana<br>Pod\u0142ug przemocy i zbrodni bestialskich<br>Czy niewinno\u015bci czystej ma\u0142\u017ce\u0144stwa rodziny<br>Pod\u0142ug cywilizacji \u015bmierci<br>Zakorzenionej w k\u0142amstwie ideologicznym wszelkim<br>Pod\u0142ug d\u0105\u017cenia do wojen zniszczenia<br>Czy obrony \u017cycia i mi\u0142o\u015bci<br>I wszelkich Bo\u017cych uniwersalnych warto\u015bci<br>Rozs\u0105d\u017acie i pami\u0119tajcie<br>\u017be B\u00f3g te\u017c was b\u0119dzie jednak s\u0105dzi\u0142<\/p>\n\n\n\n<figure class=\"wp-block-image size-large\"><a href=\"https:\/\/hubertpietka.bialystok.pl\/wp-content\/uploads\/2025\/07\/1000014253.jpg\"><img loading=\"lazy\" decoding=\"async\" width=\"771\" height=\"1024\" src=\"https:\/\/hubertpietka.bialystok.pl\/wp-content\/uploads\/2025\/07\/1000014253-771x1024.jpg\" alt=\"\" class=\"wp-image-9481\" srcset=\"https:\/\/hubertpietka.bialystok.pl\/wp-content\/uploads\/2025\/07\/1000014253-771x1024.jpg 771w, https:\/\/hubertpietka.bialystok.pl\/wp-content\/uploads\/2025\/07\/1000014253-226x300.jpg 226w, https:\/\/hubertpietka.bialystok.pl\/wp-content\/uploads\/2025\/07\/1000014253-768x1021.jpg 768w, https:\/\/hubertpietka.bialystok.pl\/wp-content\/uploads\/2025\/07\/1000014253-1156x1536.jpg 1156w, https:\/\/hubertpietka.bialystok.pl\/wp-content\/uploads\/2025\/07\/1000014253.jpg 1204w\" sizes=\"auto, (max-width: 771px) 100vw, 771px\" \/><\/a><\/figure>\n\n\n\n<p><em>Na zdj. Jasne proste \u017cycie<br>A przemoc wszelka bestialska bandyt\u00f3w<br>Gdzie znale\u017a\u0107 odpowied\u017a<br>Cho\u0107by w \u015bw. J\u00f3zefie<br>Opiekunie Bo\u017cej rodziny<br>Wybieracie przemoc bandyck\u0105<br>Czy jasne \u017cycie proste<br>I pami\u0119tajcie \u017ce to was<br>Spotka te\u017c wolno\u015b\u0107 czy zniewolenie<br>\u017bycie czy \u015bmier\u0107<br>Bo szatan nie zatrzyma si\u0119<br>Tylko na nas<br>My jeste\u015bmy dla niego przeszkod\u0105<br>Do totalnego harmagedonu<br>Co wybierzecie jak os\u0105dzicie<br>To i sobie przeznaczycie<br>Nie m\u00f3wi\u0119 tego od siebie<br>Lecz pod\u0142ug odwiecznych postanowie\u0144 Bo\u017cych<br>Jezu ufam Tobie<\/em><\/p>\n\n\n\n<p class=\"has-text-align-right\"><strong><em><a href=\"https:\/\/youtu.be\/RXSl7b7kr4A\">Exodus 15 &#8211; Taki jeste\u015b Ty \/\/ Way Maker<\/a> <\/em><\/strong><\/p>\n","protected":false},"excerpt":{"rendered":"<p>A teraz rozs\u0105d\u017acie samiPomi\u0119dzy mn\u0105 namiA tymi bestialskimi bandytamiI wszelkimi im s\u0142u\u017c\u0105cymi \u0142ajdakami Rozs\u0105d\u017acie pomi\u0119dzy szatanem a BogiemKt\u00f3rym s\u0142u\u017c\u0105 ci bandyciA kt\u00f3remu analogicznie my s\u0142u\u017cymyPomi\u0119dzy&hellip; <\/p>\n","protected":false},"author":1,"featured_media":0,"parent":0,"menu_order":0,"comment_status":"closed","ping_status":"closed","template":"","meta":{"footnotes":""},"class_list":["post-9480","page","type-page","status-publish","hentry"],"_links":{"self":[{"href":"https:\/\/hubertpietka.bialystok.pl\/index.php?rest_route=\/wp\/v2\/pages\/9480","targetHints":{"allow":["GET"]}}],"collection":[{"href":"https:\/\/hubertpietka.bialystok.pl\/index.php?rest_route=\/wp\/v2\/pages"}],"about":[{"href":"https:\/\/hubertpietka.bialystok.pl\/index.php?rest_route=\/wp\/v2\/types\/page"}],"author":[{"embeddable":true,"href":"https:\/\/hubertpietka.bialystok.pl\/index.php?rest_route=\/wp\/v2\/users\/1"}],"replies":[{"embeddable":true,"href":"https:\/\/hubertpietka.bialystok.pl\/index.php?rest_route=%2Fwp%2Fv2%2Fcomments&post=9480"}],"version-history":[{"count":1,"href":"https:\/\/hubertpietka.bialystok.pl\/index.php?rest_route=\/wp\/v2\/pages\/9480\/revisions"}],"predecessor-version":[{"id":9482,"href":"https:\/\/hubertpietka.bialystok.pl\/index.php?rest_route=\/wp\/v2\/pages\/9480\/revisions\/9482"}],"wp:attachment":[{"href":"https:\/\/hubertpietka.bialystok.pl\/index.php?rest_route=%2Fwp%2Fv2%2Fmedia&parent=9480"}],"curies":[{"name":"wp","href":"https:\/\/api.w.org\/{rel}","templated":true}]}}