{"id":9484,"date":"2025-07-20T22:20:42","date_gmt":"2025-07-20T22:20:42","guid":{"rendered":"https:\/\/hubertpietka.bialystok.pl\/?page_id=9484"},"modified":"2025-07-20T22:20:42","modified_gmt":"2025-07-20T22:20:42","slug":"jak-mozna-bestie-oswoic-skoro-one-nienawistnie-daza-do-calkowitego-unicestwienia-ciebie-i-twoich-twojego","status":"publish","type":"page","link":"https:\/\/hubertpietka.bialystok.pl\/?page_id=9484","title":{"rendered":"Jak mo\u017cna bestie oswoi\u0107 \/ skoro one nienawistnie d\u0105\u017c\u0105 &#8211; do ca\u0142kowitego unicestwienia \/ ciebie i twoich twojego"},"content":{"rendered":"\n<p>Doceniam ka\u017cdy gest mojej \u017cony<br>Bo w ka\u017cdym nawet ma\u0142ym<br>Pozornie nic nie znacz\u0105cym<br>Widz\u0119 jej wierno\u015b\u0107 i po\u015bwi\u0119cenie<br>Doceniam ka\u017cde dobro tak\u017ce tych<br>Kt\u00f3rzy w jakikolwiek spos\u00f3b<br>Je wobec nas czyni\u0105<br>Nawet je\u015bli nie mog\u0119 odpowiedzie\u0107<br>Na razie na nie odpowiednio<br>To wierz\u0119 \u017ce kiedy\u015b<br>Tak si\u0119 stanie<br>Ale na pewno B\u00f3g<br>Za ka\u017cde dobro nam udzielone<br>Kiedy\u015b zap\u0142aci wed\u0142ug przypowie\u015bci Jezusowej<br>&#8222;Kto kubek wody poda<br>I kto potraktuje proroka&#8221;<br>Tak jak przysta\u0142o godno\u015bci Bo\u017cej<\/p>\n\n\n\n<p>A ci bandyci jak\u017ce\u017c<br>Nie bestialscy oni nie \u0142ajdaccy<br>Skoro za dobro wobec nas<br>Chc\u0105 szata\u0144sk\u0105 przewrotno\u015bci\u0105 ludzi kara\u0107<br>Jak\u017ce\u017c to nie bestie szata\u0144skie<br>Skoro tak w\u0142a\u015bnie<br>I pod\u0142ug szanta\u017cu chyba najgorszego<br>\u015amierci zniszczenia czy<br>W bliskich uderzania<br>Jak\u017ce\u017c to nie bestialskie szata\u0144stwo<br>Skoro tak w\u0142a\u015bnie<br>Dok\u0142adnie na odwr\u00f3t ni\u017c B\u00f3g<br>Przykaza\u0142 ludziom kt\u00f3rzy Mu s\u0142u\u017c\u0105<br>Zw\u0142aszcza w dobru wobec innych<\/p>\n\n\n\n<p>Poza tym jak\u017ce\u017c to nie<br>Bestie s\u0105 w\u0142a\u015bnie<br>Skoro wszystko chc\u0105 mi zabra\u0107<br>Najpierw \u017con\u0119 jedyn\u0105 najmocniejsz\u0105 podpor\u0119<br>Potem te zwierz\u0119ta te bestie<br>Bo im przeszkadzaj\u0105 w szata\u0144stwie<br>W na nas r\u00f3\u017cnych napa\u015bciach<br>Chc\u0105 nam zabra\u0107 samochody<br>Od dawno pracuj\u0105 nad tym<br>Przez glin do nas przylepianie<br>Ale nie tylko tak<br>Chc\u0105 nam zabra\u0107 mieszkanie \u0142ajdacy<br>W taki czy inny spos\u00f3b<br>Pod takim czy innym pozorem<br>Zniszczy\u0107 nam dzia\u0142k\u0119<br>Tak jak zniszczyli nam pobyt<br>Tam na wsi i tu te\u017c na tej<br>Chc\u0105 zniszczy\u0107 nam prac\u0119<br>Bo najlepiej \u017ceby\u015bmy nie mieli<br>Przys\u0142owiowego grosza na \u017cycie<br>Tak \u0142ajdaccy tak szata\u0144sko bestialscy<br>S\u0105 ci bandyci i wszelcy<br>Pod\u0142ug nich w k\u0142amstwach<br>I d\u0105\u017ceniach zbrodniczych<\/p>\n\n\n\n<p>Poza tym zabi\u0107 mi \u017con\u0119<br>Bliskich nasze zwierz\u0119ta to ma\u0142o<br>Im bestialstwu<br>Bo i mnie pr\u00f3buj\u0105<br>Na r\u00f3\u017cne sposoby<br>\u017be niby przypadkowo pod pozorem<br>Jakim\u015b cho\u0107by choroby<br>A jak to si\u0119 tym<br>Bestiom nie udaje to trzeba<br>Mnie oczywi\u015bcie zniewoli\u0107 wolno\u015bci pozbawi\u0107<br>\u017bongluj\u0105 tu r\u00f3\u017cnymi s\u0142u\u017cbami przemocy<br>\u017bongluj\u0105 te\u017c r\u00f3\u017cnymi prywatnymi \u0142ajdakami<br>Maj\u0105 oni wszelkie \u0142ajdackie bydlactwo<br>Na us\u0142ugi swoje przecie\u017c<br>Te bestie teraz znowu<br>Wymy\u015blili sobie ochroniarzy wiadomo uzbrojeni<br>Jak\u017ce\u017c to nie bestie \u0142ajdackie<br>Skoro \u017congluj\u0105 wobec nas wszelkimi<br>S\u0142u\u017cbami w mo\u017cliwo\u015bciach przemocy<br>Przymusu tak zwanego po\u015bredniego i bezpo\u015bredniego<br>I to wszystko na niewinnych<br>Ci \u0142ajdacy na tych<br>Kt\u00f3rzy podpadli nienawi\u015bci<br>Szata\u0144skiej i bestialskiej tych bandyt\u00f3w<br>W swym ob\u0142udnym pod\u0142ym wyrazie<br>Jedynie s\u0142usznym pod\u0142ug przemocy komunistycznej<br>Gdzie trzeba zniszczy\u0107 jednostki<br>Nie wsp\u00f3\u0142pracuj\u0105ce z komunizmem zbrodniczym<br>Jakkolwiek wyra\u017conym ideologicznie<br>Kto\u015b kiedy\u015b powiedzia\u0142<br>&#8222;\u017be B\u00f3g wybacza ale komuni\u015bci<br>W swej z\u0142owrogiej zajad\u0142o\u015bci nigdy&#8221;<\/p>\n\n\n\n<p>I tylko opinia publiczna<br>Ich p\u00f3ki co powstrzymuje<br>By mnie bezpo\u015brednio nie zniszczy\u0107<br>Nie tylko tajnie skrycie zawaluowanie<br>I tak to przedstawiaj\u0105 \u0142ajdacy<br>Tak najlepiej \u017ceby tak<br>To \u015bwiat widzia\u0142<br>\u017be niby wszystko nasza wina<\/p>\n\n\n\n<p>Jak\u017ce\u017c to nie bestie<br>Skoro przekr\u0119caj\u0105 wszelkie poj\u0119cia<br>Byleby tylko po\u017c\u0105dliwie spe\u0142nia\u0107<br>Sw\u0105 szata\u0144sk\u0105 zbrodniczo\u015b\u0107<br>Pod\u0142ug wszelkich ob\u0142udnych klamstw<br>Przestawiaj\u0105c poj\u0119cia rzeczywisto\u015bci \u017ce ich<br>I im podobnych napastliwo\u015b\u0107 prowokacje<br>To niby wina nasza<br>Ob\u0142\u0119dnie ob\u0142udni w swym bestialstwie<br>S\u0105 oni wszelacy<br>Bo najpierw szukaj\u0105 powod\u00f3w prowokacji<br>A potem pr\u00f3buj\u0105 je realizowa\u0107<br>To ma usprawiedliwia\u0107<br>Ich ob\u0142udne k\u0142amliwe tezy<br>Niby przemocy wobec nas usprawiedliwionej<br>Przez r\u00f3\u017cne zbrodnicze mendy menty<br>Perfidnie realizowanej<\/p>\n\n\n\n<figure class=\"wp-block-gallery has-nested-images columns-default is-cropped wp-block-gallery-1 is-layout-flex wp-block-gallery-is-layout-flex\">\n<figure class=\"wp-block-image size-large\"><a href=\"https:\/\/hubertpietka.bialystok.pl\/wp-content\/uploads\/2025\/07\/1000014341.jpg\"><img loading=\"lazy\" decoding=\"async\" width=\"1024\" height=\"771\" data-id=\"9485\" src=\"https:\/\/hubertpietka.bialystok.pl\/wp-content\/uploads\/2025\/07\/1000014341-1024x771.jpg\" alt=\"\" class=\"wp-image-9485\" srcset=\"https:\/\/hubertpietka.bialystok.pl\/wp-content\/uploads\/2025\/07\/1000014341-1024x771.jpg 1024w, https:\/\/hubertpietka.bialystok.pl\/wp-content\/uploads\/2025\/07\/1000014341-300x226.jpg 300w, https:\/\/hubertpietka.bialystok.pl\/wp-content\/uploads\/2025\/07\/1000014341-768x578.jpg 768w, https:\/\/hubertpietka.bialystok.pl\/wp-content\/uploads\/2025\/07\/1000014341-1536x1156.jpg 1536w, https:\/\/hubertpietka.bialystok.pl\/wp-content\/uploads\/2025\/07\/1000014341.jpg 1600w\" sizes=\"auto, (max-width: 1024px) 100vw, 1024px\" \/><\/a><\/figure>\n<\/figure>\n\n\n\n<p><em>Na zdj. B\u00f3g zap\u0142a\u0107 ka\u017cdemu<br>Za ka\u017cde dobro<br>Wbrew szata\u0144skiej pod\u0142o\u015bci tych bestii<br>Bandyckich i im podobnych<br>I ich ob\u0142\u0119dnej przewrotno\u015bci<\/em><\/p>\n\n\n\n<p><em>B\u00f3g zap\u0142a\u0107 najpierw \u017conie<br>Za jej ka\u017cde codzienne dobra<br>A potem wszystkim kt\u00f3rzy<br>Przyczyniaj\u0105 si\u0119 by to<br>Z\u0142o szata\u0144skie tych bestii bandyckich<br>Nas nie przezwyci\u0119\u017cy\u0142o<br>I spraw Bo\u017cych wszelkich<br>Bo my z tym w parze idziemy<br>I B\u00f3g te\u017c wam odda<br>Wierz\u0119 \u017ce jeszcze<br>W tym \u017cyciu na pewno<br>Te\u017c eschatologicznym i nie my\u015bl\u0119<br>Tu o przewrotno\u015bci \u0142ajdackiej bestii<br>Kt\u00f3re z\u0142em szata\u0144skim chc\u0105<br>Za dobro p\u0142aci\u0107 uczynione prorokom<br>Nawet je\u015bli s\u0105 oni mali<br>W oczach \u015bwiata p\u00f3ki co<br>B\u00f3g zap\u0142a\u0107 wam wszystkim<br>Za ka\u017cde s\u0142owo wsparcia gest<br>I ka\u017cde materialne i duchowe<br>Dobro zreszt\u0105 jakiekolwiek<br>I \u017ce jeste\u015bcie w tej naszej<br>Walce \u015bmiertelnej z bestiami tymi<br>Tak szata\u0144skimi wszelkimi<\/em><\/p>\n\n\n\n<p><em>I to mo\u017ce jeszcze<br>Tropiciele tekst\u00f3w ci bandyccy<br>Niby \u017ce ja przeciwko ludziom<br>Tak mnie oskar\u017caj\u0105<br>\u017be ja si\u0119 ich czepiam<br>A jako\u015b nie widz\u0105 tego<br>W ten spos\u00f3b<br>\u017be ja si\u0119 czepiam<br>Tylko i wy\u0142\u0105cznie takich<br>Kt\u00f3rzy s\u0142u\u017c\u0105 ich szata\u0144skim bestialstwom<br>W jakikolwiek zreszt\u0105 spos\u00f3b<br>Cho\u0107 oni \u0142ajdacy to przedstawiaj\u0105<br>Jako niezale\u017cne dzia\u0142ania i nibyprzypadkowe<br>Przecie\u017c ci \u0142ajdacy zbrodniczy<br>Lubi\u0105 takie pozory<br>\u017be niby nic nie oni<br>Ale \u017ceby by\u0142o tylko<br>Pod\u0142ug ich szata\u0144stw bandyckich<br>W jakiejkolwiek materii<br>Twardej ci\u0119\u017ckiej czy tzw. lekkiej<br>A poza tym<br>Ja si\u0119 czepiam ludzi<br>No zobacz a oni<br>Te bestie bandyckie<br>Chc\u0105 przecie\u017c tylko zabija\u0107 niszczy\u0107<br>Rzeczywi\u015bcie straszna to sprawa<br>Wobec tych ich bestialskich \u0142ajdactw<br>I jako\u015b tego wywa\u017cy\u0107 nie umiej\u0105 bydlacy<br>Bo przecie\u017c wszystko ma s\u0142u\u017cy\u0107<br>Szata\u0144stwom bandyctwa bestialskim<br>Jezu ufam Tobie<br>Wbrew tej ob\u0142udzie bestialskiej pod\u0142ej<\/em><\/p>\n\n\n\n<p class=\"has-text-align-center\">( <strong><em><a href=\"https:\/\/youtu.be\/bEsdHVWTIuY\">Maanam &#8211; Tu jest m\u00f3j dom<\/a><\/em><\/strong> )<\/p>\n\n\n\n<p class=\"has-text-align-center\"><strong><em><a href=\"https:\/\/youtu.be\/4b7i59-w47w\">Andrzej Cierniewski &#8211; Tu jest tw\u00f3j dom<\/a><\/em><\/strong><\/p>\n","protected":false},"excerpt":{"rendered":"<p>Doceniam ka\u017cdy gest mojej \u017conyBo w ka\u017cdym nawet ma\u0142ymPozornie nic nie znacz\u0105cymWidz\u0119 jej wierno\u015b\u0107 i po\u015bwi\u0119cenieDoceniam ka\u017cde dobro tak\u017ce tychKt\u00f3rzy w jakikolwiek spos\u00f3bJe wobec nas&hellip; <\/p>\n","protected":false},"author":1,"featured_media":0,"parent":0,"menu_order":0,"comment_status":"closed","ping_status":"closed","template":"","meta":{"footnotes":""},"class_list":["post-9484","page","type-page","status-publish","hentry"],"_links":{"self":[{"href":"https:\/\/hubertpietka.bialystok.pl\/index.php?rest_route=\/wp\/v2\/pages\/9484","targetHints":{"allow":["GET"]}}],"collection":[{"href":"https:\/\/hubertpietka.bialystok.pl\/index.php?rest_route=\/wp\/v2\/pages"}],"about":[{"href":"https:\/\/hubertpietka.bialystok.pl\/index.php?rest_route=\/wp\/v2\/types\/page"}],"author":[{"embeddable":true,"href":"https:\/\/hubertpietka.bialystok.pl\/index.php?rest_route=\/wp\/v2\/users\/1"}],"replies":[{"embeddable":true,"href":"https:\/\/hubertpietka.bialystok.pl\/index.php?rest_route=%2Fwp%2Fv2%2Fcomments&post=9484"}],"version-history":[{"count":1,"href":"https:\/\/hubertpietka.bialystok.pl\/index.php?rest_route=\/wp\/v2\/pages\/9484\/revisions"}],"predecessor-version":[{"id":9486,"href":"https:\/\/hubertpietka.bialystok.pl\/index.php?rest_route=\/wp\/v2\/pages\/9484\/revisions\/9486"}],"wp:attachment":[{"href":"https:\/\/hubertpietka.bialystok.pl\/index.php?rest_route=%2Fwp%2Fv2%2Fmedia&parent=9484"}],"curies":[{"name":"wp","href":"https:\/\/api.w.org\/{rel}","templated":true}]}}