{"id":9507,"date":"2025-07-26T06:34:07","date_gmt":"2025-07-26T06:34:07","guid":{"rendered":"https:\/\/hubertpietka.bialystok.pl\/?page_id=9507"},"modified":"2025-07-26T06:34:07","modified_gmt":"2025-07-26T06:34:07","slug":"an-na-a-na-tym-malzenstwie-oparto-boze-sprawy-boza-perspektywe-i-widzenie-boze","status":"publish","type":"page","link":"https:\/\/hubertpietka.bialystok.pl\/?page_id=9507","title":{"rendered":"*An-na* &#8211; *a na* tym ma\u0142\u017ce\u0144stwie \/ oparto Bo\u017ce sprawy &#8211; Bo\u017c\u0105 perspektyw\u0119 i widzenie Bo\u017ce"},"content":{"rendered":"\n<p>Dzi\u015b wspominani s\u0105<br>\u015aw. *<strong>Anna<\/strong>* i *<strong>Jo-a-him<\/strong>*<br>To \u017ce ja najpierw jestem<br>*<strong>Jo ja Him<\/strong>* czyli Boga<br>A potem jej \u017cony mojej<br>Anny z Bo\u017cego upodobania<br>Nie znaczy wcale<br>\u017be nie mog\u0119 by\u0107<br>Jako\u015b wszystkich kt\u00f3rzy nie s\u0105<br>Nam przeciwko i chc\u0105 wsp\u00f3\u0142pracowa\u0107<br>Z dzie\u0142em Bo\u017cym w prawdzie<\/p>\n\n\n\n<p>Nie jestem przeciwko nikomu<br>Chyba \u017ce tym kt\u00f3rzy zadeklarowali<br>Zaci\u0119li si\u0119 w szata\u0144skim z\u0142u<br>Kt\u00f3rzy k\u0142amstwami wsp\u00f3\u0142pracuj\u0105 ze zbrodniami<br>A to \u017ce B\u00f3g<br>Mi wyznaczy\u0142 najpierw t\u0105 plac\u00f3wk\u0119<br>Niejako wewn\u0119trzn\u0105 najbli\u017csz\u0105 rodzinn\u0105<br>Pod\u0142ug sakramentu ma\u0142\u017ce\u0144stwa<br>Nie znaczy wcale<br>\u017be dla innych nie mam<br>Otwartego serca<br>Oby tylko niekt\u00f3rzy si\u0119 odwr\u00f3cili<br>Od z\u0142a w kt\u00f3rym<br>Si\u0119 zdarza b\u0142\u0105dzi\u0107 niekt\u00f3rym<\/p>\n\n\n\n<p>I nie ja siebie<br>Tak sam uczyni\u0142em<br>Sta\u0142o si\u0119 to wed\u0142ug<br>Rozporz\u0105dzenia Bo\u017cego kt\u00f3ry mo\u017ce<br>Okazywa\u0107 upodobanie wobec tych<br>Kt\u00f3rych chce Sw\u0105 \u0142ask\u0105<br>*<strong>Anna<\/strong>* \u0142aska znaczy<br>Tak przy okazji na marginesie<br>Okaza\u0142 mi ni\u0105 te\u017c \u0142ask\u0119<br>I byle by tylko<br>Wsp\u00f3\u0142pracowa\u0107 z tym dzie\u0142em Bo\u017cym<br>W prawdzie<br>By\u0142em niegodny kiedy\u015b tej \u0142aski<br>Ale B\u00f3g tak prowadzi\u0142<br>Bym wyzbywa\u0142 si\u0119 r\u00f3\u017cnych b\u0142\u0119d\u00f3w<br>Nieuporz\u0105dkowanej m\u0142odo\u015bci cho\u0107by<br>&#8222;Dzi\u0119ki Bo\u017cej \u0142asce<br>Jestem tym kim jestem&#8221;<\/p>\n\n\n\n<p>\u015aw. Anna jest przedstawiana cz\u0119sto<br>Jako tak zwana *<strong>Samotrze\u0107<\/strong>*<br>Wiele rzeczy w tym \u015bwiecie<br>Musi si\u0119 odpowiednio *<strong>samo-trze\u0107<\/strong>*<br>By nabra\u0142o wymiaru odpowiedniego<br>I odpowiednich proporcji czy perspektyw<br>A Bogu tak si\u0119 spodoba\u0142o<br>By ta moja \u017cona Anna<br>By\u0142a papierkiem lakmusowym tych zmian<br>Oby si\u0119 odpowiednio samo tar\u0142o<br>Ku prawdziwemu dobru pod\u0142ug Boga<br>Nie iluzji fa\u0142szowym mistyfikacjom szata\u0144skim<br>I wszelkim zbrodniom<\/p>\n\n\n\n<figure class=\"wp-block-gallery has-nested-images columns-default is-cropped wp-block-gallery-1 is-layout-flex wp-block-gallery-is-layout-flex\">\n<figure class=\"wp-block-image size-large\"><a href=\"https:\/\/hubertpietka.bialystok.pl\/wp-content\/uploads\/2025\/07\/1000015485.jpg\"><img loading=\"lazy\" decoding=\"async\" width=\"771\" height=\"1024\" data-id=\"9508\" src=\"https:\/\/hubertpietka.bialystok.pl\/wp-content\/uploads\/2025\/07\/1000015485-771x1024.jpg\" alt=\"\" class=\"wp-image-9508\" srcset=\"https:\/\/hubertpietka.bialystok.pl\/wp-content\/uploads\/2025\/07\/1000015485-771x1024.jpg 771w, https:\/\/hubertpietka.bialystok.pl\/wp-content\/uploads\/2025\/07\/1000015485-226x300.jpg 226w, https:\/\/hubertpietka.bialystok.pl\/wp-content\/uploads\/2025\/07\/1000015485-768x1021.jpg 768w, https:\/\/hubertpietka.bialystok.pl\/wp-content\/uploads\/2025\/07\/1000015485-1156x1536.jpg 1156w, https:\/\/hubertpietka.bialystok.pl\/wp-content\/uploads\/2025\/07\/1000015485.jpg 1204w\" sizes=\"auto, (max-width: 771px) 100vw, 771px\" \/><\/a><\/figure>\n<\/figure>\n\n\n\n<p><em>Na zdj. \u015aw. Anna i \u015bw. Izydor<br>\u015awi\u0119ci lubi\u0105 chodzi\u0107 razem niejako<br>By odpowiednio nakre\u015bla\u0107 r\u00f3\u017cne<br>Ziemskie sprawy w odpowiedniej perspektywie<br>W\u0142a\u015bciwego ich u\u0142o\u017cenia pod\u0142ug Boga<br>Do tego Panie prowad\u017a ludzi<br>By w\u0142a\u015bciwie starali si\u0119 zobaczy\u0107<br>Bo\u017ce i ludzkie sprawy<br>By w\u0142a\u015bciwie akcenty mogli rozk\u0142ada\u0107<br>Nie negowa\u0107 spraw Bo\u017cych<br>Lecz z nimi wsp\u00f3\u0142pracowa\u0107<br>Oby\u015bmy wszyscy byli otwarci<br>Na takie w\u0142a\u015bnie rozumienie<br>Najpierw kwestii Bo\u017cych<br>Kt\u00f3re ma porz\u0105dkowa\u0107 my\u015blenie<br>O sprawach ziemskich i dzia\u0142ania<br>Odpowiednie pod\u0142ug tego<br>Pod\u0142ug dobra i Bo\u017cej prawdy<br>Ave Maria bo przecie\u017c<br>\u015aw. Anna j\u0105 przynios\u0142a<br>By by\u0142a darem dla ludzi<br>Tym samym my mo\u017cemy<br>By\u0107 dla was my razem<br>Tylko otw\u00f3rzcie si\u0119 na to<br>Pod\u0142ug Boga a nie szatana<br>Pod\u0142ug dobra i prawdy<br>Nie k\u0142amstw i zbrodni<br>Pod\u0142ug Bo\u017cego pokoju<br>Nie zniszczenia wszelkiego i wojen<br>Tych kt\u00f3rzy walcz\u0105<br>Z niewinnymi nienawi\u015bci z\u0142owrogiej z\u0142a<br>Bo\u017cymi dzie\u0107mi pod\u0142ug Jego upodoba\u0144<\/em><\/p>\n","protected":false},"excerpt":{"rendered":"<p>Dzi\u015b wspominani s\u0105\u015aw. *Anna* i *Jo-a-him*To \u017ce ja najpierw jestem*Jo ja Him* czyli BogaA potem jej \u017cony mojejAnny z Bo\u017cego upodobaniaNie znaczy wcale\u017be nie mog\u0119&hellip; <\/p>\n","protected":false},"author":1,"featured_media":0,"parent":0,"menu_order":0,"comment_status":"closed","ping_status":"closed","template":"","meta":{"footnotes":""},"class_list":["post-9507","page","type-page","status-publish","hentry"],"_links":{"self":[{"href":"https:\/\/hubertpietka.bialystok.pl\/index.php?rest_route=\/wp\/v2\/pages\/9507","targetHints":{"allow":["GET"]}}],"collection":[{"href":"https:\/\/hubertpietka.bialystok.pl\/index.php?rest_route=\/wp\/v2\/pages"}],"about":[{"href":"https:\/\/hubertpietka.bialystok.pl\/index.php?rest_route=\/wp\/v2\/types\/page"}],"author":[{"embeddable":true,"href":"https:\/\/hubertpietka.bialystok.pl\/index.php?rest_route=\/wp\/v2\/users\/1"}],"replies":[{"embeddable":true,"href":"https:\/\/hubertpietka.bialystok.pl\/index.php?rest_route=%2Fwp%2Fv2%2Fcomments&post=9507"}],"version-history":[{"count":1,"href":"https:\/\/hubertpietka.bialystok.pl\/index.php?rest_route=\/wp\/v2\/pages\/9507\/revisions"}],"predecessor-version":[{"id":9509,"href":"https:\/\/hubertpietka.bialystok.pl\/index.php?rest_route=\/wp\/v2\/pages\/9507\/revisions\/9509"}],"wp:attachment":[{"href":"https:\/\/hubertpietka.bialystok.pl\/index.php?rest_route=%2Fwp%2Fv2%2Fmedia&parent=9507"}],"curies":[{"name":"wp","href":"https:\/\/api.w.org\/{rel}","templated":true}]}}

*An-na* &#8211; *a na* tym małżeństwie / oparto Boże sprawy &#8211; Bożą perspektywę i widzenie Boże

<p>Dziś wspominani są<br>Św. *<strong>Anna</strong>* i *<strong>Jo-a-him</strong>*<br>To że ja najpierw jestem<br>*<strong>Jo ja Him</strong>* czyli Boga<br>A potem jej żony mojej<br>Anny z Bożego upodobania<br>Nie znaczy wcale<br>Że nie mogę być<br>Jakoś wszystkich którzy nie są<br>Nam przeciwko i chcą współpracować<br>Z dziełem Bożym w prawdzie</p>



<p>Nie jestem przeciwko nikomu<br>Chyba że tym którzy zadeklarowali<br>Zacięli się w szatańskim złu<br>Którzy kłamstwami współpracują ze zbrodniami<br>A to że Bóg<br>Mi wyznaczył najpierw tą placówkę<br>Niejako wewnętrzną najbliższą rodzinną<br>Podług sakramentu małżeństwa<br>Nie znaczy wcale<br>Że dla innych nie mam<br>Otwartego serca<br>Oby tylko niektórzy się odwrócili<br>Od zła w którym<br>Się zdarza błądzić niektórym</p>



<p>I nie ja siebie<br>Tak sam uczyniłem<br>Stało się to według<br>Rozporządzenia Bożego który może<br>Okazywać upodobanie wobec tych<br>Których chce Swą łaską<br>*<strong>Anna</strong>* łaska znaczy<br>Tak przy okazji na marginesie<br>Okazał mi nią też łaskę<br>I byle by tylko<br>Współpracować z tym dziełem Bożym<br>W prawdzie<br>Byłem niegodny kiedyś tej łaski<br>Ale Bóg tak prowadził<br>Bym wyzbywał się różnych błędów<br>Nieuporządkowanej młodości choćby<br>&#8222;Dzięki Bożej łasce<br>Jestem tym kim jestem&#8221;</p>



<p>Św. Anna jest przedstawiana często<br>Jako tak zwana *<strong>Samotrzeć</strong>*<br>Wiele rzeczy w tym świecie<br>Musi się odpowiednio *<strong>samo-trzeć</strong>*<br>By nabrało wymiaru odpowiedniego<br>I odpowiednich proporcji czy perspektyw<br>A Bogu tak się spodobało<br>By ta moja żona Anna<br>Była papierkiem lakmusowym tych zmian<br>Oby się odpowiednio samo tarło<br>Ku prawdziwemu dobru podług Boga<br>Nie iluzji fałszowym mistyfikacjom szatańskim<br>I wszelkim zbrodniom</p>



<figure class="wp-block-gallery has-nested-images columns-default is-cropped wp-block-gallery-1 is-layout-flex wp-block-gallery-is-layout-flex">
<figure class="wp-block-image size-large"><a href="https://hubertpietka.bialystok.pl/wp-content/uploads/2025/07/1000015485.jpg"><img loading="lazy" decoding="async" width="771" height="1024" data-id="9508" src="https://hubertpietka.bialystok.pl/wp-content/uploads/2025/07/1000015485-771x1024.jpg" alt="" class="wp-image-9508" srcset="https://hubertpietka.bialystok.pl/wp-content/uploads/2025/07/1000015485-771x1024.jpg 771w, https://hubertpietka.bialystok.pl/wp-content/uploads/2025/07/1000015485-226x300.jpg 226w, https://hubertpietka.bialystok.pl/wp-content/uploads/2025/07/1000015485-768x1021.jpg 768w, https://hubertpietka.bialystok.pl/wp-content/uploads/2025/07/1000015485-1156x1536.jpg 1156w, https://hubertpietka.bialystok.pl/wp-content/uploads/2025/07/1000015485.jpg 1204w" sizes="auto, (max-width: 771px) 100vw, 771px" /></a></figure>
</figure>



<p><em>Na zdj. Św. Anna i św. Izydor<br>Święci lubią chodzić razem niejako<br>By odpowiednio nakreślać różne<br>Ziemskie sprawy w odpowiedniej perspektywie<br>Właściwego ich ułożenia podług Boga<br>Do tego Panie prowadź ludzi<br>By właściwie starali się zobaczyć<br>Boże i ludzkie sprawy<br>By właściwie akcenty mogli rozkładać<br>Nie negować spraw Bożych<br>Lecz z nimi współpracować<br>Obyśmy wszyscy byli otwarci<br>Na takie właśnie rozumienie<br>Najpierw kwestii Bożych<br>Które ma porządkować myślenie<br>O sprawach ziemskich i działania<br>Odpowiednie podług tego<br>Podług dobra i Bożej prawdy<br>Ave Maria bo przecież<br>Św. Anna ją przyniosła<br>By była darem dla ludzi<br>Tym samym my możemy<br>Być dla was my razem<br>Tylko otwórzcie się na to<br>Podług Boga a nie szatana<br>Podług dobra i prawdy<br>Nie kłamstw i zbrodni<br>Podług Bożego pokoju<br>Nie zniszczenia wszelkiego i wojen<br>Tych którzy walczą<br>Z niewinnymi nienawiści złowrogiej zła<br>Bożymi dziećmi podług Jego upodobań</em></p>

<p>Dziś wspominani sąŚw. *Anna* i *Jo-a-him*To że ja najpierw jestem*Jo ja Him* czyli BogaA potem jej żony mojejAnny z Bożego upodobaniaNie znaczy wcaleŻe nie mogę&hellip; </p>
