{"id":9546,"date":"2025-08-10T08:32:36","date_gmt":"2025-08-10T08:32:36","guid":{"rendered":"https:\/\/hubertpietka.bialystok.pl\/?page_id=9546"},"modified":"2025-08-10T08:32:36","modified_gmt":"2025-08-10T08:32:36","slug":"czesc-zonie-mojej-ze-tyle-ze-mna-wytrzymuje","status":"publish","type":"page","link":"https:\/\/hubertpietka.bialystok.pl\/?page_id=9546","title":{"rendered":"Cze\u015b\u0107 \u017conie mojej \/ \u017ce tyle &#8211; ze mn\u0105 wytrzymuje"},"content":{"rendered":"\n<p>Tak si\u0119 sk\u0142ada<br>\u017be w obliczu walki<br>Nat\u0119\u017cenia ob\u0142udy tego \u0142ajdactwa wszelkiego<br>Nie uczci\u0142em w\u0142a\u015bciwie mojej \u017cony<br>Naszej rocznicy \u015blubu<br>Tyle r\u00f3\u017cnych spraw prze\u017cytych<br>Tyle trud\u00f3w przeciwno\u015bci i cierpie\u0144<br>Tyle rado\u015bci pora\u017cek i sukces\u00f3w<br>Wszystko na spos\u00f3b nasz ludzki<br>Szatan nienawidzi naszego cz\u0142owiecze\u0144stwa zwyk\u0142ego<br>I jego s\u0142udzy i dlatego<br>Na wszelkie sposoby uderza<br>W nas naszych i nasze<br>K\u0142amliw\u0105 ob\u0142ud\u0105 i chce uderza\u0107<br>Nieustannie r\u00f3\u017cnymi bestialskimi zbrodniami \u0142ajdactwa<br>A jednak trwamy w Panu<br>I w mi\u0142o\u015bci wbrew z\u0142o\u015bci<br>R\u00f3\u017cnych przeciwnik\u00f3w Boga i ma\u0142\u017ce\u0144stwa<\/p>\n\n\n\n<p>Dzi\u0119kuj\u0119 ci \u017cono<br>Chcia\u0142bym tu uczci\u0107 twe imi\u0119<br>Chc\u0119 powiedzie\u0107 \u017ce jestem<br>Z ciebie dumny z tego<br>Z jak\u0105 godno\u015bci\u0105 i honorem<br>Stawiasz z\u0142u czo\u0142o pod\u0142ug dobra<br>Bez ciebie nie by\u0142bym tym<br>Kim jestem nie by\u0142oby mnie<br>I zreszt\u0105<br>Dlatego ci dzi\u0119kuj\u0119 za wszystko<br>I jeste\u015b mi wszystkim<br>Nie mamy dzieci B\u00f3g sprawi\u0142<br>Dlatego ty jeste\u015b ca\u0142ym tu<br>Moim \u015bwiatem i to co<br>Mamy co B\u00f3g nam da\u0142<br>A co oczywi\u015bcie jest przeszkod\u0105<br>Dla wszelkiego z\u0142a szata\u0144skiego<br>Dlatego te r\u00f3\u017cne bestie<br>Uderzaj\u0105 chc\u0105 uderza\u0107 nieustannie<br>Nie tylko w nas<br>Ale i w naszych nasze<br>Ufam jednak \u017ce w Panu<br>To wszystko przetrwamy<br>T\u0105 eskalacj\u0119 ca\u0142ej ob\u0142udnej przemocy<br>Tego bandyckiego \u0142ajdactwa<br>I wszelkich im podobnych<br>W ob\u0142udzie k\u0142amliwej i zbrodniach<br>A tymczasem dzi\u0119kuj\u0119 ci<br>Za wszystko przede wszystkim<br>\u017be jeste\u015b po prostu<br>To bardzo du\u017co to wi\u0119cej<br>Ni\u017c kiedy\u015b wyobrazi\u0107 bym m\u00f3g\u0142<br>Sobie i przez to B\u00f3g<br>Te\u017c sprawia paradoksalnie nasze spe\u0142nienie<br>Nawet je\u015bli poprzez t\u0105 walk\u0119<br>Z ob\u0142ud\u0105 pod\u0142\u0105 \u0142ajdackiego bestialstwa<\/p>\n\n\n\n<figure class=\"wp-block-gallery has-nested-images columns-default is-cropped wp-block-gallery-1 is-layout-flex wp-block-gallery-is-layout-flex\">\n<figure class=\"wp-block-image size-large\"><a href=\"https:\/\/hubertpietka.bialystok.pl\/wp-content\/uploads\/2025\/08\/1000018527.jpg\"><img loading=\"lazy\" decoding=\"async\" width=\"1024\" height=\"771\" data-id=\"9547\" src=\"https:\/\/hubertpietka.bialystok.pl\/wp-content\/uploads\/2025\/08\/1000018527-1024x771.jpg\" alt=\"\" class=\"wp-image-9547\" srcset=\"https:\/\/hubertpietka.bialystok.pl\/wp-content\/uploads\/2025\/08\/1000018527-1024x771.jpg 1024w, https:\/\/hubertpietka.bialystok.pl\/wp-content\/uploads\/2025\/08\/1000018527-300x226.jpg 300w, https:\/\/hubertpietka.bialystok.pl\/wp-content\/uploads\/2025\/08\/1000018527-768x578.jpg 768w, https:\/\/hubertpietka.bialystok.pl\/wp-content\/uploads\/2025\/08\/1000018527-1536x1156.jpg 1536w, https:\/\/hubertpietka.bialystok.pl\/wp-content\/uploads\/2025\/08\/1000018527.jpg 1600w\" sizes=\"auto, (max-width: 1024px) 100vw, 1024px\" \/><\/a><\/figure>\n<\/figure>\n\n\n\n<p><em>Na zdj. M\u0105\u017c i \u017cona<br>Wed\u0142ug postanowienia Bo\u017cego<br>S\u0105 pierwsz\u0105 i najwa\u017cniejsz\u0105 wsp\u00f3\u0142zale\u017cno\u015bci\u0105<br>W rodzinie jako kom\u00f3rce Bo\u017cej<br>Funkcjonowania spo\u0142ecznego i w Ko\u015bciele<br>Tak si\u0119 spodoba\u0142o Bogu<br>By najpierw opierali si\u0119 oni<br>Na sobie i w Nim<br>Pod\u0142ug dobra prawdziwego i troski<br>Wzajemnej o siebie i to<br>Co zosta\u0142o im powierzone<br>Jezu ufam Tobie prowad\u017a nas<br>W Tobie Bo\u017ce nie jeste\u015bmy<br>Rozdzieleni wbrew ob\u0142udzie pod\u0142ej bandyctwa<br>Lecz po\u0142\u0105czeni na wieki<br>Sakramentem mi\u0142o\u015bci Bo\u017cego ma\u0142\u017ce\u0144stwa<\/em><\/p>\n\n\n\n<p class=\"has-text-align-center\"><a href=\"https:\/\/youtu.be\/esoSNii1lus\"><strong><em>Zenek Kupatasa &#8211; Serce <\/em><\/strong>\/ #polandrock 2024<\/a><\/p>\n\n\n\n<p class=\"has-text-align-right\">\ud83d\ude04\u2665\ufe0f\ud83d\ude4c<\/p>\n","protected":false},"excerpt":{"rendered":"<p>Tak si\u0119 sk\u0142ada\u017be w obliczu walkiNat\u0119\u017cenia ob\u0142udy tego \u0142ajdactwa wszelkiegoNie uczci\u0142em w\u0142a\u015bciwie mojej \u017conyNaszej rocznicy \u015blubuTyle r\u00f3\u017cnych spraw prze\u017cytychTyle trud\u00f3w przeciwno\u015bci i cierpie\u0144Tyle rado\u015bci pora\u017cek&hellip; <\/p>\n","protected":false},"author":1,"featured_media":0,"parent":0,"menu_order":0,"comment_status":"closed","ping_status":"closed","template":"","meta":{"footnotes":""},"class_list":["post-9546","page","type-page","status-publish","hentry"],"_links":{"self":[{"href":"https:\/\/hubertpietka.bialystok.pl\/index.php?rest_route=\/wp\/v2\/pages\/9546","targetHints":{"allow":["GET"]}}],"collection":[{"href":"https:\/\/hubertpietka.bialystok.pl\/index.php?rest_route=\/wp\/v2\/pages"}],"about":[{"href":"https:\/\/hubertpietka.bialystok.pl\/index.php?rest_route=\/wp\/v2\/types\/page"}],"author":[{"embeddable":true,"href":"https:\/\/hubertpietka.bialystok.pl\/index.php?rest_route=\/wp\/v2\/users\/1"}],"replies":[{"embeddable":true,"href":"https:\/\/hubertpietka.bialystok.pl\/index.php?rest_route=%2Fwp%2Fv2%2Fcomments&post=9546"}],"version-history":[{"count":1,"href":"https:\/\/hubertpietka.bialystok.pl\/index.php?rest_route=\/wp\/v2\/pages\/9546\/revisions"}],"predecessor-version":[{"id":9548,"href":"https:\/\/hubertpietka.bialystok.pl\/index.php?rest_route=\/wp\/v2\/pages\/9546\/revisions\/9548"}],"wp:attachment":[{"href":"https:\/\/hubertpietka.bialystok.pl\/index.php?rest_route=%2Fwp%2Fv2%2Fmedia&parent=9546"}],"curies":[{"name":"wp","href":"https:\/\/api.w.org\/{rel}","templated":true}]}}