{"id":9550,"date":"2025-08-11T10:25:25","date_gmt":"2025-08-11T10:25:25","guid":{"rendered":"https:\/\/hubertpietka.bialystok.pl\/?page_id=9550"},"modified":"2025-08-11T10:25:25","modified_gmt":"2025-08-11T10:25:25","slug":"alarm-dla-nas-naszego-i-naszych-i-calego-tego-swiata","status":"publish","type":"page","link":"https:\/\/hubertpietka.bialystok.pl\/?page_id=9550","title":{"rendered":"Alarm &#8211; dla nas naszego i naszych \/ i ca\u0142ego tego \u015bwiata"},"content":{"rendered":"\n<p>Zabi\u0107 zniewoli\u0107 zniszczy\u0107<br>Z\u0142owieszczy refren tego bandyctwa<br>Zap\u0142on i zapowied\u017a apokalipsy Bo\u017cej<br>Bestialstwa bez odpowiedzi nie zostan\u0105<\/p>\n\n\n\n<p>Zabi\u0107 *<strong>\u017be ona<\/strong>* zniewoli\u0107<br>Bo wierna mu \u017ce ona<br>Wierno\u015bci nie sprzeda\u0142a<br>Zabi\u0107 w *<strong>Matni\u0119<\/strong>* zniewolenia zap\u0119dzi\u0107<br>Za pomoc bezinteresown\u0105<br>Zabi\u0107 ten to *<strong>Ta to<\/strong>*<br>Za pomoc tak\u017ce brak sprzeciwu<br>Zabi\u0107 *<strong>Link\u0119<\/strong>* \u017cycia<br>Za dobro udzielenia schronienia<br>Zabi\u0107 za *<strong>Ma r\u00f3wno<\/strong>*<br>Nier\u00f3wno niby pod sufitem<br>Zabi\u0107 *<strong>Za bee<\/strong>* \u017ce m\u00f3wi<br>\u017be jest \u017ale<br>Zabi\u0107 *<strong>Rado\u015b\u0107<\/strong>* wszelk\u0105 z pracy<br>Zabi\u0107 *<strong>Ule<\/strong>* z pszczo\u0142ami dobra<br>Jasnymi prze\u015bwitami przeciwko z\u0142owieszczej nienawi\u015bci<br>Zabi\u0107 za *<strong>O le<\/strong>* w j\u0119zykach przecie\u017c r\u00f3\u017cnych<br>Zabi\u0107 za dam\u0119 *<strong>A dam<\/strong>*<br>Mu odpowiedni\u0105 jazd\u0119<\/p>\n\n\n\n<p>Zabi\u0107 za *<strong>Sumienie<\/strong>*<br>Pomoc okazywan\u0105 w potrzebie<br>Zabi\u0107 *<strong>Mir-y<\/strong>* wszelkie wojnami bestii<br>Zabi\u0107 *<strong>Ma-j\u0105<\/strong>* tak\u017ce a jak\u017ce<br>Zabi\u0107 *<strong>Agap\u0119<\/strong>* za gap\u0119<br>A po co gada ku temu dobru<br>Zabi\u0107 *<strong>Mich\u0119<\/strong>* z jedzeniem dwie<br>Ka\u017cd\u0105 trucizn\u0105 zatruwa\u0107 zawsze po\u017cywienie<br>Zabi\u0107 *<strong>Ma rysk\u0119<\/strong>* bo<br>Nie wszystko ku z\u0142u<br>Dla nas przecie\u017c<br>Zabi\u0107 *<strong>Ma grosik<\/strong>* w pracy<br>I nauce pod\u0142ug nas<br>Zabi\u0107 *<strong>Pio synka<\/strong>* bo<br>Nie ku z\u0142u piosenki r\u00f3\u017cne<\/p>\n\n\n\n<p>Zabi\u0107 *<strong>W chuj<\/strong>* wszystkich<br><em>Sorry<\/em> za wyra\u017cenie<br>I *<strong>Co ci<\/strong>* co nie sprzedali<br>\u0141ajdactwu si\u0119<br>Zabi\u0107 *<strong>Barta<\/strong>* w dobru brata<br>Cho\u0107 inna relacja<br>Zabi\u0107 te\u017c *<strong>Brat Hanki<\/strong>*<br>Zabi\u0107 *<strong>I go<\/strong>* i wszystkich<\/p>\n\n\n\n<p>Zabi\u0107 wsp\u00f3\u0142pracownik\u00f3w by\u0142ych i aktualnych<br>Kt\u00f3rzy nie przeciwko nam<br>Zabi\u0107 dobrych s\u0105siad\u00f3w<br>By zrobi\u0107 miejsce tam \u0142ajdakom<br>Zabi\u0107 koleg\u00f3w pi\u0142karzy<br>Kt\u00f3rzy nie prowokuj\u0105 bandycko<br>Nie tylko na boisku<br>Zabi\u0107 ludzi ko\u015bcio\u0142a<br>Ksi\u0119\u017cy siostry i dzieci Bo\u017ce<br>Kt\u00f3re pod\u0142ug bestialskiego \u0142ajdactwa<br>Nie s\u0105 nam realnie przeciwko<\/p>\n\n\n\n<p>Zabi\u0107 przyjaci\u00f3\u0142 znajomych<br>Kt\u00f3rzy nie wsp\u00f3\u0142pracuj\u0105 z \u0142ajdactwami<br>Z bestialstwem wszelkim przeciwko nam<br>Zabi\u0107 wszystkich kt\u00f3rzy nie s\u0105<br>Nam w \u0142ajdactwach bestialskich przeciwko<\/p>\n\n\n\n<p>Zabi\u0107 zniewoli\u0107 zniszczy\u0107 z\u0142owieszczy refren<br>Ku apokalipsie<br>Wszystkich kt\u00f3rzy nam z\u0142a<br>Nie chc\u0105 czyni\u0107 lub<br>Si\u0119 na nie nie zgadzaj\u0105<br>Z wszelkich kr\u0119g\u00f3w \u017cycia spo\u0142ecznego<br>Zabi\u0107 eksterminowa\u0107 ten nar\u00f3d<br>Tak jak to si\u0119 chyba<br>Ju\u017c dzieje g\u0142\u00f3wnie na nim<br>Poprzez to ludob\u00f3jstwo wsp\u00f3\u0142czesne bestialskie<\/p>\n\n\n\n<p>I dalej zabi\u0107 te zwierz\u0119ta<br>Zniszczy\u0107 nam prace nasze miejsce<br>Zniszczy\u0107 ko\u015bcio\u0142y nie tylko pacynkowstwem<br>Zabra\u0107 nam samochody mo\u017cliwo\u015bci wszelkie<br>Niezale\u017cnego poruszania si\u0119<br>Kra\u015b\u0107 gazowa\u0107 uderza\u0107 na sposoby<br>Mo\u017cliwe wszelkie<\/p>\n\n\n\n<p>Z\u0142owieszczy bandycki bestialstwa refren<br>I to wszystko po to<br>By mnie zniewoli\u0107 i je\u015bli<br>Nie zabi\u0107 to ro\u015blink\u0105 uczyni\u0107<br>Bestie w \u0142ajdactwach wszelkich ewidentne<br>Jak wida\u0107 cho\u0107by przez<br>Ten z\u0142owieszczy apokalips\u0105 refren<br>Zabi\u0107 zniewoli\u0107 zniszczy\u0107<br>\u0141ajdactwa bez ko\u0144ca tego bandyctwa<br>I im podobnych<\/p>\n\n\n\n<figure class=\"wp-block-image size-large\"><a href=\"https:\/\/hubertpietka.bialystok.pl\/wp-content\/uploads\/2025\/08\/1000018613.jpg\"><img loading=\"lazy\" decoding=\"async\" width=\"771\" height=\"1024\" src=\"https:\/\/hubertpietka.bialystok.pl\/wp-content\/uploads\/2025\/08\/1000018613-771x1024.jpg\" alt=\"\" class=\"wp-image-9551\" srcset=\"https:\/\/hubertpietka.bialystok.pl\/wp-content\/uploads\/2025\/08\/1000018613-771x1024.jpg 771w, https:\/\/hubertpietka.bialystok.pl\/wp-content\/uploads\/2025\/08\/1000018613-226x300.jpg 226w, https:\/\/hubertpietka.bialystok.pl\/wp-content\/uploads\/2025\/08\/1000018613-768x1020.jpg 768w, https:\/\/hubertpietka.bialystok.pl\/wp-content\/uploads\/2025\/08\/1000018613-1157x1536.jpg 1157w, https:\/\/hubertpietka.bialystok.pl\/wp-content\/uploads\/2025\/08\/1000018613.jpg 1536w\" sizes=\"auto, (max-width: 771px) 100vw, 771px\" \/><\/a><\/figure>\n\n\n\n<p><em>Na zdj. Stary w potrzasku *<strong>Grzyb<\/strong>* albo nienowy *<strong>krzyk<\/strong>*<br>P\u0142ynie st\u0105d przecie\u017c nieustannie<br>Czy nie widzicie tego<br>\u017be oni chc\u0105 wyeksterminowa\u0107<br>Nar\u00f3d ten najpierw t\u0105 rodzin\u0119<br>\u017be oni \u017cyj\u0105 dla wojen<br>I zniszcze\u0144 poprzez zbrodnie wszelkie<br>W bestialstwie szata\u0144skim zakorzenione<br>I w jego ob\u0142udnych k\u0142amstwach<br>Nieustannie wo\u0142am na alarm tu<br>Nie tylko dla nas<br>Naszego i naszych<br>Dla tego \u015bwiata<br>Czy wy nie widzicie<br>\u017be przez te bestialstwa szata\u0144skie<br>Tego bandyctwa i wszelkich podleg\u0142ych<br>Im w k\u0142amstwach i zbrodniach<br>Przybli\u017ca si\u0119 apokalipsa nieuchronnie<\/em><\/p>\n\n\n\n<p class=\"has-text-align-right\"><strong><em><a href=\"https:\/\/youtu.be\/RqvUtSpL888\">Jacek Kaczmarski : Ob\u0142awa \/ 1-4<\/a><\/em><\/strong><\/p>\n","protected":false},"excerpt":{"rendered":"<p>Zabi\u0107 zniewoli\u0107 zniszczy\u0107Z\u0142owieszczy refren tego bandyctwaZap\u0142on i zapowied\u017a apokalipsy Bo\u017cejBestialstwa bez odpowiedzi nie zostan\u0105 Zabi\u0107 *\u017be ona* zniewoli\u0107Bo wierna mu \u017ce onaWierno\u015bci nie sprzeda\u0142aZabi\u0107 w&hellip; <\/p>\n","protected":false},"author":1,"featured_media":0,"parent":0,"menu_order":0,"comment_status":"closed","ping_status":"closed","template":"","meta":{"footnotes":""},"class_list":["post-9550","page","type-page","status-publish","hentry"],"_links":{"self":[{"href":"https:\/\/hubertpietka.bialystok.pl\/index.php?rest_route=\/wp\/v2\/pages\/9550","targetHints":{"allow":["GET"]}}],"collection":[{"href":"https:\/\/hubertpietka.bialystok.pl\/index.php?rest_route=\/wp\/v2\/pages"}],"about":[{"href":"https:\/\/hubertpietka.bialystok.pl\/index.php?rest_route=\/wp\/v2\/types\/page"}],"author":[{"embeddable":true,"href":"https:\/\/hubertpietka.bialystok.pl\/index.php?rest_route=\/wp\/v2\/users\/1"}],"replies":[{"embeddable":true,"href":"https:\/\/hubertpietka.bialystok.pl\/index.php?rest_route=%2Fwp%2Fv2%2Fcomments&post=9550"}],"version-history":[{"count":1,"href":"https:\/\/hubertpietka.bialystok.pl\/index.php?rest_route=\/wp\/v2\/pages\/9550\/revisions"}],"predecessor-version":[{"id":9552,"href":"https:\/\/hubertpietka.bialystok.pl\/index.php?rest_route=\/wp\/v2\/pages\/9550\/revisions\/9552"}],"wp:attachment":[{"href":"https:\/\/hubertpietka.bialystok.pl\/index.php?rest_route=%2Fwp%2Fv2%2Fmedia&parent=9550"}],"curies":[{"name":"wp","href":"https:\/\/api.w.org\/{rel}","templated":true}]}}