{"id":9570,"date":"2025-08-15T12:19:43","date_gmt":"2025-08-15T12:19:43","guid":{"rendered":"https:\/\/hubertpietka.bialystok.pl\/?page_id=9570"},"modified":"2025-08-15T12:19:43","modified_gmt":"2025-08-15T12:19:43","slug":"system-totalnosci-szatanskiego-zla-na-nas-naszych-nasze-i-wspolpraca-z-nim-wszelkiej-obludy-lajdackiej","status":"publish","type":"page","link":"https:\/\/hubertpietka.bialystok.pl\/?page_id=9570","title":{"rendered":"System totalno\u015bci szata\u0144skiego z\u0142a &#8211; na nas naszych nasze \/ i wsp\u00f3\u0142praca z nim wszelkiej ob\u0142udy \u0142ajdackiej"},"content":{"rendered":"\n<p>Zorganizowany system z\u0142a<br>Ob\u0142udnej bandyckiej systemowej przemocy<br>Wygl\u0105da mniej wi\u0119cej w ten<br>W\u0142a\u015bnie spos\u00f3b pisa\u0142em o tym<br>Wiele razy na r\u00f3\u017cne sposoby<br>Wsz\u0119dzie ma nas dopada\u0107 sfingowane<br>K\u0142amstwami ob\u0142udnymi z\u0142o bandyckiej przemocy<br>I najlepiej to robi\u0107 ob\u0142udnie<br>W\u0142a\u015bnie w ten spos\u00f3b<br>\u017be udaj\u0105 oni wszyscy<br>\u017be nie wiedz\u0105 co ja<br>M\u00f3wi\u0119 tu<\/p>\n\n\n\n<p>Sfingowane ob\u0142udne k\u0142amstwa bandyckie<br>Kt\u00f3re r\u00f3\u017cne lewaki realizuj\u0105<br>Oni by sprzedali nawet swoich<br>Rodzic\u00f3w dzieci rodze\u0144stwo w imi\u0119<br>Wsp\u00f3\u0142pracy z przemoc\u0105 bandyck\u0105<br>Kt\u00f3ra byle tylko nie dotkn\u0119\u0142a<br>Ich tych zadufanych w sobie<br>Totalnych egoist\u00f3w<\/p>\n\n\n\n<p>Tak na tej rod\u00f3wce<br>Se wymy\u015blili pretekst ob\u0142udny<br>\u017be szczekaj\u0105 psy<br>Jak by to by\u0142o dziwne<br>\u017be to s\u0105 zwierz\u0119ta obronne<br>Dla swojego terenu i swoich<br>Powinny przecie\u017c jak kr\u00f3liki<br>Strzyc uszami i ogonkiem macha\u0107<br>Tylko i wy\u0142\u0105cznie<br>A chodzi o to<br>\u017be one s\u0105 nam<br>Nie tylko tu obron\u0105<br>Wi\u0119c \u0142ajdacy lewacy maj\u0105<br>To zg\u0142asza\u0107 zeznawa\u0107 \u017ce im<br>Tak bardzo te psy szczekaj\u0105<br>Bo inni \u0142ajdacy bandyccy<br>Maj\u0105 utrudnion\u0105 na nas napa\u015b\u0107<br>Tak naprawd\u0119 to o to<br>Tu chodzi i by nas<br>Wysiuda\u0107 z tej rod\u00f3wki<br>Najlepiej nam j\u0105 zabra\u0107<br>Za darmo skonfiskowa\u0107<br>Pod tym czy jakim pozorem<br>Tak przeszkadza \u0142ajdakom<br>To schronienie nasze jak i<br>Zreszt\u0105 wszelkie nasze miejsca<br>A wiadomo \u017ce se znajd\u0105<br>Lewackich \u0142ajdak\u00f3w tutaj kt\u00f3rzy zapapuguj\u0105<br>Jak pasuje tym bestialskim bandytom<br>O to tak naprawd\u0119 chodzi<br>By nas pozbawi\u0107 ps\u00f3w obro\u0144c\u00f3w<br>I by nam zabra\u0107 bezprawnie<br>Tak naprawd\u0119 bo w imi\u0119<br>Bandyckiej ob\u0142udy i to miejsce<\/p>\n\n\n\n<p>Tak\u0105 sam\u0105 rol\u0119 zreszt\u0105<br>Pe\u0142ni tam to ob\u0142udne<br>Prostackie chach\u0142actwo ta\u0142atajskie<br>Na tej wsi podobnie zreszt\u0105<br>Jak na tamtej wielki cz\u0142owiek<br>I tak tam jak ci<br>R\u00f3\u017cni \u0142ajdacy lewaccy<br>Kt\u00f3rzy w imi\u0119 egoizmu w\u0142asnego<br>Sprzedali niewinnych nienawi\u015bci z\u0142owrogiej bandyckiej<br>Tamtego miejsca tamtej wsi<br>P\u00f3ki co nas skutecznie pozbawili<br>Co nie przeszkadza wielkiemu cz\u0142owiekowi<br>Jak pijawce by\u0107 ze wszystkim<br>Tam z jakimikolwiek op\u0142atami<br>Oczywi\u015bcie na naszym utrzymaniu<br>Bo tak pasuje \u0142ajdakom bandyckim<br>By nas na wszelkie sposoby<br>Pozbawia\u0107 \u015brodk\u00f3w do \u017cycia<br>Tak i to ta\u0142atajstwo prostackie<br>P\u00f3ki co uniemo\u017cliwi\u0142o nam skutecznie<br>Pobyt i na tej wsi<br>W my\u015bl ideologii lewackiej<br>\u017be dla przemocy bandyckiej bestialskiej<br>Trzeba nas wyda\u0107<br>To innych w spokoju zostawi\u0105<br>Ob\u0142udnicy nie wierz\u0105 przecie\u017c<br>S\u0142owom Bo\u017cym lecz k\u0142amstwom bandyckim<br>My\u015bl\u0105 te\u017c \u017ce mo\u017cna sobie<br>Z Boga szydzi\u0107<br>\u017be jak mnie dopadn\u0105<br>I ze mnie ro\u015blink\u0119 zrobi\u0105<br>To da si\u0119 Boga za nos k\u0142amstwami<br>\u0141ajdackim r\u00f3\u017cnymi wodzi\u0107<br>Tych bandyt\u00f3w i lewak\u00f3w wszelakich<\/p>\n\n\n\n<p>Podobnie ta podwija<br>Kt\u00f3ra nieustannie po naszym chodzi<br>Se wymy\u015blili pretekst<br>\u017be my niby co\u015b<br>Nie bardzo w porz\u0105dku<br>Do takich \u0142ajdak\u00f3w lewackich<br>To no zobacz trzeba nas<br>Napada\u0107 bo tak pasuje w\u0142a\u015bnie<br>Tym \u0142ajdakom bandyckim i lewakom<br>Wszystko i tam i tu<br>I wsz\u0119dzie ma mie\u0107<br>Ten sam \u0142ajdacki efekt<br>By nas pozbawi\u0107 miejsc naszych<br>Naszych zwierz\u0105t naszych d\u00f3br<br>Tak\u017ce samochod\u00f3w ale celem pierwszym<br>Jest mnie uziemienie na co<br>Zgadzaj\u0105 si\u0119 r\u00f3\u017cni lewacy<br>Kt\u00f3rym \u0142atwiej jest wierzy\u0107<br>W k\u0142amstwa szata\u0144skie bandyt\u00f3w<br>Ni\u017c prawdzie Bo\u017cej<br>Bo s\u0105 zepsuci lewacko ideologicznie<br>I moralnie na wszelkie sposoby<br>I wiadomo \u017ce trzeba<br>W my\u015bl lewackiej ideologii<br>Wyda\u0107 kogo\u015b bo przecie\u017c<br>Nie ich ma dotyka\u0107<br>Ta bestialska przemoc bandycka<br>Egoi\u015bci niesko\u0144czeni w sobie zadufani<\/p>\n\n\n\n<p>A efektem tych dzia\u0142a\u0144 ob\u0142udnych<br>Ma by\u0107 oczywi\u015bcie wsparcie przemocy<br>Tej bandyckiej przez r\u00f3\u017cne s\u0142u\u017cby<br>Tak\u017ce w k\u0142amstwach bandyckich ob\u0142udne<br>Oni tak\u017ce maj\u0105 s\u0142u\u017cy\u0107<br>Tej przemocy bandyckiej k\u0142amliwie <br>By ona nas dotkn\u0119\u0142a<br>Pod\u0142ug po\u017c\u0105da\u0144 szata\u0144skich tych bandyt\u00f3w<br>Tak\u017ce tak to sobie u\u0142o\u017cyli<br>Ci bandycy bestialscy<br>I wszelcy ob\u0142udni lewacy<br>\u017be wsz\u0119dzie ma nas dotyka\u0107<br>Przemoc bandycka byleby tylko<br>Mnie nas zniewoli\u0107<br>Lub chocia\u017c pozbawi\u0107 nas<br>Tych naszych zwierz\u0105t obro\u0144c\u00f3w<br>Miejsc naszych schronie\u0144 czy samochod\u00f3w<br>Tacy \u0142ajdacy ob\u0142udni w przemocy<br>Oni wszyscy zadufani w swoim<br>Egoizmie niby w swojej lepszo\u015bci<br>Od tych niewinnych kt\u00f3rych dotyka<br>Przemoc bestialska bandyt\u00f3w<br>I oczywi\u015bcie te\u017c wsz\u0119dzie<br>I na r\u00f3\u017cne sposoby<br>Trzeba si\u0119 stara\u0107 zabija\u0107 \u017con\u0119<\/p>\n\n\n\n<p>Ja o tym wszystkim m\u00f3wi\u0119<br>Niemal nieustannie ci\u0105gle to odnawiaj\u0105c<br>Ale oczywi\u015bcie ci ob\u0142udni bestialscy<br>Bandyci i wszelcy lewacy podli<br>Do tych rzeczy zmierzaj\u0105 w\u0142a\u015bnie<br>Perfidnie ob\u0142udnie wbrew temu w\u0142a\u015bnie<br>Udaj\u0105 \u017ce czego\u015b nie wiedz\u0105<br>Byleby tylko realizowa\u0107 ob\u0142udnie<br>T\u0105 ca\u0142\u0105 bandyck\u0105 bestialsk\u0105 przemoc<br>Z premedytacj\u0105 d\u0105\u017c\u0105 do zbrodni<br>Pomijaj\u0105c s\u0142owa wszelkiej prawdy Bo\u017cej<br>Lekcewa\u017c\u0105 wszystko byleby tylko nas<br>Spotka\u0107 mog\u0142a wszelka ob\u0142udna pod\u0142a<br>Przemoc bandycka realizowana przez r\u00f3\u017cnych<br>Lewak\u00f3w ob\u0142udnych zawodowych prywatnych s\u0142u\u017cbowych<br>We wszelkich naszych miejscach odpowiednio<br>I wsz\u0119dzie te\u017c indziej<br>Przez cho\u0107by r\u00f3\u017cne lewackie s\u0142u\u017cby<br>I nawet w ko\u015bcio\u0142ach<br>Przez ob\u0142udne probandyckie k\u0142amliwe pacyny<br>Przecie\u017c byleby tylko nas zabija\u0107<br>Zniewala\u0107 odpowiednio szkodzi\u0107 nam<br>Na wszelkie sposoby byleby tylko<br>Mogla si\u0119 realizowa\u0107 wobec nas<br>Wszelka przemoc k\u0142amliwa bandycka<br>Przez r\u00f3\u017cne lewackie ob\u0142udne czynniki<\/p>\n\n\n\n<figure class=\"wp-block-gallery has-nested-images columns-default is-cropped wp-block-gallery-1 is-layout-flex wp-block-gallery-is-layout-flex\">\n<figure class=\"wp-block-image size-large\"><a href=\"https:\/\/hubertpietka.bialystok.pl\/wp-content\/uploads\/2025\/08\/1000019096.jpg\"><img loading=\"lazy\" decoding=\"async\" width=\"771\" height=\"1024\" data-id=\"9571\" src=\"https:\/\/hubertpietka.bialystok.pl\/wp-content\/uploads\/2025\/08\/1000019096-771x1024.jpg\" alt=\"\" class=\"wp-image-9571\" srcset=\"https:\/\/hubertpietka.bialystok.pl\/wp-content\/uploads\/2025\/08\/1000019096-771x1024.jpg 771w, https:\/\/hubertpietka.bialystok.pl\/wp-content\/uploads\/2025\/08\/1000019096-226x300.jpg 226w, https:\/\/hubertpietka.bialystok.pl\/wp-content\/uploads\/2025\/08\/1000019096-768x1020.jpg 768w, https:\/\/hubertpietka.bialystok.pl\/wp-content\/uploads\/2025\/08\/1000019096-1157x1536.jpg 1157w, https:\/\/hubertpietka.bialystok.pl\/wp-content\/uploads\/2025\/08\/1000019096.jpg 1204w\" sizes=\"auto, (max-width: 771px) 100vw, 771px\" \/><\/a><\/figure>\n<\/figure>\n\n\n\n<p><em>Na zdj. Nios\u0119 Maryj\u0119<br>Jak ni\u00f3s\u0142 \u015bw. Maksymilian<br>Kto j\u0105 uznaje ten widzi<br>To wszystko co czyni\u0105<br>Ci bestialscy bandyci<br>I wszelcy lewacy ob\u0142udni<br>Nios\u0119 Maryj\u0119 tak czy inaczej<br>Bo przez jej pryzmat<br>Prawdy Bo\u017ce mo\u017cna widzie\u0107 dobrze<br>Wtedy si\u0119 przezwyci\u0119\u017ca wszelkie ob\u0142udne<br>K\u0142amstwa szata\u0144skie tych bandyt\u00f3w<br>I wszelkich lewak\u00f3w egoistycznych<br>Kt\u00f3rzy widz\u0105 tylko siebie<br>I podobnych im w ka\u017cdej<br>Ob\u0142udzie lewackiej kimkolwiek by zreszt\u0105<br>Nie byli oni<br>Wed\u0142ug jakiejkolwiek spo\u0142ecznej funkcji<br>Jezu ufam Tobie Maryjo prowad\u017a<br>Dodam tylko \u017ce ta ob\u0142uda<br>Wszelka pro za przemoc\u0105 bandyck\u0105<br>Ju\u017c do Boga g\u0142o\u015bno krzyczy<br>Nie wierz\u0105 lewaki s\u0142ugom Bo\u017cym <br>Bo oni widz\u0105 tylko<br>Swoj\u0105 egoistyczn\u0105 perspektyw\u0119 my\u015bl\u0105c<br>\u017be mo\u017cna wydawa\u0107 niewinnych<br>Przemocy bandyckiej kt\u00f3ra tego po\u017c\u0105da<br>Cho\u0107by w stosunku do nas<br>Czy tych niewinnych m\u0119czennik\u00f3w bestialstwa<\/em><br><em>Oni my\u015bl\u0105 \u017ce byleby tylko<br>To nie dotkn\u0119\u0142a ich<br>Tak szlachetnych lewackich ty\u0142k\u00f3w<br>Sp\u0142on\u0105\u0107 mo\u017ce \u015bwiat ca\u0142y<br>Byleby tylko to nie dotkn\u0119\u0142o<br>Tych lewak\u00f3w mo\u017cna po\u015bwi\u0119ci\u0107 przecie\u017c<br>Wszystko i wszystkich dla tego<br>Komfortu lewak\u00f3w wszelkich<br>Co tam Pan B\u00f3g<br>Liczy si\u0119 tylko lewacki komfort<br>\u015amieje si\u0119 z tego<br>Pan B\u00f3g z faryzejskiego egoizmu<br>Tych lewak\u00f3w takiego samego zreszt\u0105<br>Jak tamtych faryzeusz\u00f3w r\u00f3\u017cnych<br>Z t\u0105 r\u00f3\u017cnic\u0105 \u017ce teraz<br>\u015awiat sp\u0142onie jak si\u0119 spe\u0142ni\u0105<br>Po\u017c\u0105dania szata\u0144skie bandyt\u00f3w wobec nas<br>Naszego i naszych<br>Ale tego oczywi\u015bcie nie widz\u0105<br>Lewacy r\u00f3\u017cni egoistyczni ob\u0142udni<br>Wsp\u00f3\u0142cze\u015bni wymierni do tamtych faryzeyszu<br>Na jakichkolwiek zreszt\u0105 stanowiskach spo\u0142ecznych<br>Spotyka si\u0119 ob\u0142uda bandycka<br>I tych lewak\u00f3w wszelakich<br>Bo my\u015bl\u0105 tylko o sobie<br>Kieruj\u0105c si\u0119 wszelkimi antywarto\u015bciami<br>W grzechach pogr\u0105\u017ceni wszelakich<br>Nie widz\u0105 perspektyw Bo\u017cych<br>Dlatego wierz\u0105 bardziej k\u0142amstwom szata\u0144skim<br>I przemocy bandyckiej ni\u017c Bogu <\/em><\/p>\n","protected":false},"excerpt":{"rendered":"<p>Zorganizowany system z\u0142aOb\u0142udnej bandyckiej systemowej przemocyWygl\u0105da mniej wi\u0119cej w tenW\u0142a\u015bnie spos\u00f3b pisa\u0142em o tymWiele razy na r\u00f3\u017cne sposobyWsz\u0119dzie ma nas dopada\u0107 sfingowaneK\u0142amstwami ob\u0142udnymi z\u0142o bandyckiej&hellip; <\/p>\n","protected":false},"author":1,"featured_media":0,"parent":0,"menu_order":0,"comment_status":"closed","ping_status":"closed","template":"","meta":{"footnotes":""},"class_list":["post-9570","page","type-page","status-publish","hentry"],"_links":{"self":[{"href":"https:\/\/hubertpietka.bialystok.pl\/index.php?rest_route=\/wp\/v2\/pages\/9570","targetHints":{"allow":["GET"]}}],"collection":[{"href":"https:\/\/hubertpietka.bialystok.pl\/index.php?rest_route=\/wp\/v2\/pages"}],"about":[{"href":"https:\/\/hubertpietka.bialystok.pl\/index.php?rest_route=\/wp\/v2\/types\/page"}],"author":[{"embeddable":true,"href":"https:\/\/hubertpietka.bialystok.pl\/index.php?rest_route=\/wp\/v2\/users\/1"}],"replies":[{"embeddable":true,"href":"https:\/\/hubertpietka.bialystok.pl\/index.php?rest_route=%2Fwp%2Fv2%2Fcomments&post=9570"}],"version-history":[{"count":1,"href":"https:\/\/hubertpietka.bialystok.pl\/index.php?rest_route=\/wp\/v2\/pages\/9570\/revisions"}],"predecessor-version":[{"id":9572,"href":"https:\/\/hubertpietka.bialystok.pl\/index.php?rest_route=\/wp\/v2\/pages\/9570\/revisions\/9572"}],"wp:attachment":[{"href":"https:\/\/hubertpietka.bialystok.pl\/index.php?rest_route=%2Fwp%2Fv2%2Fmedia&parent=9570"}],"curies":[{"name":"wp","href":"https:\/\/api.w.org\/{rel}","templated":true}]}}