{"id":9654,"date":"2025-09-11T21:53:44","date_gmt":"2025-09-11T21:53:44","guid":{"rendered":"https:\/\/hubertpietka.bialystok.pl\/?page_id=9654"},"modified":"2025-09-12T13:38:34","modified_gmt":"2025-09-12T13:38:34","slug":"9654-2","status":"publish","type":"page","link":"https:\/\/hubertpietka.bialystok.pl\/?page_id=9654","title":{"rendered":"\u2026 \/ (+)"},"content":{"rendered":"\n<p>Dobrze bestie bandyckie wszelakie<br>Pogadam z Wami inaczej<br>Ju\u017c wyko\u0144czyli\u015bcie Ma\u0107ka<br>Bo o jego szwagrze<br>Ju\u017c nawet nie wspomn\u0119<br>Tak nagle znik\u0142 z powszechnej<br>Sceny politycznej<br>I nawet *<strong>\u017calek<\/strong>* nie mia\u0142<br>By\u0107 tu wyra\u017cony \u017caden<\/p>\n\n\n\n<p>Dobrze bestie bandyckie wszelakie<br>Kto ma by\u0107 dalej<br>No oczywi\u015bcie moja \u017cona zawsze<br>A dalej \u0142ajdaki pod\u0142e wszelakie<br>Pawe\u0142 Marek Radek Adam Waldek <br>Piotr Micha\u0142 Szymon Wojtek Krzysiek<br>Janek Jarek Sylwek Bartek Igor<br>Kto jeszcze bestie bandyckie ob\u0142udne<br>Mo\u017ce my wszyscy<br>Wszyscy z naszego kr\u0119gu<\/p>\n\n\n\n<p>Bo tu nie tylko chodzi<br>O nasze rodziny<br>Te imiona mo\u017cna przecie\u017c mno\u017cy\u0107<br>I inne wymienia\u0107<br>Z kr\u0119gu znajomych przyjaci\u00f3\u0142 \u017cyczliwych<br>Pod\u0142e bestie bandyckie<br>Niesko\u0144czone w ob\u0142udzie piekielnej<br>Przecie\u017c wy chcecie wyko\u0144czy\u0107<br>Nas chyba wszystkich wy szatany <\/p>\n\n\n\n<p>A imiona kobiece<br>Ewe Maria Ma\u0142gosia Joasia Basia<br>Agnieszka Ula Mira Agata i<br>I tak dalej<br>Wymienia\u0107 mo\u017cna d\u0142ugo jeszcze<br>Przecie\u017c wy chcecie wyko\u0144czy\u0107 chyba<br>Nas wszystkich pod\u0142e bestie bandyckie<br>A te imiona te\u017c<br>Nie tylko z rodzinnego kr\u0119gu<\/p>\n\n\n\n<p>I te bestie pod\u0142e szata\u0144skie<br>Si\u0119 dziwi\u0105 jeszcze ob\u0142udnicy piekielni<br>\u017be ich tak nazywam<br>W zgodzie z paradygmatem prawdy<br>Przynale\u017cnym ca\u0142kowicie by zbrodniarzy<br>Nazywa\u0107 zbrodniarzami prosto z piek\u0142a<br>I tam te\u017c traficie<br>Wy wszelkie zbrodnicze k\u0142amliwe bestie<\/p>\n\n\n\n<p>A jak to b\u0119dziecie t\u0142umaczy\u0107 \u0142ajdacy<br>Te wszystkie zbrodnie ewidentnie szata\u0144skie<br>Jakim\u015b niby wypadkiem<br>Czy czym tam zreszt\u0105<br>Co za bestie zapami\u0119ta\u0142e totalnie<br>W zbrodniczym z\u0142u<br>Bo nigdy im nie do\u015b\u0107<br>\u015amierci jakby to by\u0142y jakie\u015b<br>Chyba upiory nie ludzie<br>Albo po prostu bestie szatany <\/p>\n\n\n\n<p>A ilu ju\u017c bestie wszelakie<br>\u017be\u015bcie wyko\u0144czyli tak\u017ce ze sceny<br>Osoby r\u00f3\u017cne publiczne sportowc\u00f3w tw\u00f3rc\u00f3w <br>I innych te\u017c znanych<br>A ilu jeszcze wyko\u0144czy\u0107<br>Wy macie szatany<br>A ilu zwyk\u0142ych ma\u0142ych szarych<br>Bestie i to totalnie<br>Jak mi B\u00f3g mi\u0142y<br>I wszystko cichociemno szata\u0144sko<br>Udaj\u0105c jakie\u015b choroby niby wypadki<br>Bestie niesko\u0144czone chyba w tym<br>W\u0142a\u015bnie bestialstwie szata\u0144skim<br>Brak s\u0142\u00f3w po prostu<\/p>\n\n\n\n<p>I tego im nie do\u015b\u0107<br>\u015amierci to mo\u017ce jakie\u015b zniszczenia<br>Wiadomo pocz\u0105wszy od nas<br>I naszego a najlepiej totalnie<br>Bestie perfidne ob\u0142udne i pod\u0142e<br>Nigdy im nie do\u015b\u0107 zbrodni<br>Obr\u00f3ci si\u0119 to jeszcze<br>I na was wed\u0142ug parytetu<br>Przynale\u017cno\u015bci waszej do szatana<br>Kt\u00f3remu s\u0142u\u017c\u0105 we wszystkim<br>Te wszelkie bestie bandyckie<\/p>\n\n\n\n<p>I wiadomo trzeba mnie zniewoli\u0107<br>Wtedy dopiero b\u0119d\u0105 te bestie<br>Zbrodniczo wszelk\u0105 \u015bmierci\u0105 swawoli\u0107 wsz\u0119dzie<br>Bestie bestie bestie szata\u0144skie totalnie<\/p>\n\n\n\n<p>Jezu ufam Tobie ufam tu<br>A\u017c mi zabrak\u0142o tchu<br>Pok\u00f3j wieczny wszelkim niewinnym ofiarom<br>Tych bestii szata\u0144skich wszelkich<br>Wstawiajcie si\u0119 za nami<br>O Panie czy\u017c jeszcze<br>Si\u0119 nie przebra\u0142a czara<br>Tej niewinnej krwii<br>Ofiar tych totalnie szata\u0144skich bestii<br>Przecie\u017c ona ju\u017c do Ciebie<br>G\u0142o\u015bno wo\u0142a tak\u017ce rozpacz\u0105 tych<br>Kt\u00f3re maj\u0105 by\u0107 poddawane dalej<br>Tej szata\u0144skiej egzekucji wszelkich bestii<br>O Panie wejrzyj<\/p>\n\n\n\n<p>I nie oszukujcie si\u0119<br>Te bestie maj\u0105 wyko\u0144czy\u0107 te\u017c<br>I mnie jak mnie dopadn\u0105<br>Zniewoleniem jakim\u015b bo one<br>Nie wierz\u0105 Bogu lecz k\u0142amstwom<br>Ob\u0142udnym szatana<br>\u017be przecie\u017c nic nie b\u0119dzie<br>Dlatego tak do tego d\u0105\u017c\u0105<br>Na wszelkie sposoby<br>Przez r\u00f3\u017cnych nominalnie \u0142ajdak\u00f3w<br>Pod\u0142ug bandyckich szata\u0144skich k\u0142amstw<br>Bestie bestie bestie koniec kropka<br>Powiedzia\u0142em to wszystko<br>Bo tak si\u0119 nale\u017cy<br>Pod\u0142ug prawdy Bo\u017cej nie k\u0142amstw<br>Ob\u0142udnych wszelkich szatana i tych<br>Wszelkich bandyckich bestii<br>Tak\u017ce tych kt\u00f3rzy klakieruj\u0105 wszystko<br>Pod\u0142ug nich kimkolwiek by oni<br>Nie byli i zreszt\u0105<br>Prawda Bo\u017ca naprzeciw szatanowi bestiom<\/p>\n\n\n\n<figure class=\"wp-block-gallery has-nested-images columns-default is-cropped wp-block-gallery-1 is-layout-flex wp-block-gallery-is-layout-flex\">\n<figure class=\"wp-block-image size-large\"><a href=\"https:\/\/hubertpietka.bialystok.pl\/wp-content\/uploads\/2025\/09\/1000024414-scaled.jpg\"><img loading=\"lazy\" decoding=\"async\" width=\"771\" height=\"1024\" data-id=\"9658\" src=\"https:\/\/hubertpietka.bialystok.pl\/wp-content\/uploads\/2025\/09\/1000024414-771x1024.jpg\" alt=\"\" class=\"wp-image-9658\" srcset=\"https:\/\/hubertpietka.bialystok.pl\/wp-content\/uploads\/2025\/09\/1000024414-771x1024.jpg 771w, https:\/\/hubertpietka.bialystok.pl\/wp-content\/uploads\/2025\/09\/1000024414-226x300.jpg 226w, https:\/\/hubertpietka.bialystok.pl\/wp-content\/uploads\/2025\/09\/1000024414-768x1020.jpg 768w, https:\/\/hubertpietka.bialystok.pl\/wp-content\/uploads\/2025\/09\/1000024414-1157x1536.jpg 1157w, https:\/\/hubertpietka.bialystok.pl\/wp-content\/uploads\/2025\/09\/1000024414-1542x2048.jpg 1542w, https:\/\/hubertpietka.bialystok.pl\/wp-content\/uploads\/2025\/09\/1000024414-scaled.jpg 1928w\" sizes=\"auto, (max-width: 771px) 100vw, 771px\" \/><\/a><\/figure>\n<\/figure>\n\n\n\n<p><em>\u2026<br>I jeszcze bestie m\u00f3g\u0142bym wiele<br>Imion wymieni\u0107 cho\u0107by<br>Arek Karim Rafa\u0142 Daniel Sylwek<br>Natalia Ilona Irena Zofia Magda<br>Wiele m\u00f3g\u0142bym imion wymieni\u0107 bestie<br>W r\u00f3\u017cnych naszych kr\u0119gach pomna\u017caj\u0105c<br>Z rodziny przyjaci\u00f3\u0142 znajomych kr\u0119g\u00f3w pracy<br>Wyzwa\u0144 sportowych czy kr\u0119gu Ko\u015bcio\u0142a<br>Bestie chc\u0105 u\u015bmierci\u0107 nas wszystkich<br>Tak naprawd\u0119 bestialstwu bestii niewinnych<\/em><\/p>\n\n\n\n<p><em>I zobacz o Panie<br>Jakie to pod\u0142e ob\u0142udne szatany<br>Mogliby od razu wszystkich u\u015bmierci\u0107<br>Ale oni chc\u0105 jeszcze zarobi\u0107<br>Na \u015bmierci innych grube miliony<br>Takie bestie szata\u0144skie ka\u017c\u0105 sobie<br>Za \u017cycie p\u0142aci\u0107 a gdy<br>Ju\u017c wycyckaj\u0105 zarobi\u0105 faryzyjskie miliony<br>To przecie\u017c zabi\u0107 zawsze mo\u017cna<br>Co za bestie szata\u0144skie pod\u0142e<br>W ob\u0142udzie swej i chciwo\u015bci<br>We wszelkim szata\u0144skim z\u0142u niesko\u0144czone<br>Jezu ufam Tobie<br>Bo im zawsze ma\u0142o \u015bmierci<br>Zbrodni wszelkich i zniszczenia<br>Zawsze im ma\u0142o bestiom<br>Te\u017c brudnych pieni\u0119dzy cen\u0105 krwii<br>Tych niewinnych wszelkich nienawi\u015bci bestii<\/em><\/p>\n\n\n\n<p><em>\u2026<br>I jak to jest ob\u0142\u0119dnie<br>Ob\u0142udne bestie bandyckie z tymi<br>Haraczami szata\u0144skimi za krew niewinn\u0105<br>Za kogo\u015b nie wystarcz\u0105 trzy<br>Horrendalne jak za moj\u0105 \u017con\u0119<br>Bo ta ma w zamy\u015ble bestii<br>Zgin\u0105\u0107 przecie\u017c nie pasuje ich<br>Bestialstwu bo nie wsp\u00f3\u0142pracuje<br>Z nimi jak by chcieli<br>A za kogo\u015b wystarczy jeden<br>Za tych kt\u00f3rzy kolaboruj\u0105<br>Z szata\u0144skim \u0142ajdactwem bandyckim<br>W jaki\u015b spos\u00f3b nam przeciwko<br>Za takich jeden oczywi\u015bcie wystarczy<br>I wcale nie taki horrendalny<br>Jak cho\u0107by za t\u0105 podwij\u0119<br>I t\u0105 jego gwiazd\u0119<br>Napada\u0107 przecie\u017c ma bydlak dalej<br>I chodzi\u0107 szkodliwie<br>Po naszej spu\u015bci\u017anie<br>Czy ten wielki cz\u0142owiek<br>Tam na wsi wiadomo przecie\u017c<br>\u017be jeden haracz wystarczy<br>Pasuje to \u0142ajdackim przecie\u017c bestiom<br>By\u015bmy tam mieli drog\u0119 zamkni\u0119t\u0105<br>Tak\u017ce jak kto\u015b wsp\u00f3\u0142pracuje z<br>Bandyckim bestialstwem \u0142ajdacko to jeden<br>Haracz przecie\u017c bandytom tym wystarczy<br>Taki przecie\u017c jest po\u017cyteczny<br>W swych \u0142ajdactwach wszelkich<br>Dla tych bestii<br>I ci kt\u00f3rzy podpadli te\u017c<br>Bandyckiej nienawi\u015bci tych bestii<br>To nie starcz\u0105 nawet dwa<br>Trzy czy wi\u0119cej horrendalnych haraczy<br>Takie to s\u0105 te bestie bandyckie<br>Ob\u0142\u0119dnie ob\u0142udne pod\u0142e i perfidne<br>Podobnie zreszt\u0105 ci kt\u00f3rzy s\u0142u\u017c\u0105<br>Ich wszelkim \u0142ajdactwom<br>Zaprzedali si\u0119 s\u0142u\u017cbie zbrodniom bandyckim<br>\u015amierci zniewoleniu zniszczeniu gwa\u0142towi<br>Wobec nas naszego naszych najpierw<br>Ale i niewinnych innych<br>Tacy spoko jeden ma\u0142y wystarczy<br>Takie to s\u0105 te bestie<br>Zak\u0142amane ob\u0142udnie ob\u0142\u0119dnie byleby tylko<br>Ku z\u0142u dla niewinnych tych<\/em><\/p>\n","protected":false},"excerpt":{"rendered":"<p>Dobrze bestie bandyckie wszelakiePogadam z Wami inaczejJu\u017c wyko\u0144czyli\u015bcie Ma\u0107kaBo o jego szwagrzeJu\u017c nawet nie wspomn\u0119Tak nagle znik\u0142 z powszechnejSceny politycznejI nawet *\u017calek* nie mia\u0142By\u0107 tu&hellip; <\/p>\n","protected":false},"author":1,"featured_media":0,"parent":0,"menu_order":0,"comment_status":"closed","ping_status":"closed","template":"","meta":{"footnotes":""},"class_list":["post-9654","page","type-page","status-publish","hentry"],"_links":{"self":[{"href":"https:\/\/hubertpietka.bialystok.pl\/index.php?rest_route=\/wp\/v2\/pages\/9654","targetHints":{"allow":["GET"]}}],"collection":[{"href":"https:\/\/hubertpietka.bialystok.pl\/index.php?rest_route=\/wp\/v2\/pages"}],"about":[{"href":"https:\/\/hubertpietka.bialystok.pl\/index.php?rest_route=\/wp\/v2\/types\/page"}],"author":[{"embeddable":true,"href":"https:\/\/hubertpietka.bialystok.pl\/index.php?rest_route=\/wp\/v2\/users\/1"}],"replies":[{"embeddable":true,"href":"https:\/\/hubertpietka.bialystok.pl\/index.php?rest_route=%2Fwp%2Fv2%2Fcomments&post=9654"}],"version-history":[{"count":4,"href":"https:\/\/hubertpietka.bialystok.pl\/index.php?rest_route=\/wp\/v2\/pages\/9654\/revisions"}],"predecessor-version":[{"id":9661,"href":"https:\/\/hubertpietka.bialystok.pl\/index.php?rest_route=\/wp\/v2\/pages\/9654\/revisions\/9661"}],"wp:attachment":[{"href":"https:\/\/hubertpietka.bialystok.pl\/index.php?rest_route=%2Fwp%2Fv2%2Fmedia&parent=9654"}],"curies":[{"name":"wp","href":"https:\/\/api.w.org\/{rel}","templated":true}]}}