{"id":9664,"date":"2025-09-13T07:29:25","date_gmt":"2025-09-13T07:29:25","guid":{"rendered":"https:\/\/hubertpietka.bialystok.pl\/?page_id=9664"},"modified":"2025-09-13T07:29:25","modified_gmt":"2025-09-13T07:29:25","slug":"krew-niewinnych-a-nienasycenie-tych-bestii-obledne","status":"publish","type":"page","link":"https:\/\/hubertpietka.bialystok.pl\/?page_id=9664","title":{"rendered":"Krew niewinnych \/ a nienasycenie tych bestii ob\u0142\u0119dne"},"content":{"rendered":"\n<p>Nie mog\u0105 si\u0119 jako\u015b<br>Te bestie bandyckie nasyci\u0107<br>Krwi\u0105 tych niewinnych<br>W ho\u0142dzie szatanowi mo\u017cna<br>Przecie\u017c wszystko ob\u0142udnie i podle<br>Pod\u0142ug tych bestii z perfidi\u0105<br>Szata\u0144sk\u0105 i\u015bcie<\/p>\n\n\n\n<p>I nam te\u017c te bestie<br>Chc\u0105 zawsze uczyni\u0107 z\u0142o jakie\u015b<br>Nam naszemu i naszym<br>Bo przecie\u017c niewinnych mo\u017cna mordowa\u0107<br>Wed\u0142ug tych bestii zawsze zniewala\u0107<br>Szkodzi\u0107 im na sposoby wszelakie<br>Takie to bestie niewsp\u00f3\u0142mierne w z\u0142u<br>Wszelakim i na wszystko maj\u0105<br>Te\u017c oczywi\u015bcie r\u00f3\u017cnych \u0142ajdak\u00f3w<br>Zawodowych prywatnych i s\u0142u\u017cbowych<br>Kt\u00f3rzy chc\u0105 si\u0119 zas\u0142ugiwa\u0107<br>W \u0142ajdactwie wszelkim wobec przemocy<br>Tego bestialskiego bandyctwa<\/p>\n\n\n\n<p>A teraz z innej beczki<br>Zachowanie w tym \u015bwiecie niekt\u00f3rych<br>Przypomina moje wujostwo kt\u00f3re<br>Za mojej m\u0142odo\u015bci obci\u0119\u0142o mi<br>Wszelkie dodatkowe \u015brodki<br>W imi\u0119 kary \u017ce pali\u0142em<br>Cho\u0107 sami to samo robili<br>Podobnie r\u00f3\u017cni tutaj<br>Na zasadzie jednak odwrotnej<br>Poniewa\u017c si\u0119 nie chc\u0119 wyrzec<br>Mojej \u017cony \u015blubnej kt\u00f3ra jest<br>Przecie\u017c jedyna w Bogu<br>Dla mnie pod\u0142ug sakramentu ma\u0142\u017ce\u0144stwa<br>Chc\u0105 mnie za to kara\u0107<br>\u017be nie chc\u0119 jej wyda\u0107<br>W szpony krwio\u017cerczych bestii r\u00f3\u017cnych<br>Dlatego \u017ce sami skacz\u0105<br>Z kwiatka na kwiatek<br>\u017be tak powiem to my\u015bl\u0105<br>\u017be ja te\u017c z\u0142ajdaczy\u0107<br>Si\u0119 mog\u0119 tak odpowiednio<br>Powiem kr\u00f3tko nigdy<br>Bo wiem kto jest kim<br>Dla mnie w Bogu<br>A kto pod\u0142ug szatana<br>W istotowo\u015bci zbrodni i wszystkiego<br>Ob\u0142udnego przek\u0142amywania<br>Kto wsp\u00f3\u0142pracuje z Bogiem<br>I Jego warto\u015bciami<br>A kto z cywilizacj\u0105 \u015bmierci<br>Tymczasowi\u015bci relatywizmu hedonizmu pod\u0142ug szatana<br>I przy okazji z tymi<br>Bestiami bandyckimi wszelkimi<\/p>\n\n\n\n<p>I nawet je\u015bli zgin\u0119<br>To b\u0119d\u0119 mia\u0142 t\u0105 satysfakcj\u0119<br>\u017be ten \u015bwiat zap\u0142aci te\u017c<br>Za bandyckie szata\u0144stwa<br>I zgadzanie si\u0119 z przemoc\u0105<br>Wszelk\u0105 tych bandyckich bestii<\/p>\n\n\n\n<figure class=\"wp-block-gallery has-nested-images columns-default is-cropped wp-block-gallery-1 is-layout-flex wp-block-gallery-is-layout-flex\">\n<figure class=\"wp-block-image size-large\"><a href=\"https:\/\/hubertpietka.bialystok.pl\/wp-content\/uploads\/2025\/09\/1000024508-scaled.jpg\"><img loading=\"lazy\" decoding=\"async\" width=\"1024\" height=\"771\" data-id=\"9665\" src=\"https:\/\/hubertpietka.bialystok.pl\/wp-content\/uploads\/2025\/09\/1000024508-1024x771.jpg\" alt=\"\" class=\"wp-image-9665\" srcset=\"https:\/\/hubertpietka.bialystok.pl\/wp-content\/uploads\/2025\/09\/1000024508-1024x771.jpg 1024w, https:\/\/hubertpietka.bialystok.pl\/wp-content\/uploads\/2025\/09\/1000024508-300x226.jpg 300w, https:\/\/hubertpietka.bialystok.pl\/wp-content\/uploads\/2025\/09\/1000024508-768x578.jpg 768w, https:\/\/hubertpietka.bialystok.pl\/wp-content\/uploads\/2025\/09\/1000024508-1536x1157.jpg 1536w, https:\/\/hubertpietka.bialystok.pl\/wp-content\/uploads\/2025\/09\/1000024508-2048x1542.jpg 2048w\" sizes=\"auto, (max-width: 1024px) 100vw, 1024px\" \/><\/a><\/figure>\n<\/figure>\n\n\n\n<p><em>Na zdj. Ile\u017c krzy\u017cy ju\u017c wznie\u015bli<br>Na grobach ofiar tych bestii<br>Ja r\u0119ki nie przy\u0142o\u017c\u0119 nigdy<br>Do ich krwio\u017cerczo\u015bci wobec niewinnych<br>Musi nast\u0105pi\u0107 koniec<br>Albo ich bestialstwa albo mojego<br>I \u015bwiata tego wtedy te\u017c<br>Albo \u015bwiat si\u0119 obudzi<br>Z letargu ob\u0142udy szata\u0144skiej bandyt\u00f3w<br>Albo sko\u0144czy jak sko\u0144czy<br>Pod\u0142ug postanowienia Bo\u017cego<br>Nie k\u0142amstw ob\u0142\u0119dnych tych bestii<br>I lewak\u00f3w wszelkich kt\u00f3rzy ch\u0119tnie<br>Wierz\u0105 przecie\u017c w k\u0142amstwa szata\u0144skie<br>I antywarto\u015bci bandyckie wszelakie<br>Jezu ufam Tobie wspom\u00f3\u017c<br>Wspomagaj zawsze przeciwko tym bestiom<br>I wszelkim \u0142ajdakom ich przydupasom<\/em><\/p>\n","protected":false},"excerpt":{"rendered":"<p>Nie mog\u0105 si\u0119 jako\u015bTe bestie bandyckie nasyci\u0107Krwi\u0105 tych niewinnychW ho\u0142dzie szatanowi mo\u017cnaPrzecie\u017c wszystko ob\u0142udnie i podlePod\u0142ug tych bestii z perfidi\u0105Szata\u0144sk\u0105 i\u015bcie I nam te\u017c te&hellip; <\/p>\n","protected":false},"author":1,"featured_media":0,"parent":0,"menu_order":0,"comment_status":"closed","ping_status":"closed","template":"","meta":{"footnotes":""},"class_list":["post-9664","page","type-page","status-publish","hentry"],"_links":{"self":[{"href":"https:\/\/hubertpietka.bialystok.pl\/index.php?rest_route=\/wp\/v2\/pages\/9664","targetHints":{"allow":["GET"]}}],"collection":[{"href":"https:\/\/hubertpietka.bialystok.pl\/index.php?rest_route=\/wp\/v2\/pages"}],"about":[{"href":"https:\/\/hubertpietka.bialystok.pl\/index.php?rest_route=\/wp\/v2\/types\/page"}],"author":[{"embeddable":true,"href":"https:\/\/hubertpietka.bialystok.pl\/index.php?rest_route=\/wp\/v2\/users\/1"}],"replies":[{"embeddable":true,"href":"https:\/\/hubertpietka.bialystok.pl\/index.php?rest_route=%2Fwp%2Fv2%2Fcomments&post=9664"}],"version-history":[{"count":1,"href":"https:\/\/hubertpietka.bialystok.pl\/index.php?rest_route=\/wp\/v2\/pages\/9664\/revisions"}],"predecessor-version":[{"id":9666,"href":"https:\/\/hubertpietka.bialystok.pl\/index.php?rest_route=\/wp\/v2\/pages\/9664\/revisions\/9666"}],"wp:attachment":[{"href":"https:\/\/hubertpietka.bialystok.pl\/index.php?rest_route=%2Fwp%2Fv2%2Fmedia&parent=9664"}],"curies":[{"name":"wp","href":"https:\/\/api.w.org\/{rel}","templated":true}]}}