{"id":9672,"date":"2025-09-14T08:54:26","date_gmt":"2025-09-14T08:54:26","guid":{"rendered":"https:\/\/hubertpietka.bialystok.pl\/?page_id=9672"},"modified":"2025-09-14T08:54:26","modified_gmt":"2025-09-14T08:54:26","slug":"swiatlo-krzyza-cien-diabla-chce-oczernic-klamstwami-zbrodniami-wszelkimi","status":"publish","type":"page","link":"https:\/\/hubertpietka.bialystok.pl\/?page_id=9672","title":{"rendered":"\u015awiat\u0142o krzy\u017ca \/ cie\u0144 diab\u0142a &#8211; chce oczerni\u0107 k\u0142amstwami zbrodniami wszelkimi"},"content":{"rendered":"\n<p><em>Rzek\u0142 do mnie Pan<br>Powiedz im tak<br>&#8222;Jeste\u015bcie \u015bwiadkami cudu nieustaj\u0105cego<br>Wiem \u017ce tego nie rozumiesz<br>Ale tak im powiedz<br>Kt\u00f3ry chcieli ogl\u0105da\u0107<br>Wielu prorok\u00f3w i kr\u00f3l\u00f3w<br>A oni nie do\u015b\u0107<br>\u017be nie doceniaj\u0105 tego cudu<br>\u017be go trywializuj\u0105<br>To jeszcze zabijaj\u0105 jego \u015bwiadk\u00f3w<br>Powiedz im te\u017c<br>Drugi cud te\u017c postawi\u0142em r\u00f3wnoleg\u0142y<br>Przed waszymi oczyma<br>\u015awiadectwo ma\u0142\u017ce\u0144stwa i rodziny<br>Kt\u00f3re oni chc\u0105 zniszczy\u0107<br>Bo \u015bwiadcz\u0105 przeciwko grzechowi rozlicznych<br>Tak im powiesz&#8221;<\/em><\/p>\n\n\n\n<p>Dzi\u0119ki Ci Panie<br>Cho\u0107 tego nie rozumiem<br>Przynajmniej pierwszej cz\u0119\u015bci<br>Jeste\u015bmy tylko s\u0142ugami Twoimi<br>I takimi staramy si\u0119 by\u0107<br>We wszystkim i mimo wszystko<\/p>\n\n\n\n<p>A teraz rapsodia ode mnie<br>*<strong>Lew jaki<\/strong>* to *<strong>lewaki<\/strong>*<br>Kt\u00f3re pod\u0142ug antywarto\u015bci i antyboga<br>Chc\u0105 zniszczy\u0107 wszystkich kt\u00f3rzy sprzeciwiaj\u0105<br>Si\u0119 w \u015bwiecie grzechowi<br>Walcz\u0105 jak lwy z tymi<br>Kt\u00f3rzy \u015bwiadcz\u0105 przeciwko nim<br>Pod\u0142ug Bo\u017cych warto\u015bci<br>*<strong>\u0141ajdaki<\/strong>* &#8211; *<strong>why gdacz\u0105<\/strong>*<br>Dlateczego chc\u0105 tak prowokowa\u0107 atakowa\u0107<br>R\u00f3\u017cne s\u0142ugi Boga<br>Dlaczego szemrz\u0105 ku napastliwo\u015bci<br>Bo z\u0142e s\u0105 ich uczynki<br>Dlatego wykorzystuj\u0105 s\u0142owa ob\u0142udne k\u0142amliwe<br>Przeciwko tym niewinnym<\/p>\n\n\n\n<figure class=\"wp-block-gallery has-nested-images columns-default is-cropped wp-block-gallery-1 is-layout-flex wp-block-gallery-is-layout-flex\">\n<figure class=\"wp-block-image size-large\"><a href=\"https:\/\/hubertpietka.bialystok.pl\/wp-content\/uploads\/2025\/09\/1000024726-scaled.jpg\"><img loading=\"lazy\" decoding=\"async\" width=\"1024\" height=\"771\" data-id=\"9673\" src=\"https:\/\/hubertpietka.bialystok.pl\/wp-content\/uploads\/2025\/09\/1000024726-1024x771.jpg\" alt=\"\" class=\"wp-image-9673\" srcset=\"https:\/\/hubertpietka.bialystok.pl\/wp-content\/uploads\/2025\/09\/1000024726-1024x771.jpg 1024w, https:\/\/hubertpietka.bialystok.pl\/wp-content\/uploads\/2025\/09\/1000024726-300x226.jpg 300w, https:\/\/hubertpietka.bialystok.pl\/wp-content\/uploads\/2025\/09\/1000024726-768x578.jpg 768w, https:\/\/hubertpietka.bialystok.pl\/wp-content\/uploads\/2025\/09\/1000024726-1536x1157.jpg 1536w, https:\/\/hubertpietka.bialystok.pl\/wp-content\/uploads\/2025\/09\/1000024726-2048x1542.jpg 2048w\" sizes=\"auto, (max-width: 1024px) 100vw, 1024px\" \/><\/a><\/figure>\n<\/figure>\n\n\n\n<p><strong>Na zdj. Krzy\u017c podni\u00f3s\u0142 do Bo\u017cej godno\u015bci<br>Jego dzieci post\u0119puj\u0105ce pod\u0142ug prawdy<br>Dlatego tak nienawidz\u0105 go<br>I post\u0119puj\u0105cych w nim<br>R\u00f3\u017cne bestie \u0142ajdaki i bydlaki<br>Dlatego tak sprzeciwia mu si\u0119<br>Wszelkie lewactwo<br>Bo B\u00f3g to co by\u0142o pogardzane<br>To co by\u0142o przekle\u0144stwem<br>Uczyni\u0142 dla \u015bwiata b\u0142ogos\u0142awie\u0144stwem<br>I tych kt\u00f3rzy \u015bwiadcz\u0105<br>O nim pod\u0142ug prawdy Bo\u017cej<br>I to mimo tego<br>\u017be chc\u0105 ich niszczy\u0107<br>Wszelcy s\u0142udzy diab\u0142a<br>Do tego nominowani poprzez<br>Wsp\u00f3\u0142uczestnictwo we wszelkich z\u0142a zbrodniach<br>W \u015bmierci gwa\u0142cie zniewoleniu zniszczeniu<br>Kimkolwiek by nie byli<br>Tym s\u0105 w istocie<br>Je\u015bli walcz\u0105 przeciwko dzieciom Bo\u017cym<br>Walcz\u0105 tak\u017ce przeciwko Bogu<br>Tak si\u0119 dzieje<br>Wobec nas naszych i naszego<br>I innych \u015bwiadk\u00f3w Bo\u017cej mi\u0142o\u015bci<\/strong><\/p>\n","protected":false},"excerpt":{"rendered":"<p>Rzek\u0142 do mnie PanPowiedz im tak&#8222;Jeste\u015bcie \u015bwiadkami cudu nieustaj\u0105cegoWiem \u017ce tego nie rozumieszAle tak im powiedzKt\u00f3ry chcieli ogl\u0105da\u0107Wielu prorok\u00f3w i kr\u00f3l\u00f3wA oni nie do\u015b\u0107\u017be nie&hellip; <\/p>\n","protected":false},"author":1,"featured_media":0,"parent":0,"menu_order":0,"comment_status":"closed","ping_status":"closed","template":"","meta":{"footnotes":""},"class_list":["post-9672","page","type-page","status-publish","hentry"],"_links":{"self":[{"href":"https:\/\/hubertpietka.bialystok.pl\/index.php?rest_route=\/wp\/v2\/pages\/9672","targetHints":{"allow":["GET"]}}],"collection":[{"href":"https:\/\/hubertpietka.bialystok.pl\/index.php?rest_route=\/wp\/v2\/pages"}],"about":[{"href":"https:\/\/hubertpietka.bialystok.pl\/index.php?rest_route=\/wp\/v2\/types\/page"}],"author":[{"embeddable":true,"href":"https:\/\/hubertpietka.bialystok.pl\/index.php?rest_route=\/wp\/v2\/users\/1"}],"replies":[{"embeddable":true,"href":"https:\/\/hubertpietka.bialystok.pl\/index.php?rest_route=%2Fwp%2Fv2%2Fcomments&post=9672"}],"version-history":[{"count":1,"href":"https:\/\/hubertpietka.bialystok.pl\/index.php?rest_route=\/wp\/v2\/pages\/9672\/revisions"}],"predecessor-version":[{"id":9674,"href":"https:\/\/hubertpietka.bialystok.pl\/index.php?rest_route=\/wp\/v2\/pages\/9672\/revisions\/9674"}],"wp:attachment":[{"href":"https:\/\/hubertpietka.bialystok.pl\/index.php?rest_route=%2Fwp%2Fv2%2Fmedia&parent=9672"}],"curies":[{"name":"wp","href":"https:\/\/api.w.org\/{rel}","templated":true}]}}